{"id":4906,"date":"2025-06-28T16:57:02","date_gmt":"2025-06-28T14:57:02","guid":{"rendered":"https:\/\/uj.adatbank.ro\/lexikon\/termek\/bocskor-jozsef-botskor-jozsef\/"},"modified":"2025-06-28T16:57:02","modified_gmt":"2025-06-28T14:57:02","slug":"bocskor-jozsef-botskor-jozsef","status":"publish","type":"product","link":"https:\/\/uj.adatbank.ro\/lexikon\/termek\/bocskor-jozsef-botskor-jozsef\/","title":{"rendered":"BOCSKOR J\u00f3zsef; Botskor J\u00f3zsef"},"content":{"rendered":"<p>Mv., ?., \u2020 1788. j\u00fal. 4.: r. k. pap. \u2013 Gyulafeh\u00e9rv\u00e1ron (1743), Kv.-on (1745\u201347) \u00e9s Nagyszombaton (1748\u201350) tanult. Pl\u00e9b\u00e1nos Homor\u00f3dkar\u00e1csonyfalv\u00e1n (1753), Szenth\u00e1roms\u00e1gon (1755\u2013), Cs\u00edkszentimr\u00e9n (1773). <br \/><strong>Irod.:<\/strong> Ferenczi S\u00e1ndor 2009; MKL<\/br><\/p>\n","protected":false},"excerpt":{"rendered":"<p>Mv., ?., \u2020 1788. j\u00fal. 4.: r. k. pap. \u2013 Gyulafeh\u00e9rv\u00e1ron (1743), Kv.-on (1745\u201347) \u00e9s Nagyszombaton (1748\u201350) tanult. Pl\u00e9b\u00e1nos Homor\u00f3dkar\u00e1csonyfalv\u00e1n (1753), Szenth\u00e1roms\u00e1gon (1755\u2013), Cs\u00edkszentimr\u00e9n (1773). Irod.: Ferenczi S\u00e1ndor 2009; MKL<\/p>\n","protected":false},"featured_media":0,"comment_status":"open","ping_status":"closed","template":"","meta":[],"product_brand":[],"product_cat":[137],"product_tag":[],"class_list":{"0":"post-4906","1":"product","2":"type-product","3":"status-publish","5":"product_cat-maros-megyei-eletrajzi-lexikon","7":"first","8":"instock","9":"shipping-taxable","10":"product-type-simple"},"_links":{"self":[{"href":"https:\/\/uj.adatbank.ro\/lexikon\/wp-json\/wp\/v2\/product\/4906","targetHints":{"allow":["GET"]}}],"collection":[{"href":"https:\/\/uj.adatbank.ro\/lexikon\/wp-json\/wp\/v2\/product"}],"about":[{"href":"https:\/\/uj.adatbank.ro\/lexikon\/wp-json\/wp\/v2\/types\/product"}],"replies":[{"embeddable":true,"href":"https:\/\/uj.adatbank.ro\/lexikon\/wp-json\/wp\/v2\/comments?post=4906"}],"wp:attachment":[{"href":"https:\/\/uj.adatbank.ro\/lexikon\/wp-json\/wp\/v2\/media?parent=4906"}],"wp:term":[{"taxonomy":"product_brand","embeddable":true,"href":"https:\/\/uj.adatbank.ro\/lexikon\/wp-json\/wp\/v2\/product_brand?post=4906"},{"taxonomy":"product_cat","embeddable":true,"href":"https:\/\/uj.adatbank.ro\/lexikon\/wp-json\/wp\/v2\/product_cat?post=4906"},{"taxonomy":"product_tag","embeddable":true,"href":"https:\/\/uj.adatbank.ro\/lexikon\/wp-json\/wp\/v2\/product_tag?post=4906"}],"curies":[{"name":"wp","href":"https:\/\/api.w.org\/{rel}","templated":true}]}}