{"id":4909,"date":"2025-06-28T16:57:07","date_gmt":"2025-06-28T14:57:07","guid":{"rendered":"https:\/\/uj.adatbank.ro\/lexikon\/termek\/bocskor-mihaly-bocskor-michael-bochkor-mihaly\/"},"modified":"2025-06-28T16:57:07","modified_gmt":"2025-06-28T14:57:07","slug":"bocskor-mihaly-bocskor-michael-bochkor-mihaly","status":"publish","type":"product","link":"https:\/\/uj.adatbank.ro\/lexikon\/termek\/bocskor-mihaly-bocskor-michael-bochkor-mihaly\/","title":{"rendered":"BOCSKOR Mih\u00e1ly, Bocskor Michael, Bochkor Mih\u00e1ly"},"content":{"rendered":"<p>Sz\u00e1szr\u00e9gen, 1877. dec. 19., \u2020 Kv., 1920. nov. 3.: jog\u00e1sz, egy.-i tan\u00e1r. \u2013 B. Mih\u00e1ly \u00e9s sz\u0151kefalvi Szentmikl\u00f3sy Ter\u00e9zia (\u2020 Mv., 1944. febr. 18.) fia. \u2013 K\u00f6z\u00e9piskol\u00e1s Mv.-en \u00e9s Kv.-on. Az Erd\u00e9lyi R. K. Egyh\u00e1zmegye k\u00fcldte tanulni. A b\u00e9csi Pazmaneum Hittud. Kar\u00e1nak hallgat\u00f3ja (1895\u201397), a jogot B\u00e9csben \u00e9s Kv.-on v\u00e9gezte, \u00e1llamtud., \u00e9s jogtud., doktori oklevelet szerzett (1903), majd \u00fcgyv\u00e9di vizsg\u00e1t tett (1905). Az Erd\u00e9lyi R. K. St\u00e1tus igazgat\u00f3tan\u00e1csosa (1900), h. (1903-04), majd r. titk\u00e1ra (1904\u201310). A nagyv\u00e1radi jogi akad.-\u00e1n az egyh\u00e1zjog rendkiv\u00fcli, majd rendes tan\u00e1ra (1910\u201313). K\u00f6zben a korm\u00e1ny megb\u00edz\u00e1s\u00e1b\u00f3l a jogi oktat\u00e1s rendsze\u00adr\u00e9t tanulm\u00e1nyozta Francia-, N\u00e9met- \u00e9s Olaszo.-ban, Belgiumban, Nagy-Britanni\u00e1ban \u00e9s Sv\u00e1jcban (1912\u201313). Kv.-i egy.-en az egyh\u00e1zjog mag\u00e1ntan\u00e1ra (1912\u2013), a po\u00adzsonyi egy.-en az egyh\u00e1zjog ny. r., a jogt\u00f6rt\u00e9net jogos\u00edtott tan\u00e1ra (1914\u201317), Kv.-on alkotm\u00e1nyjog \u00e9s egyh\u00e1zjogot valamint jogt\u00f6rt\u00e9netet tan\u00edtott (1917\u201320). A Szent Istv\u00e1n Akad. tagja (r. 1916). Cikkei \u00e9s k\u00f6nyvismertet\u00e9sei: K\u00f6zm\u0171vel\u0151d\u00e9s, Kv.-i Szen Imre Egyes\u00fclet \u00e9vk\u00f6nyve, Erd\u00e9lyi M\u00fazeum, Ellenz\u00e9k, Erd\u00e9lyi Jogi Szemle, A jog, B\u0171n\u00fcgyi Szemle, M. T\u00e1rsadalomtudom\u00e1nyi Szemle. Szerkesztette az EME Jog- \u00e9s T\u00e1rsadalomtud. Szakoszt. Kiadv\u00e1nyai \u2013t (1911\u201315) \u00e9s a szakoszt\u00e1ly \u00e9vk\u00f6nyv\u00e9t (1914\/15, 1915\/16). \u2013 <strong>F. m.:<\/strong> Katolikus egyetem vagy intern\u00e1tus? (Kv., 1903); Automatikus papnevel\u00e9s (Gyulafeh\u00e9rv\u00e1r , 1903); Ethika a t\u00e1rsadalomgazdas\u00e1g t\u00f6rv\u00e9nyszer\u0171s\u00e9geiben (Kv., 1905); Francia egyh\u00e1zpolitika (Kv., 1905); A m. politikai. v\u00e1ls\u00e1g a t\u00e1rsadalom-b\u00f6lcselet vil\u00e1g\u00edt\u00e1s\u00e1ban (Kv., 1907); A katholikus vil\u00e1gn\u00e9zet szoci\u00e1lis integr\u00e1ci\u00f3ja (Kv., 1907); A jogtudom\u00e1ny az \u00faj korszak k\u00f6sz\u00f6b\u00e9n (Kv., 1907); A kegyelmi \u00e9let t\u00e1rsadalmi felt\u00e9telei (Gyulafeh\u00e9rv\u00e1r, 1907); Az erd\u00e9lyi katholikus auton\u00f3mia (Kv., 1911); Az 1643\u201344. \u00e9vi erd\u00e9lyi orsz\u00e1ggy\u0171l\u00e9ssel kapcsolatban a n\u00e9gy bevett vall\u00e1son l\u00e9v\u0151 rendek vall\u00e1s\u00fcgyi t\u00e1rgyal\u00e1sai (Brass\u00f3, 1913); <strong>t\u00e1rssz.:<\/strong> Eml\u00e9kk\u00f6nyv Farkas Lajos jubileum\u00e1ra (Kv., 1914). <br \/><strong>Irod.:<\/strong> Czirj\u00e1k 3; Guly\u00e1s; M\u00c9L; R\u00daL; Szab\u00f3\u2013Simon\u2013Sz\u00f6gi; \u00daM\u00c9L<\/br><\/p>\n","protected":false},"excerpt":{"rendered":"<p>Sz\u00e1szr\u00e9gen, 1877. dec. 19., \u2020 Kv., 1920. nov. 3.: jog\u00e1sz, egy.-i tan\u00e1r. \u2013 B. Mih\u00e1ly \u00e9s sz\u0151kefalvi Szentmikl\u00f3sy Ter\u00e9zia (\u2020 Mv., 1944. febr. 18.) fia. \u2013 K\u00f6z\u00e9piskol\u00e1s Mv.-en \u00e9s Kv.-on. Az Erd\u00e9lyi R. K. Egyh\u00e1zmegye k\u00fcldte tanulni. A b\u00e9csi Pazmaneum Hittud. Kar\u00e1nak hallgat\u00f3ja (1895\u201397), a jogot B\u00e9csben \u00e9s Kv.-on v\u00e9gezte, \u00e1llamtud., \u00e9s jogtud., doktori oklevelet [&hellip;]<\/p>\n","protected":false},"featured_media":0,"comment_status":"open","ping_status":"closed","template":"","meta":[],"product_brand":[],"product_cat":[137],"product_tag":[],"class_list":{"0":"post-4909","1":"product","2":"type-product","3":"status-publish","5":"product_cat-maros-megyei-eletrajzi-lexikon","7":"first","8":"instock","9":"shipping-taxable","10":"product-type-simple"},"_links":{"self":[{"href":"https:\/\/uj.adatbank.ro\/lexikon\/wp-json\/wp\/v2\/product\/4909","targetHints":{"allow":["GET"]}}],"collection":[{"href":"https:\/\/uj.adatbank.ro\/lexikon\/wp-json\/wp\/v2\/product"}],"about":[{"href":"https:\/\/uj.adatbank.ro\/lexikon\/wp-json\/wp\/v2\/types\/product"}],"replies":[{"embeddable":true,"href":"https:\/\/uj.adatbank.ro\/lexikon\/wp-json\/wp\/v2\/comments?post=4909"}],"wp:attachment":[{"href":"https:\/\/uj.adatbank.ro\/lexikon\/wp-json\/wp\/v2\/media?parent=4909"}],"wp:term":[{"taxonomy":"product_brand","embeddable":true,"href":"https:\/\/uj.adatbank.ro\/lexikon\/wp-json\/wp\/v2\/product_brand?post=4909"},{"taxonomy":"product_cat","embeddable":true,"href":"https:\/\/uj.adatbank.ro\/lexikon\/wp-json\/wp\/v2\/product_cat?post=4909"},{"taxonomy":"product_tag","embeddable":true,"href":"https:\/\/uj.adatbank.ro\/lexikon\/wp-json\/wp\/v2\/product_tag?post=4909"}],"curies":[{"name":"wp","href":"https:\/\/api.w.org\/{rel}","templated":true}]}}

BOCSKOR Mihály, Bocskor Michael, Bochkor Mihály

<p>Szászrégen, 1877. dec. 19., † Kv., 1920. nov. 3.: jogász, egy.-i tanár. – B. Mihály és szőkefalvi Szentmiklósy Terézia († Mv., 1944. febr. 18.) fia. – Középiskolás Mv.-en és Kv.-on. Az Erdélyi R. K. Egyházmegye küldte tanulni. A bécsi Pazmaneum Hittud. Karának hallgatója (1895–97), a jogot Bécsben és Kv.-on végezte, államtud., és jogtud., doktori oklevelet szerzett (1903), majd ügyvédi vizsgát tett (1905). Az Erdélyi R. K. Státus igazgatótanácsosa (1900), h. (1903-04), majd r. titkára (1904–10). A nagyváradi jogi akad.-án az egyházjog rendkivüli, majd rendes tanára (1910–13). Közben a kormány megbízásából a jogi oktatás rendsze­rét tanulmányozta Francia-, Német- és Olaszo.-ban, Belgiumban, Nagy-Britanniában és Svájcban (1912–13). Kv.-i egy.-en az egyházjog magántanára (1912–), a po­zsonyi egy.-en az egyházjog ny. r., a jogtörténet jogosított tanára (1914–17), Kv.-on alkotmányjog és egyházjogot valamint jogtörténetet tanított (1917–20). A Szent István Akad. tagja (r. 1916). Cikkei és könyvismertetései: Közművelődés, Kv.-i Szen Imre Egyesület évkönyve, Erdélyi Múzeum, Ellenzék, Erdélyi Jogi Szemle, A jog, Bűnügyi Szemle, M. Társadalomtudományi Szemle. Szerkesztette az EME Jog- és Társadalomtud. Szakoszt. Kiadványai –t (1911–15) és a szakosztály évkönyvét (1914/15, 1915/16). – <strong>F. m.:</strong> Katolikus egyetem vagy internátus? (Kv., 1903); Automatikus papnevelés (Gyulafehérvár , 1903); Ethika a társadalomgazdaság törvényszerűségeiben (Kv., 1905); Francia egyházpolitika (Kv., 1905); A m. politikai. válság a társadalom-bölcselet világításában (Kv., 1907); A katholikus világnézet szociális integrációja (Kv., 1907); A jogtudomány az új korszak köszöbén (Kv., 1907); A kegyelmi élet társadalmi feltételei (Gyulafehérvár, 1907); Az erdélyi katholikus autonómia (Kv., 1911); Az 1643–44. évi erdélyi országgyűléssel kapcsolatban a négy bevett valláson lévő rendek vallásügyi tárgyalásai (Brassó, 1913); <strong>társsz.:</strong> Emlékkönyv Farkas Lajos jubileumára (Kv., 1914). <br /><strong>Irod.:</strong> Czirják 3; Gulyás; MÉL; RÚL; Szabó–Simon–Szögi; ÚMÉL</br></p>

<p>Szászrégen, 1877. dec. 19., † Kv., 1920. nov. 3.: jogász, egy.-i tanár. – B. Mihály és szőkefalvi Szentmiklósy Terézia († Mv., 1944. febr. 18.) fia. – Középiskolás Mv.-en és Kv.-on. Az Erdélyi R. K. Egyházmegye küldte tanulni. A bécsi Pazmaneum Hittud. Karának hallgatója (1895–97), a jogot Bécsben és Kv.-on végezte, államtud., és jogtud., doktori oklevelet [&hellip;]</p>
