{"id":4910,"date":"2025-06-28T16:57:09","date_gmt":"2025-06-28T14:57:09","guid":{"rendered":"https:\/\/uj.adatbank.ro\/lexikon\/termek\/bocskor-mihaly-csikszentmihalyi-bochkor-mihaly\/"},"modified":"2025-06-28T16:57:09","modified_gmt":"2025-06-28T14:57:09","slug":"bocskor-mihaly-csikszentmihalyi-bochkor-mihaly","status":"publish","type":"product","link":"https:\/\/uj.adatbank.ro\/lexikon\/termek\/bocskor-mihaly-csikszentmihalyi-bochkor-mihaly\/","title":{"rendered":"BOCSKOR Mih\u00e1ly, cs\u00edkszentmih\u00e1lyi, Bochkor Mih\u00e1ly"},"content":{"rendered":"<p>1846.? \u2020 Mv., 1913. nov. 12.: b\u00edr\u00f3. \u2013 Testv\u00e9re: Marcella, Bard\u00f3cz Ign\u00e1cn\u00e9. Feles\u00e9ge: sz\u0151kefalvi Szentmikl\u00f3sy Ter\u00e9zia Ter\u00e9zia (\u2020 Mv., 1944. febr. 18.). Gyermekeik: Mih\u00e1ly, dr.; Adrienne dr. Ferencz-Mih\u00e1ly Zsigmondn\u00e9; G\u00e1briella Eperjesy Istv\u00e1nn\u00e9; Etelka S\u00e1rk\u00e1ny Bal\u00e1zsn\u00e9. \u2013 Mv.-en kuriai b\u00edr\u00f3 (43 \u00e9vig szolg\u00e1lta az igazs\u00e1g\u00fcgyet), az erd\u00e9lyi r. k. st\u00e1tus igazgat\u00f3 tan\u00e1csosa, a Lip\u00f3t-rend lovagja. <br \/><strong>Irod.:<\/strong> Gy\u00e1szjelent\u0151.<\/br><\/p>\n","protected":false},"excerpt":{"rendered":"<p>1846.? \u2020 Mv., 1913. nov. 12.: b\u00edr\u00f3. \u2013 Testv\u00e9re: Marcella, Bard\u00f3cz Ign\u00e1cn\u00e9. Feles\u00e9ge: sz\u0151kefalvi Szentmikl\u00f3sy Ter\u00e9zia Ter\u00e9zia (\u2020 Mv., 1944. febr. 18.). Gyermekeik: Mih\u00e1ly, dr.; Adrienne dr. Ferencz-Mih\u00e1ly Zsigmondn\u00e9; G\u00e1briella Eperjesy Istv\u00e1nn\u00e9; Etelka S\u00e1rk\u00e1ny Bal\u00e1zsn\u00e9. \u2013 Mv.-en kuriai b\u00edr\u00f3 (43 \u00e9vig szolg\u00e1lta az igazs\u00e1g\u00fcgyet), az erd\u00e9lyi r. k. st\u00e1tus igazgat\u00f3 tan\u00e1csosa, a Lip\u00f3t-rend lovagja. Irod.: [&hellip;]<\/p>\n","protected":false},"featured_media":0,"comment_status":"open","ping_status":"closed","template":"","meta":[],"product_brand":[],"product_cat":[137],"product_tag":[],"class_list":{"0":"post-4910","1":"product","2":"type-product","3":"status-publish","5":"product_cat-maros-megyei-eletrajzi-lexikon","7":"first","8":"instock","9":"shipping-taxable","10":"product-type-simple"},"_links":{"self":[{"href":"https:\/\/uj.adatbank.ro\/lexikon\/wp-json\/wp\/v2\/product\/4910","targetHints":{"allow":["GET"]}}],"collection":[{"href":"https:\/\/uj.adatbank.ro\/lexikon\/wp-json\/wp\/v2\/product"}],"about":[{"href":"https:\/\/uj.adatbank.ro\/lexikon\/wp-json\/wp\/v2\/types\/product"}],"replies":[{"embeddable":true,"href":"https:\/\/uj.adatbank.ro\/lexikon\/wp-json\/wp\/v2\/comments?post=4910"}],"wp:attachment":[{"href":"https:\/\/uj.adatbank.ro\/lexikon\/wp-json\/wp\/v2\/media?parent=4910"}],"wp:term":[{"taxonomy":"product_brand","embeddable":true,"href":"https:\/\/uj.adatbank.ro\/lexikon\/wp-json\/wp\/v2\/product_brand?post=4910"},{"taxonomy":"product_cat","embeddable":true,"href":"https:\/\/uj.adatbank.ro\/lexikon\/wp-json\/wp\/v2\/product_cat?post=4910"},{"taxonomy":"product_tag","embeddable":true,"href":"https:\/\/uj.adatbank.ro\/lexikon\/wp-json\/wp\/v2\/product_tag?post=4910"}],"curies":[{"name":"wp","href":"https:\/\/api.w.org\/{rel}","templated":true}]}}

BOCSKOR Mihály, csíkszentmihályi, Bochkor Mihály

<p>1846.? † Mv., 1913. nov. 12.: bíró. – Testvére: Marcella, Bardócz Ignácné. Felesége: szőkefalvi Szentmiklósy Terézia Terézia († Mv., 1944. febr. 18.). Gyermekeik: Mihály, dr.; Adrienne dr. Ferencz-Mihály Zsigmondné; Gábriella Eperjesy Istvánné; Etelka Sárkány Balázsné. – Mv.-en kuriai bíró (43 évig szolgálta az igazságügyet), az erdélyi r. k. státus igazgató tanácsosa, a Lipót-rend lovagja. <br /><strong>Irod.:</strong> Gyászjelentő.</br></p>

<p>1846.? † Mv., 1913. nov. 12.: bíró. – Testvére: Marcella, Bardócz Ignácné. Felesége: szőkefalvi Szentmiklósy Terézia Terézia († Mv., 1944. febr. 18.). Gyermekeik: Mihály, dr.; Adrienne dr. Ferencz-Mihály Zsigmondné; Gábriella Eperjesy Istvánné; Etelka Sárkány Balázsné. – Mv.-en kuriai bíró (43 évig szolgálta az igazságügyet), az erdélyi r. k. státus igazgató tanácsosa, a Lipót-rend lovagja. Irod.: [&hellip;]</p>
