{"id":4913,"date":"2025-06-28T16:57:15","date_gmt":"2025-06-28T14:57:15","guid":{"rendered":"https:\/\/uj.adatbank.ro\/lexikon\/termek\/bocz-jozsef\/"},"modified":"2025-06-28T16:57:15","modified_gmt":"2025-06-28T14:57:15","slug":"bocz-jozsef","status":"publish","type":"product","link":"https:\/\/uj.adatbank.ro\/lexikon\/termek\/bocz-jozsef\/","title":{"rendered":"BOCZ J\u00f3zsef"},"content":{"rendered":"<p>Mv., 1860. j\u00fan. 20., \u2020 ? : tan\u00e1r. \u2013 Tanulm\u00e1nyait Bp.-en a Pedag\u00f3giumban v\u00e9gezte, nyelv- t\u00f6rt\u00e9nelem szakon. Kereskedelmi iskolai tan\u00e1r Temesv\u00e1ron a Wieszner-f\u00e9le Fels\u0151 Kereskedelmi Iskol\u00e1ban, m. nyelv \u00e9s irodalmat \u00e9s t\u00f6rt\u00e9nelmet tan\u00edtott (1883\u2013), helyettes igazgat\u00f3 is volt. <strong>Cikkei:<\/strong> Fels\u0151magyarorsz\u00e1g, D\u00e9lmagyarorsz\u00e1gi K\u00f6zl, Polg\u00e1ri Isk. K\u00f6zl., temesv\u00e1ri Wiesner-f\u00e9le isk. \u00c9rtes\u00edt\u0151. (1907). A F\u00f6ldrajzi T\u00e1rsas\u00e1g els\u0151 d\u00edjjal t\u00fcntette ki (1883). \u2013 <strong>F. m.:<\/strong> A ny\u00e1r\u00e1d v\u00f6lgye: a M. F\u00f6ldrajzi T\u00e1rsas\u00e1g \u00e1ltal 1884. I. p\u00e1lyad\u00edjjal kit\u00fcntetett m\u0171 (Temesv\u00e1r, 1884); 1889 III. 15.-\u00e9nek meg\u00fcnnepl\u00e9s\u00e9hez Temesv\u00e1rt (Temesv\u00e1r, 1889); Els\u0151 arat\u00e1s: K\u00f6ltem\u00e9nyek (Temesv\u00e1r, 1893); M. nyelvi ismeretek f. keresk. isk. sz\u00e1m\u00e1ra (Temesv\u00e1r, 1896); M. olvas\u00f3k\u00f6nyv f. ker. isk. sz\u00e1m\u00e1ra. (Temesv\u00e1r, 1896). <br \/><strong>Irod.:<\/strong> Guly\u00e1s; Schack B\u00e9la: Kereskedelmi iskol\u00e1ink a millenium esztendej\u00e9ben (Bp., 1896)<\/br><\/p>\n","protected":false},"excerpt":{"rendered":"<p>Mv., 1860. j\u00fan. 20., \u2020 ? : tan\u00e1r. \u2013 Tanulm\u00e1nyait Bp.-en a Pedag\u00f3giumban v\u00e9gezte, nyelv- t\u00f6rt\u00e9nelem szakon. Kereskedelmi iskolai tan\u00e1r Temesv\u00e1ron a Wieszner-f\u00e9le Fels\u0151 Kereskedelmi Iskol\u00e1ban, m. nyelv \u00e9s irodalmat \u00e9s t\u00f6rt\u00e9nelmet tan\u00edtott (1883\u2013), helyettes igazgat\u00f3 is volt. Cikkei: Fels\u0151magyarorsz\u00e1g, D\u00e9lmagyarorsz\u00e1gi K\u00f6zl, Polg\u00e1ri Isk. K\u00f6zl., temesv\u00e1ri Wiesner-f\u00e9le isk. \u00c9rtes\u00edt\u0151. (1907). A F\u00f6ldrajzi T\u00e1rsas\u00e1g els\u0151 d\u00edjjal [&hellip;]<\/p>\n","protected":false},"featured_media":0,"comment_status":"open","ping_status":"closed","template":"","meta":[],"product_brand":[],"product_cat":[137],"product_tag":[],"class_list":{"0":"post-4913","1":"product","2":"type-product","3":"status-publish","5":"product_cat-maros-megyei-eletrajzi-lexikon","7":"first","8":"instock","9":"shipping-taxable","10":"product-type-simple"},"_links":{"self":[{"href":"https:\/\/uj.adatbank.ro\/lexikon\/wp-json\/wp\/v2\/product\/4913","targetHints":{"allow":["GET"]}}],"collection":[{"href":"https:\/\/uj.adatbank.ro\/lexikon\/wp-json\/wp\/v2\/product"}],"about":[{"href":"https:\/\/uj.adatbank.ro\/lexikon\/wp-json\/wp\/v2\/types\/product"}],"replies":[{"embeddable":true,"href":"https:\/\/uj.adatbank.ro\/lexikon\/wp-json\/wp\/v2\/comments?post=4913"}],"wp:attachment":[{"href":"https:\/\/uj.adatbank.ro\/lexikon\/wp-json\/wp\/v2\/media?parent=4913"}],"wp:term":[{"taxonomy":"product_brand","embeddable":true,"href":"https:\/\/uj.adatbank.ro\/lexikon\/wp-json\/wp\/v2\/product_brand?post=4913"},{"taxonomy":"product_cat","embeddable":true,"href":"https:\/\/uj.adatbank.ro\/lexikon\/wp-json\/wp\/v2\/product_cat?post=4913"},{"taxonomy":"product_tag","embeddable":true,"href":"https:\/\/uj.adatbank.ro\/lexikon\/wp-json\/wp\/v2\/product_tag?post=4913"}],"curies":[{"name":"wp","href":"https:\/\/api.w.org\/{rel}","templated":true}]}}

BOCZ József

<p>Mv., 1860. jún. 20., † ? : tanár. – Tanulmányait Bp.-en a Pedagógiumban végezte, nyelv- történelem szakon. Kereskedelmi iskolai tanár Temesváron a Wieszner-féle Felső Kereskedelmi Iskolában, m. nyelv és irodalmat és történelmet tanított (1883–), helyettes igazgató is volt. <strong>Cikkei:</strong> Felsőmagyarország, Délmagyarországi Közl, Polgári Isk. Közl., temesvári Wiesner-féle isk. Értesítő. (1907). A Földrajzi Társaság első díjjal tüntette ki (1883). – <strong>F. m.:</strong> A nyárád völgye: a M. Földrajzi Társaság által 1884. I. pályadíjjal kitüntetett mű (Temesvár, 1884); 1889 III. 15.-ének megünnepléséhez Temesvárt (Temesvár, 1889); Első aratás: Költemények (Temesvár, 1893); M. nyelvi ismeretek f. keresk. isk. számára (Temesvár, 1896); M. olvasókönyv f. ker. isk. számára. (Temesvár, 1896). <br /><strong>Irod.:</strong> Gulyás; Schack Béla: Kereskedelmi iskoláink a millenium esztendejében (Bp., 1896)</br></p>

<p>Mv., 1860. jún. 20., † ? : tanár. – Tanulmányait Bp.-en a Pedagógiumban végezte, nyelv- történelem szakon. Kereskedelmi iskolai tanár Temesváron a Wieszner-féle Felső Kereskedelmi Iskolában, m. nyelv és irodalmat és történelmet tanított (1883–), helyettes igazgató is volt. Cikkei: Felsőmagyarország, Délmagyarországi Közl, Polgári Isk. Közl., temesvári Wiesner-féle isk. Értesítő. (1907). A Földrajzi Társaság első díjjal [&hellip;]</p>
