{"id":4915,"date":"2025-06-28T16:57:21","date_gmt":"2025-06-28T14:57:21","guid":{"rendered":"https:\/\/uj.adatbank.ro\/lexikon\/termek\/boczonadi-szabo-imre\/"},"modified":"2025-06-28T16:57:21","modified_gmt":"2025-06-28T14:57:21","slug":"boczonadi-szabo-imre","status":"publish","type":"product","link":"https:\/\/uj.adatbank.ro\/lexikon\/termek\/boczonadi-szabo-imre\/","title":{"rendered":"BOCZON\u00c1DI SZAB\u00d3 Imre"},"content":{"rendered":"<p>P\u00e1lmonostor, 1882. szept. 14., \u2020 Vancouver, 1970. febr. 3.: politikus. \u2013 Tan\u00edt\u00f3i oklevelet szerzett. G\u00f6\u00add\u00f6ll\u0151n r\u00f6vid ideig a m\u00e9h\u00e9szeti v\u00e1ndortan\u00edt\u00f3i karban szolg\u00e1lt (1905). A F\u00f6ldm\u0171vel\u00e9s\u00ad\u00fcgyi Min. mv.-i kirendelts\u00e9g\u00e9n (1905\u201320), majd a M. \u00c9let P\u00e1rtja prog\u00adramj\u00e1val bp.-i k\u00f6zponti sz\u00e1mvev\u0151s\u00e9g\u00e9n tiszt\u00advisel\u0151 (1939\u201345). Nyugd\u00edjaztatta mag\u00e1t (1920\u2013), \u00e9s be\u00adkapcsol\u00f3dott a politikai \u00e9letbe. \u00dajpesten az \u00c9bred\u0151 Ma\u00adgyarok Egyes\u00fclet, helyi eln\u00f6kek\u00e9nt p\u00e1rtja lista\u00advezet\u0151je volt az ogy. v\u00e1laszt\u00e1sokon (1926). A Nemzeti Egys\u00e9g P\u00e1rtja (1935\u2013), a M. \u00c9let P\u00e1rtja program\u00adj\u00e1val a Pest k\u00f6rny\u00e9ki v\u00e1laszt\u00f3ker. ogy. k\u00e9pvi\u00adsel\u0151je volt (1939\u201345). N\u00e9meto.-ba (1945\u2013), majd onnan Kanad\u00e1ba ment. M\u00e9h\u00e9szettel is foglalkozott. <br \/><strong>Irod.:<\/strong> \u00daM\u00c9L<\/br><\/p>\n","protected":false},"excerpt":{"rendered":"<p>P\u00e1lmonostor, 1882. szept. 14., \u2020 Vancouver, 1970. febr. 3.: politikus. \u2013 Tan\u00edt\u00f3i oklevelet szerzett. G\u00f6\u00add\u00f6ll\u0151n r\u00f6vid ideig a m\u00e9h\u00e9szeti v\u00e1ndortan\u00edt\u00f3i karban szolg\u00e1lt (1905). A F\u00f6ldm\u0171vel\u00e9s\u00ad\u00fcgyi Min. mv.-i kirendelts\u00e9g\u00e9n (1905\u201320), majd a M. \u00c9let P\u00e1rtja prog\u00adramj\u00e1val bp.-i k\u00f6zponti sz\u00e1mvev\u0151s\u00e9g\u00e9n tiszt\u00advisel\u0151 (1939\u201345). Nyugd\u00edjaztatta mag\u00e1t (1920\u2013), \u00e9s be\u00adkapcsol\u00f3dott a politikai \u00e9letbe. \u00dajpesten az \u00c9bred\u0151 Ma\u00adgyarok Egyes\u00fclet, helyi eln\u00f6kek\u00e9nt [&hellip;]<\/p>\n","protected":false},"featured_media":0,"comment_status":"open","ping_status":"closed","template":"","meta":[],"product_brand":[],"product_cat":[137],"product_tag":[],"class_list":{"0":"post-4915","1":"product","2":"type-product","3":"status-publish","5":"product_cat-maros-megyei-eletrajzi-lexikon","7":"first","8":"instock","9":"shipping-taxable","10":"product-type-simple"},"_links":{"self":[{"href":"https:\/\/uj.adatbank.ro\/lexikon\/wp-json\/wp\/v2\/product\/4915","targetHints":{"allow":["GET"]}}],"collection":[{"href":"https:\/\/uj.adatbank.ro\/lexikon\/wp-json\/wp\/v2\/product"}],"about":[{"href":"https:\/\/uj.adatbank.ro\/lexikon\/wp-json\/wp\/v2\/types\/product"}],"replies":[{"embeddable":true,"href":"https:\/\/uj.adatbank.ro\/lexikon\/wp-json\/wp\/v2\/comments?post=4915"}],"wp:attachment":[{"href":"https:\/\/uj.adatbank.ro\/lexikon\/wp-json\/wp\/v2\/media?parent=4915"}],"wp:term":[{"taxonomy":"product_brand","embeddable":true,"href":"https:\/\/uj.adatbank.ro\/lexikon\/wp-json\/wp\/v2\/product_brand?post=4915"},{"taxonomy":"product_cat","embeddable":true,"href":"https:\/\/uj.adatbank.ro\/lexikon\/wp-json\/wp\/v2\/product_cat?post=4915"},{"taxonomy":"product_tag","embeddable":true,"href":"https:\/\/uj.adatbank.ro\/lexikon\/wp-json\/wp\/v2\/product_tag?post=4915"}],"curies":[{"name":"wp","href":"https:\/\/api.w.org\/{rel}","templated":true}]}}

BOCZONÁDI SZABÓ Imre

<p>Pálmonostor, 1882. szept. 14., † Vancouver, 1970. febr. 3.: politikus. – Tanítói oklevelet szerzett. Gö­döllőn rövid ideig a méhészeti vándortanítói karban szolgált (1905). A Földművelés­ügyi Min. mv.-i kirendeltségén (1905–20), majd a M. Élet Pártja prog­ramjával bp.-i központi számvevőségén tiszt­viselő (1939–45). Nyugdíjaztatta magát (1920–), és be­kapcsolódott a politikai életbe. Újpesten az Ébredő Ma­gyarok Egyesület, helyi elnökeként pártja lista­vezetője volt az ogy. választásokon (1926). A Nemzeti Egység Pártja (1935–), a M. Élet Pártja program­jával a Pest környéki választóker. ogy. képvi­selője volt (1939–45). Németo.-ba (1945–), majd onnan Kanadába ment. Méhészettel is foglalkozott. <br /><strong>Irod.:</strong> ÚMÉL</br></p>

<p>Pálmonostor, 1882. szept. 14., † Vancouver, 1970. febr. 3.: politikus. – Tanítói oklevelet szerzett. Gö­döllőn rövid ideig a méhészeti vándortanítói karban szolgált (1905). A Földművelés­ügyi Min. mv.-i kirendeltségén (1905–20), majd a M. Élet Pártja prog­ramjával bp.-i központi számvevőségén tiszt­viselő (1939–45). Nyugdíjaztatta magát (1920–), és be­kapcsolódott a politikai életbe. Újpesten az Ébredő Ma­gyarok Egyesület, helyi elnökeként [&hellip;]</p>
