{"id":4916,"date":"2025-06-28T16:57:23","date_gmt":"2025-06-28T14:57:23","guid":{"rendered":"https:\/\/uj.adatbank.ro\/lexikon\/termek\/bod-karoly-%c2%a7-bod-carolus-albisi\/"},"modified":"2025-06-28T16:57:23","modified_gmt":"2025-06-28T14:57:23","slug":"bod-karoly-%c2%a7-bod-carolus-albisi","status":"publish","type":"product","link":"https:\/\/uj.adatbank.ro\/lexikon\/termek\/bod-karoly-%c2%a7-bod-carolus-albisi\/","title":{"rendered":"BOD K\u00e1roly, \u00a7 Bod Carolus, albisi"},"content":{"rendered":"<p>Selye, 1814. nov. 4., \u2020 Simontelke (Beszterce-Nasz\u00f3d), 1885. j\u00fan. 1.: nemes, mez\u0151gazda. \u2013 Apja: B. S\u00e1ndor (Alexander), selyei lelk\u00e9sz. Feles\u00e9ge: Bikafalvi M\u00e1th\u00e9 Borb\u00e1la. \u2013 Tanult a mv-i Ref. Koll.-ban jogot \u00e9s teol\u00f3gi\u00e1t; mivel nem \u00e9rzett hajlamot a papi p\u00e1ly\u00e1hoz a keszthelyi gazdas\u00e1gi int\u00e9zetbe iratkozott be (1840\u201341). Mez\u0151gazdas\u00e1gi ismereteit n\u00e9met- \u00e9s olaszorsz\u00e1gi tanulm\u00e1ny\u00fatj\u00e1n b\u0151v\u00edtette. A forradalomban mint t\u00fcz\u00e9r tiszt vett r\u00e9szt. K\u00e9s\u0151bb a Kem\u00e9ny \u00e9s Bethlen gr\u00f3fok j\u00f3sz\u00e1gait t\u00f6bb \u00e9vig kezelte. Utols\u00f3 \u00e9veiben simontelki kisbirtok\u00e1n a gabonanem\u0171ekben \u00e9l\u0151 parazit\u00e1kat tanulm\u00e1nyozta, siker\u00fclt egy \u00faj fajt a schizonevra ceralium-ot f\u00f6lfedeznie, amely a b\u00faza \u00e9s az \u00e1rpa gy\u00f6kerein \u00e9l\u0151sk\u00f6dik. Szakcikkeit az Ismertet\u0151, Magyar Gazda, Kert\u00e9sz Gazda, Erd\u00e9lyi Gazda, Kolozsv\u00e1ri K\u00f6zl\u00f6ny, Kelet, Korunk \u00e9s Ellenz\u00e9k k\u00f6z\u00f6lte. <br \/><strong>Irod.:<\/strong> P\u00e1lmay; Szab\u00f3 Mikl\u00f3s 2005; Szinnyei<\/br><\/p>\n","protected":false},"excerpt":{"rendered":"<p>Selye, 1814. nov. 4., \u2020 Simontelke (Beszterce-Nasz\u00f3d), 1885. j\u00fan. 1.: nemes, mez\u0151gazda. \u2013 Apja: B. S\u00e1ndor (Alexander), selyei lelk\u00e9sz. Feles\u00e9ge: Bikafalvi M\u00e1th\u00e9 Borb\u00e1la. \u2013 Tanult a mv-i Ref. Koll.-ban jogot \u00e9s teol\u00f3gi\u00e1t; mivel nem \u00e9rzett hajlamot a papi p\u00e1ly\u00e1hoz a keszthelyi gazdas\u00e1gi int\u00e9zetbe iratkozott be (1840\u201341). Mez\u0151gazdas\u00e1gi ismereteit n\u00e9met- \u00e9s olaszorsz\u00e1gi tanulm\u00e1ny\u00fatj\u00e1n b\u0151v\u00edtette. A forradalomban [&hellip;]<\/p>\n","protected":false},"featured_media":0,"comment_status":"open","ping_status":"closed","template":"","meta":[],"product_brand":[],"product_cat":[137],"product_tag":[],"class_list":{"0":"post-4916","1":"product","2":"type-product","3":"status-publish","5":"product_cat-maros-megyei-eletrajzi-lexikon","7":"first","8":"instock","9":"shipping-taxable","10":"product-type-simple"},"_links":{"self":[{"href":"https:\/\/uj.adatbank.ro\/lexikon\/wp-json\/wp\/v2\/product\/4916","targetHints":{"allow":["GET"]}}],"collection":[{"href":"https:\/\/uj.adatbank.ro\/lexikon\/wp-json\/wp\/v2\/product"}],"about":[{"href":"https:\/\/uj.adatbank.ro\/lexikon\/wp-json\/wp\/v2\/types\/product"}],"replies":[{"embeddable":true,"href":"https:\/\/uj.adatbank.ro\/lexikon\/wp-json\/wp\/v2\/comments?post=4916"}],"wp:attachment":[{"href":"https:\/\/uj.adatbank.ro\/lexikon\/wp-json\/wp\/v2\/media?parent=4916"}],"wp:term":[{"taxonomy":"product_brand","embeddable":true,"href":"https:\/\/uj.adatbank.ro\/lexikon\/wp-json\/wp\/v2\/product_brand?post=4916"},{"taxonomy":"product_cat","embeddable":true,"href":"https:\/\/uj.adatbank.ro\/lexikon\/wp-json\/wp\/v2\/product_cat?post=4916"},{"taxonomy":"product_tag","embeddable":true,"href":"https:\/\/uj.adatbank.ro\/lexikon\/wp-json\/wp\/v2\/product_tag?post=4916"}],"curies":[{"name":"wp","href":"https:\/\/api.w.org\/{rel}","templated":true}]}}

BOD Károly, § Bod Carolus, albisi

<p>Selye, 1814. nov. 4., † Simontelke (Beszterce-Naszód), 1885. jún. 1.: nemes, mezőgazda. – Apja: B. Sándor (Alexander), selyei lelkész. Felesége: Bikafalvi Máthé Borbála. – Tanult a mv-i Ref. Koll.-ban jogot és teológiát; mivel nem érzett hajlamot a papi pályához a keszthelyi gazdasági intézetbe iratkozott be (1840–41). Mezőgazdasági ismereteit német- és olaszországi tanulmányútján bővítette. A forradalomban mint tüzér tiszt vett részt. Később a Kemény és Bethlen grófok jószágait több évig kezelte. Utolsó éveiben simontelki kisbirtokán a gabonaneműekben élő parazitákat tanulmányozta, sikerült egy új fajt a schizonevra ceralium-ot fölfedeznie, amely a búza és az árpa gyökerein élősködik. Szakcikkeit az Ismertető, Magyar Gazda, Kertész Gazda, Erdélyi Gazda, Kolozsvári Közlöny, Kelet, Korunk és Ellenzék közölte. <br /><strong>Irod.:</strong> Pálmay; Szabó Miklós 2005; Szinnyei</br></p>

<p>Selye, 1814. nov. 4., † Simontelke (Beszterce-Naszód), 1885. jún. 1.: nemes, mezőgazda. – Apja: B. Sándor (Alexander), selyei lelkész. Felesége: Bikafalvi Máthé Borbála. – Tanult a mv-i Ref. Koll.-ban jogot és teológiát; mivel nem érzett hajlamot a papi pályához a keszthelyi gazdasági intézetbe iratkozott be (1840–41). Mezőgazdasági ismereteit német- és olaszországi tanulmányútján bővítette. A forradalomban [&hellip;]</p>
