{"id":4917,"date":"2025-06-28T16:57:25","date_gmt":"2025-06-28T14:57:25","guid":{"rendered":"https:\/\/uj.adatbank.ro\/lexikon\/termek\/bod-karoly-albisi\/"},"modified":"2025-06-28T16:57:25","modified_gmt":"2025-06-28T14:57:25","slug":"bod-karoly-albisi","status":"publish","type":"product","link":"https:\/\/uj.adatbank.ro\/lexikon\/termek\/bod-karoly-albisi\/","title":{"rendered":"BOD K\u00e1roly, albisi"},"content":{"rendered":"<p>Selye, 1848. okt. 30., \u2020 S\u00fck\u0151, 1926. nov. 11.: ref koll. tan\u00e1r, lelk\u00e9sz \u2013 Sz\u00fclei Vajdaszentiv\u00e1nyr\u00f3l sz\u00e1rmaznak \u00e9s menek\u00fcltek (1848), B. S\u00e1ndor (1817\u2013) ref. lelk\u00e9sz \u00e9s Budai Johanna fia. \u2013 K\u00f6z\u00e9piskol\u00e1it Mv.-en v\u00e9gezte (1857\u201366) ugyanott egy \u00e9vig jogot hallgatott. A teol\u00f3giai tanulm\u00e1nyai sz\u00ednhelye: Bp. (1868\u201370), S\u00e1rospatak, Z\u00fcrich (1871. okt. 18. \u2013 72. m\u00e1rc. 16.), Marburg. Papp\u00e1 szentelt\u00e9k (1873) \u00e9s tan\u00e1r lett a sz\u00e9kelyudvarhelyi Ref. Koll.-ban, ahol b\u00f6lcseletet, m. \u00e9s n\u00e9met irodalmat tan\u00edtott (1873\u20131903), igazgat\u00f3 (1880\u201385 \u00e9s 1887\u201388). Sz\u00e1szr\u00e9genben majd S\u00fck\u0151n lelk\u00e9sz (1903\u2013). Nevel\u00e9si, oktat\u00e1si cikkeket \u00edrt a Prot. Tud. Szeml\u00e9ben, a Prot. K\u00f6zl\u00f6ny-ben, a Sz\u00e9kely Nemzet-ben. Az iskolai \u00e9veket megnyit\u00f3 \u00e9s bez\u00e1r\u00f3 besz\u00e9deit az iskolai \u00c9rtest\u0151kben k\u00f6z\u00f6lte. Helyismereti jelleg\u0171 tanulm\u00e1nyokat is k\u00f6z\u00f6lt. \u2013 <strong>F. m.:<\/strong> A kegyelet oszlopa: Halotti im\u00e1k, eml\u00e9kek \u00e9s temetkez\u00e9si besz\u00e9dek (Sz\u00e9kelyudvarhely, 1898); <strong>K\u00e9ziratban:<\/strong> \u00dcnnepi \u00e9s alkalmi besz\u00e9deinek gy\u0171jtem\u00e9nye; Eml\u00e9kbesz\u00e9dei; K\u00f6lt\u00e9szettan: k\u00f6z\u00e9piskolai k\u00e9zik\u00f6nyv. <br \/><strong>Irod.:<\/strong> Buzog\u00e1ny \u00c1rp\u00e1d: \u00c9vfordul\u00f3ink (\u00d6r\u00f6ks\u00e9g\u00fcnk, 4. sz., 2011); Guly\u00e1s; Szab\u00f3\u2013Simon\u2013Sz\u00f6gi; Szinnyei; Szinnyei J.<\/br><\/p>\n","protected":false},"excerpt":{"rendered":"<p>Selye, 1848. okt. 30., \u2020 S\u00fck\u0151, 1926. nov. 11.: ref koll. tan\u00e1r, lelk\u00e9sz \u2013 Sz\u00fclei Vajdaszentiv\u00e1nyr\u00f3l sz\u00e1rmaznak \u00e9s menek\u00fcltek (1848), B. S\u00e1ndor (1817\u2013) ref. lelk\u00e9sz \u00e9s Budai Johanna fia. \u2013 K\u00f6z\u00e9piskol\u00e1it Mv.-en v\u00e9gezte (1857\u201366) ugyanott egy \u00e9vig jogot hallgatott. A teol\u00f3giai tanulm\u00e1nyai sz\u00ednhelye: Bp. (1868\u201370), S\u00e1rospatak, Z\u00fcrich (1871. okt. 18. \u2013 72. m\u00e1rc. 16.), Marburg. [&hellip;]<\/p>\n","protected":false},"featured_media":0,"comment_status":"open","ping_status":"closed","template":"","meta":[],"product_brand":[],"product_cat":[137],"product_tag":[],"class_list":{"0":"post-4917","1":"product","2":"type-product","3":"status-publish","5":"product_cat-maros-megyei-eletrajzi-lexikon","7":"first","8":"instock","9":"shipping-taxable","10":"product-type-simple"},"_links":{"self":[{"href":"https:\/\/uj.adatbank.ro\/lexikon\/wp-json\/wp\/v2\/product\/4917","targetHints":{"allow":["GET"]}}],"collection":[{"href":"https:\/\/uj.adatbank.ro\/lexikon\/wp-json\/wp\/v2\/product"}],"about":[{"href":"https:\/\/uj.adatbank.ro\/lexikon\/wp-json\/wp\/v2\/types\/product"}],"replies":[{"embeddable":true,"href":"https:\/\/uj.adatbank.ro\/lexikon\/wp-json\/wp\/v2\/comments?post=4917"}],"wp:attachment":[{"href":"https:\/\/uj.adatbank.ro\/lexikon\/wp-json\/wp\/v2\/media?parent=4917"}],"wp:term":[{"taxonomy":"product_brand","embeddable":true,"href":"https:\/\/uj.adatbank.ro\/lexikon\/wp-json\/wp\/v2\/product_brand?post=4917"},{"taxonomy":"product_cat","embeddable":true,"href":"https:\/\/uj.adatbank.ro\/lexikon\/wp-json\/wp\/v2\/product_cat?post=4917"},{"taxonomy":"product_tag","embeddable":true,"href":"https:\/\/uj.adatbank.ro\/lexikon\/wp-json\/wp\/v2\/product_tag?post=4917"}],"curies":[{"name":"wp","href":"https:\/\/api.w.org\/{rel}","templated":true}]}}

BOD Károly, albisi

<p>Selye, 1848. okt. 30., † Sükő, 1926. nov. 11.: ref koll. tanár, lelkész – Szülei Vajdaszentiványról származnak és menekültek (1848), B. Sándor (1817–) ref. lelkész és Budai Johanna fia. – Középiskoláit Mv.-en végezte (1857–66) ugyanott egy évig jogot hallgatott. A teológiai tanulmányai színhelye: Bp. (1868–70), Sárospatak, Zürich (1871. okt. 18. – 72. márc. 16.), Marburg. Pappá szentelték (1873) és tanár lett a székelyudvarhelyi Ref. Koll.-ban, ahol bölcseletet, m. és német irodalmat tanított (1873–1903), igazgató (1880–85 és 1887–88). Szászrégenben majd Sükőn lelkész (1903–). Nevelési, oktatási cikkeket írt a Prot. Tud. Szemlében, a Prot. Közlöny-ben, a Székely Nemzet-ben. Az iskolai éveket megnyitó és bezáró beszédeit az iskolai Értestőkben közölte. Helyismereti jellegű tanulmányokat is közölt. – <strong>F. m.:</strong> A kegyelet oszlopa: Halotti imák, emlékek és temetkezési beszédek (Székelyudvarhely, 1898); <strong>Kéziratban:</strong> Ünnepi és alkalmi beszédeinek gyűjteménye; Emlékbeszédei; Költészettan: középiskolai kézikönyv. <br /><strong>Irod.:</strong> Buzogány Árpád: Évfordulóink (Örökségünk, 4. sz., 2011); Gulyás; Szabó–Simon–Szögi; Szinnyei; Szinnyei J.</br></p>

<p>Selye, 1848. okt. 30., † Sükő, 1926. nov. 11.: ref koll. tanár, lelkész – Szülei Vajdaszentiványról származnak és menekültek (1848), B. Sándor (1817–) ref. lelkész és Budai Johanna fia. – Középiskoláit Mv.-en végezte (1857–66) ugyanott egy évig jogot hallgatott. A teológiai tanulmányai színhelye: Bp. (1868–70), Sárospatak, Zürich (1871. okt. 18. – 72. márc. 16.), Marburg. [&hellip;]</p>
