{"id":4918,"date":"2025-06-28T16:57:26","date_gmt":"2025-06-28T14:57:26","guid":{"rendered":"https:\/\/uj.adatbank.ro\/lexikon\/termek\/bod-lajos-albisi\/"},"modified":"2025-06-28T16:57:26","modified_gmt":"2025-06-28T14:57:26","slug":"bod-lajos-albisi","status":"publish","type":"product","link":"https:\/\/uj.adatbank.ro\/lexikon\/termek\/bod-lajos-albisi\/","title":{"rendered":"BOD Lajos, albisi"},"content":{"rendered":"<p>Vajdaszentiv\u00e1ny, 1852. febr. 7., \u2020 R\u00e1kospalota, 1939. m\u00e1rc.: tan\u00e1r. \u2013 Beszterc\u00e9n, Kv.-on, Mv.-en a Ref. Koll.-ban tanult, a bp.-i egyetemen mennyis\u00e9gtan \u00e9s term\u00e9szettudom\u00e1nyokat hallgatott \u00e9s tan\u00e1ri k\u00e9pes\u00edt\u00e9st nyert (1875). Term\u00e9szetrajzot tan\u00edtott Sz\u00e9kelyudvarhelyen, Sz\u00e9kesfeh\u00e9rv\u00e1ron (1876\u2013); Bp.-re k\u00f6lt\u00f6z\u00f6tt (1897\u2013). Tanulm\u00e1nyait k\u00f6z\u00f6lte a Term\u00e9szettudom\u00e1nyi K\u00f6zl\u00f6ny, a K\u00f6z\u00e9piskolai Szemle a Tan\u00e1regylet K\u00f6zl\u00f6nye, az angol Nature, Ellenz\u00e9k, Egyet\u00e9rt\u00e9s, Math. \u00e9s Phys. Lapok. <br \/><strong>Irod.:<\/strong> Guly\u00e1s; Szinnyei<\/br><\/p>\n","protected":false},"excerpt":{"rendered":"<p>Vajdaszentiv\u00e1ny, 1852. febr. 7., \u2020 R\u00e1kospalota, 1939. m\u00e1rc.: tan\u00e1r. \u2013 Beszterc\u00e9n, Kv.-on, Mv.-en a Ref. Koll.-ban tanult, a bp.-i egyetemen mennyis\u00e9gtan \u00e9s term\u00e9szettudom\u00e1nyokat hallgatott \u00e9s tan\u00e1ri k\u00e9pes\u00edt\u00e9st nyert (1875). Term\u00e9szetrajzot tan\u00edtott Sz\u00e9kelyudvarhelyen, Sz\u00e9kesfeh\u00e9rv\u00e1ron (1876\u2013); Bp.-re k\u00f6lt\u00f6z\u00f6tt (1897\u2013). Tanulm\u00e1nyait k\u00f6z\u00f6lte a Term\u00e9szettudom\u00e1nyi K\u00f6zl\u00f6ny, a K\u00f6z\u00e9piskolai Szemle a Tan\u00e1regylet K\u00f6zl\u00f6nye, az angol Nature, Ellenz\u00e9k, Egyet\u00e9rt\u00e9s, Math. \u00e9s [&hellip;]<\/p>\n","protected":false},"featured_media":0,"comment_status":"open","ping_status":"closed","template":"","meta":[],"product_brand":[],"product_cat":[137],"product_tag":[],"class_list":{"0":"post-4918","1":"product","2":"type-product","3":"status-publish","5":"product_cat-maros-megyei-eletrajzi-lexikon","7":"first","8":"instock","9":"shipping-taxable","10":"product-type-simple"},"_links":{"self":[{"href":"https:\/\/uj.adatbank.ro\/lexikon\/wp-json\/wp\/v2\/product\/4918","targetHints":{"allow":["GET"]}}],"collection":[{"href":"https:\/\/uj.adatbank.ro\/lexikon\/wp-json\/wp\/v2\/product"}],"about":[{"href":"https:\/\/uj.adatbank.ro\/lexikon\/wp-json\/wp\/v2\/types\/product"}],"replies":[{"embeddable":true,"href":"https:\/\/uj.adatbank.ro\/lexikon\/wp-json\/wp\/v2\/comments?post=4918"}],"wp:attachment":[{"href":"https:\/\/uj.adatbank.ro\/lexikon\/wp-json\/wp\/v2\/media?parent=4918"}],"wp:term":[{"taxonomy":"product_brand","embeddable":true,"href":"https:\/\/uj.adatbank.ro\/lexikon\/wp-json\/wp\/v2\/product_brand?post=4918"},{"taxonomy":"product_cat","embeddable":true,"href":"https:\/\/uj.adatbank.ro\/lexikon\/wp-json\/wp\/v2\/product_cat?post=4918"},{"taxonomy":"product_tag","embeddable":true,"href":"https:\/\/uj.adatbank.ro\/lexikon\/wp-json\/wp\/v2\/product_tag?post=4918"}],"curies":[{"name":"wp","href":"https:\/\/api.w.org\/{rel}","templated":true}]}}

<p>Vajdaszentivány, 1852. febr. 7., † Rákospalota, 1939. márc.: tanár. – Besztercén, Kv.-on, Mv.-en a Ref. Koll.-ban tanult, a bp.-i egyetemen mennyiségtan és természettudományokat hallgatott és tanári képesítést nyert (1875). Természetrajzot tanított Székelyudvarhelyen, Székesfehérváron (1876–); Bp.-re költözött (1897–). Tanulmányait közölte a Természettudományi Közlöny, a Középiskolai Szemle a Tanáregylet Közlönye, az angol Nature, Ellenzék, Egyetértés, Math. és Phys. Lapok. <br /><strong>Irod.:</strong> Gulyás; Szinnyei</br></p>

<p>Vajdaszentivány, 1852. febr. 7., † Rákospalota, 1939. márc.: tanár. – Besztercén, Kv.-on, Mv.-en a Ref. Koll.-ban tanult, a bp.-i egyetemen mennyiségtan és természettudományokat hallgatott és tanári képesítést nyert (1875). Természetrajzot tanított Székelyudvarhelyen, Székesfehérváron (1876–); Bp.-re költözött (1897–). Tanulmányait közölte a Természettudományi Közlöny, a Középiskolai Szemle a Tanáregylet Közlönye, az angol Nature, Ellenzék, Egyetértés, Math. és [&hellip;]</p>
