{"id":4921,"date":"2025-06-28T16:57:31","date_gmt":"2025-06-28T14:57:31","guid":{"rendered":"https:\/\/uj.adatbank.ro\/lexikon\/termek\/bod-peter-albisi\/"},"modified":"2025-06-28T16:57:31","modified_gmt":"2025-06-28T14:57:31","slug":"bod-peter-albisi","status":"publish","type":"product","link":"https:\/\/uj.adatbank.ro\/lexikon\/termek\/bod-peter-albisi\/","title":{"rendered":"BOD P\u00e9ter, albisi"},"content":{"rendered":"<p>1789. v. 1801., \u2020 1868.: tan\u00e1r, tisztvisel\u0151 az erd\u00e9lyi udvari kancell\u00e1ri\u00e1n. \u2013 Bolyai Farkas tan\u00edtv\u00e1nya \u00e9s Teleki S\u00e1muel h\u00e1zi tan\u00edt\u00f3ja volt. Term\u00e9szetrajzban \u00e9s pedag\u00f3gi\u00e1ban nagyon j\u00f3lk\u00e9pzett tan\u00e1r, a mv.-i Ref. Koll. \u00e9s a nagyenyedi Ref. Koll. is megh\u00edvta, de nem fogadta el, mert szav\u00e1t adta, hogy 12 \u00e9vig mag\u00e1ntan\u00e1rk\u00e9nt Bethlen Ferenc fiait fogja tan\u00edtani. K\u00f6nyvt\u00e1r\u00e1t \u00e9s vagyon\u00e1t alap\u00edtv\u00e1nyk\u00e9nt a mv.-i Ref. Koll.-ra hagyta. \u2013 <strong>F. m.:<\/strong> <strong>antol\u00f3g.:<\/strong> Sz\u00edve ki\u00f6ml\u00e9se a\u2019 Maros V\u00e1s\u00e1rhelyi Ref. Koll\u00e9gyomb\u00e9li ifi\u00fas\u00e1g\u00e1nak egy kedves attya hal\u00e1l\u00e1n [Gr. Kem\u00e9ny Mikl\u00f3s]. (Mv., 1829). <br \/><strong>Irod.:<\/strong> Berekm\u00e9ri; Bolyai-levelek; Fogarasi<\/br><\/p>\n","protected":false},"excerpt":{"rendered":"<p>1789. v. 1801., \u2020 1868.: tan\u00e1r, tisztvisel\u0151 az erd\u00e9lyi udvari kancell\u00e1ri\u00e1n. \u2013 Bolyai Farkas tan\u00edtv\u00e1nya \u00e9s Teleki S\u00e1muel h\u00e1zi tan\u00edt\u00f3ja volt. Term\u00e9szetrajzban \u00e9s pedag\u00f3gi\u00e1ban nagyon j\u00f3lk\u00e9pzett tan\u00e1r, a mv.-i Ref. Koll. \u00e9s a nagyenyedi Ref. Koll. is megh\u00edvta, de nem fogadta el, mert szav\u00e1t adta, hogy 12 \u00e9vig mag\u00e1ntan\u00e1rk\u00e9nt Bethlen Ferenc fiait fogja tan\u00edtani. K\u00f6nyvt\u00e1r\u00e1t [&hellip;]<\/p>\n","protected":false},"featured_media":0,"comment_status":"open","ping_status":"closed","template":"","meta":[],"product_brand":[],"product_cat":[137],"product_tag":[],"class_list":{"0":"post-4921","1":"product","2":"type-product","3":"status-publish","5":"product_cat-maros-megyei-eletrajzi-lexikon","7":"first","8":"instock","9":"shipping-taxable","10":"product-type-simple"},"_links":{"self":[{"href":"https:\/\/uj.adatbank.ro\/lexikon\/wp-json\/wp\/v2\/product\/4921","targetHints":{"allow":["GET"]}}],"collection":[{"href":"https:\/\/uj.adatbank.ro\/lexikon\/wp-json\/wp\/v2\/product"}],"about":[{"href":"https:\/\/uj.adatbank.ro\/lexikon\/wp-json\/wp\/v2\/types\/product"}],"replies":[{"embeddable":true,"href":"https:\/\/uj.adatbank.ro\/lexikon\/wp-json\/wp\/v2\/comments?post=4921"}],"wp:attachment":[{"href":"https:\/\/uj.adatbank.ro\/lexikon\/wp-json\/wp\/v2\/media?parent=4921"}],"wp:term":[{"taxonomy":"product_brand","embeddable":true,"href":"https:\/\/uj.adatbank.ro\/lexikon\/wp-json\/wp\/v2\/product_brand?post=4921"},{"taxonomy":"product_cat","embeddable":true,"href":"https:\/\/uj.adatbank.ro\/lexikon\/wp-json\/wp\/v2\/product_cat?post=4921"},{"taxonomy":"product_tag","embeddable":true,"href":"https:\/\/uj.adatbank.ro\/lexikon\/wp-json\/wp\/v2\/product_tag?post=4921"}],"curies":[{"name":"wp","href":"https:\/\/api.w.org\/{rel}","templated":true}]}}

BOD Péter, albisi

<p>1789. v. 1801., † 1868.: tanár, tisztviselő az erdélyi udvari kancellárián. – Bolyai Farkas tanítványa és Teleki Sámuel házi tanítója volt. Természetrajzban és pedagógiában nagyon jólképzett tanár, a mv.-i Ref. Koll. és a nagyenyedi Ref. Koll. is meghívta, de nem fogadta el, mert szavát adta, hogy 12 évig magántanárként Bethlen Ferenc fiait fogja tanítani. Könyvtárát és vagyonát alapítványként a mv.-i Ref. Koll.-ra hagyta. – <strong>F. m.:</strong> <strong>antológ.:</strong> Szíve kiömlése a’ Maros Vásárhelyi Ref. Kollégyombéli ifiúságának egy kedves attya halálán [Gr. Kemény Miklós]. (Mv., 1829). <br /><strong>Irod.:</strong> Berekméri; Bolyai-levelek; Fogarasi</br></p>

<p>1789. v. 1801., † 1868.: tanár, tisztviselő az erdélyi udvari kancellárián. – Bolyai Farkas tanítványa és Teleki Sámuel házi tanítója volt. Természetrajzban és pedagógiában nagyon jólképzett tanár, a mv.-i Ref. Koll. és a nagyenyedi Ref. Koll. is meghívta, de nem fogadta el, mert szavát adta, hogy 12 évig magántanárként Bethlen Ferenc fiait fogja tanítani. Könyvtárát [&hellip;]</p>
