{"id":4927,"date":"2025-06-28T16:57:44","date_gmt":"2025-06-28T14:57:44","guid":{"rendered":"https:\/\/uj.adatbank.ro\/lexikon\/termek\/bod-sandor-albisi-es-felsocsernatoni\/"},"modified":"2025-06-28T16:57:44","modified_gmt":"2025-06-28T14:57:44","slug":"bod-sandor-albisi-es-felsocsernatoni","status":"publish","type":"product","link":"https:\/\/uj.adatbank.ro\/lexikon\/termek\/bod-sandor-albisi-es-felsocsernatoni\/","title":{"rendered":"BOD S\u00e1ndor, albisi \u00e9s fels\u0151csern\u00e1toni"},"content":{"rendered":"<p>Szatm\u00e1r, 1895, \u2020\u00a0Mv., 1978.: f\u00f6ldbirtokos. \u2013 B. S\u00e1ndor, ref. f\u0151gimn.-i tan\u00e1r Szatm\u00e1rn\u00e9metiben \u00e9s S\u00e1rk\u00e1ny Berta fia. Feles\u00e9ge: 1. jobb\u00e1gytelki Tolvaly Erzs\u00e9bet (1905.?-Vajdaszentiv\u00e1ny, 1933. febr. 1.). Gyermekeik: S\u00e1ndor (1926\u20132000), Erzs\u00e9bet (1928\u2013),. 2. Csisz\u00e9r Gabriella (1904. \u2013 1996. nov. 27). Gyermekeik: Alad\u00e1r Albert (1940\u2013), Imola M\u00e1ria (1942\u2013). \u2013 K\u00f6z\u00e9piskol\u00e1it Szatm\u00e1ron v\u00e9gezte, majd a debreceni \u00e9s a keszthelyi gazdas\u00e1gi akad\u00e9mi\u00e1n volt halgat\u00f3. M\u0171k\u00f6d\u00e9s\u00e9t gr. K\u00e1rolyi L\u00e1szl\u00f3 uradalm\u00e1ban kezdte, az els\u0151 vh. kit\u00f6r\u00e9sekor az 5. gy. ezredben az orosz frontra ker\u00fclt, megsebes\u00fclt, fogs\u00e1gba esett \u00e9s mint cserekatona t\u00e9rt vissza. Vajdaszentiv\u00e1nyi birtok\u00e1n intenziv, belterjes gazd\u00e1lkod\u00e1st folytatott, sert\u00e9s h\u00edzlal\u00e1ssal \u00e9s teny\u00e9szt\u00e9ssel is foglalkozott, tehen\u00e9szete els\u0151rend\u0171 volt. Az orsz\u00e1gos versenyen tehene 7600 literrel harmadik d\u00edjat nyert (1938). Speci\u00e1lis m\u00e1ktermel\u00e9ssel is foglalkozott. A g\u00f6rg\u00e9nyi ref. egyh\u00e1z vil\u00e1gi f\u0151jegyz\u0151je, egyh\u00e1zker\u00fcleti tan\u00e1csos volt.-<br \/><strong>Irod.:<\/strong> csal\u00e1di inf.; Gy\u00e1szjelent\u0151; Sz\u00e9kelyf\u00f6ld \u00ed. k<\/br><\/p>\n","protected":false},"excerpt":{"rendered":"<p>Szatm\u00e1r, 1895, \u2020\u00a0Mv., 1978.: f\u00f6ldbirtokos. \u2013 B. S\u00e1ndor, ref. f\u0151gimn.-i tan\u00e1r Szatm\u00e1rn\u00e9metiben \u00e9s S\u00e1rk\u00e1ny Berta fia. Feles\u00e9ge: 1. jobb\u00e1gytelki Tolvaly Erzs\u00e9bet (1905.?-Vajdaszentiv\u00e1ny, 1933. febr. 1.). Gyermekeik: S\u00e1ndor (1926\u20132000), Erzs\u00e9bet (1928\u2013),. 2. Csisz\u00e9r Gabriella (1904. \u2013 1996. nov. 27). Gyermekeik: Alad\u00e1r Albert (1940\u2013), Imola M\u00e1ria (1942\u2013). \u2013 K\u00f6z\u00e9piskol\u00e1it Szatm\u00e1ron v\u00e9gezte, majd a debreceni \u00e9s a keszthelyi [&hellip;]<\/p>\n","protected":false},"featured_media":0,"comment_status":"open","ping_status":"closed","template":"","meta":[],"product_brand":[],"product_cat":[137],"product_tag":[],"class_list":{"0":"post-4927","1":"product","2":"type-product","3":"status-publish","5":"product_cat-maros-megyei-eletrajzi-lexikon","7":"first","8":"instock","9":"shipping-taxable","10":"product-type-simple"},"_links":{"self":[{"href":"https:\/\/uj.adatbank.ro\/lexikon\/wp-json\/wp\/v2\/product\/4927","targetHints":{"allow":["GET"]}}],"collection":[{"href":"https:\/\/uj.adatbank.ro\/lexikon\/wp-json\/wp\/v2\/product"}],"about":[{"href":"https:\/\/uj.adatbank.ro\/lexikon\/wp-json\/wp\/v2\/types\/product"}],"replies":[{"embeddable":true,"href":"https:\/\/uj.adatbank.ro\/lexikon\/wp-json\/wp\/v2\/comments?post=4927"}],"wp:attachment":[{"href":"https:\/\/uj.adatbank.ro\/lexikon\/wp-json\/wp\/v2\/media?parent=4927"}],"wp:term":[{"taxonomy":"product_brand","embeddable":true,"href":"https:\/\/uj.adatbank.ro\/lexikon\/wp-json\/wp\/v2\/product_brand?post=4927"},{"taxonomy":"product_cat","embeddable":true,"href":"https:\/\/uj.adatbank.ro\/lexikon\/wp-json\/wp\/v2\/product_cat?post=4927"},{"taxonomy":"product_tag","embeddable":true,"href":"https:\/\/uj.adatbank.ro\/lexikon\/wp-json\/wp\/v2\/product_tag?post=4927"}],"curies":[{"name":"wp","href":"https:\/\/api.w.org\/{rel}","templated":true}]}}

BOD Sándor, albisi és felsőcsernátoni

<p>Szatmár, 1895, † Mv., 1978.: földbirtokos. – B. Sándor, ref. főgimn.-i tanár Szatmárnémetiben és Sárkány Berta fia. Felesége: 1. jobbágytelki Tolvaly Erzsébet (1905.?-Vajdaszentivány, 1933. febr. 1.). Gyermekeik: Sándor (1926–2000), Erzsébet (1928–),. 2. Csiszér Gabriella (1904. – 1996. nov. 27). Gyermekeik: Aladár Albert (1940–), Imola Mária (1942–). – Középiskoláit Szatmáron végezte, majd a debreceni és a keszthelyi gazdasági akadémián volt halgató. Működését gr. Károlyi László uradalmában kezdte, az első vh. kitörésekor az 5. gy. ezredben az orosz frontra került, megsebesült, fogságba esett és mint cserekatona tért vissza. Vajdaszentiványi birtokán intenziv, belterjes gazdálkodást folytatott, sertés hízlalással és tenyésztéssel is foglalkozott, tehenészete elsőrendű volt. Az országos versenyen tehene 7600 literrel harmadik díjat nyert (1938). Speciális máktermeléssel is foglalkozott. A görgényi ref. egyház világi főjegyzője, egyházkerületi tanácsos volt.-<br /><strong>Irod.:</strong> családi inf.; Gyászjelentő; Székelyföld í. k</br></p>

<p>Szatmár, 1895, † Mv., 1978.: földbirtokos. – B. Sándor, ref. főgimn.-i tanár Szatmárnémetiben és Sárkány Berta fia. Felesége: 1. jobbágytelki Tolvaly Erzsébet (1905.?-Vajdaszentivány, 1933. febr. 1.). Gyermekeik: Sándor (1926–2000), Erzsébet (1928–),. 2. Csiszér Gabriella (1904. – 1996. nov. 27). Gyermekeik: Aladár Albert (1940–), Imola Mária (1942–). – Középiskoláit Szatmáron végezte, majd a debreceni és a keszthelyi [&hellip;]</p>
