{"id":4936,"date":"2025-06-28T16:58:00","date_gmt":"2025-06-28T14:58:00","guid":{"rendered":"https:\/\/uj.adatbank.ro\/lexikon\/termek\/bodis-erzsebet\/"},"modified":"2025-06-28T16:58:00","modified_gmt":"2025-06-28T14:58:00","slug":"bodis-erzsebet","status":"publish","type":"product","link":"https:\/\/uj.adatbank.ro\/lexikon\/termek\/bodis-erzsebet\/","title":{"rendered":"B\u00d3DIS Erzs\u00e9bet"},"content":{"rendered":"<p>Zsobok, 1923., \u2020\u00a0G\u00f6d\u00f6ll\u0151, 2013.: textilm\u0171v\u00e9sz. \u2013 Kv.-on a Magyar M\u0171v\u00e9szeti Int\u00e9zet (1949\u20131950) \u00e9s a Ion Andreescu K\u0151pz\u0151m\u0171v. F\u0151iskola (1950\u201357), a textil tansz\u00e9k hallgat\u00f3ja, mesterei Ferenczy No\u00e9mi \u00e9s Szentimrei Judit. Cs\u00edkszered\u00e1ban dolgozott, majd Mv.-en tan\u00edtott, majd szabadfoglalkoz\u00e1s\u00fa m\u0171v\u00e9sz. A n\u00e9pi sz\u00f6nyegsz\u00f6v\u00e9s technik\u00e1j\u00e1val k\u00e9sz\u00edtett k\u00e1rpitokat, sz\u00f6nyegeket. Mo.-ra telepedett (1986). A G\u00f6d\u00f6ll\u0151i Iparm\u0171v\u00e9szeti M\u0171hely egyik alap\u00edt\u00f3 tagja. Kit\u00fcntet\u00e9se\u00a0: Magyar K\u00f6zt\u00e1rsas\u00e1gi \u00c9rdemrend k\u00f6z\u00e9pkeresztje kit\u00fcntet\u00e9st (2006). <br \/><strong>Irod.:<\/strong> 100 \u00e9v; Keser\u0171 Katalin: B\u00f3dis Erzs\u00e9bet (Bp., 2006)<\/br><\/p>\n","protected":false},"excerpt":{"rendered":"<p>Zsobok, 1923., \u2020\u00a0G\u00f6d\u00f6ll\u0151, 2013.: textilm\u0171v\u00e9sz. \u2013 Kv.-on a Magyar M\u0171v\u00e9szeti Int\u00e9zet (1949\u20131950) \u00e9s a Ion Andreescu K\u0151pz\u0151m\u0171v. F\u0151iskola (1950\u201357), a textil tansz\u00e9k hallgat\u00f3ja, mesterei Ferenczy No\u00e9mi \u00e9s Szentimrei Judit. Cs\u00edkszered\u00e1ban dolgozott, majd Mv.-en tan\u00edtott, majd szabadfoglalkoz\u00e1s\u00fa m\u0171v\u00e9sz. A n\u00e9pi sz\u00f6nyegsz\u00f6v\u00e9s technik\u00e1j\u00e1val k\u00e9sz\u00edtett k\u00e1rpitokat, sz\u00f6nyegeket. Mo.-ra telepedett (1986). A G\u00f6d\u00f6ll\u0151i Iparm\u0171v\u00e9szeti M\u0171hely egyik alap\u00edt\u00f3 tagja. Kit\u00fcntet\u00e9se\u00a0: [&hellip;]<\/p>\n","protected":false},"featured_media":0,"comment_status":"open","ping_status":"closed","template":"","meta":[],"product_brand":[],"product_cat":[137],"product_tag":[],"class_list":{"0":"post-4936","1":"product","2":"type-product","3":"status-publish","5":"product_cat-maros-megyei-eletrajzi-lexikon","7":"first","8":"instock","9":"shipping-taxable","10":"product-type-simple"},"_links":{"self":[{"href":"https:\/\/uj.adatbank.ro\/lexikon\/wp-json\/wp\/v2\/product\/4936","targetHints":{"allow":["GET"]}}],"collection":[{"href":"https:\/\/uj.adatbank.ro\/lexikon\/wp-json\/wp\/v2\/product"}],"about":[{"href":"https:\/\/uj.adatbank.ro\/lexikon\/wp-json\/wp\/v2\/types\/product"}],"replies":[{"embeddable":true,"href":"https:\/\/uj.adatbank.ro\/lexikon\/wp-json\/wp\/v2\/comments?post=4936"}],"wp:attachment":[{"href":"https:\/\/uj.adatbank.ro\/lexikon\/wp-json\/wp\/v2\/media?parent=4936"}],"wp:term":[{"taxonomy":"product_brand","embeddable":true,"href":"https:\/\/uj.adatbank.ro\/lexikon\/wp-json\/wp\/v2\/product_brand?post=4936"},{"taxonomy":"product_cat","embeddable":true,"href":"https:\/\/uj.adatbank.ro\/lexikon\/wp-json\/wp\/v2\/product_cat?post=4936"},{"taxonomy":"product_tag","embeddable":true,"href":"https:\/\/uj.adatbank.ro\/lexikon\/wp-json\/wp\/v2\/product_tag?post=4936"}],"curies":[{"name":"wp","href":"https:\/\/api.w.org\/{rel}","templated":true}]}}

BÓDIS Erzsébet

<p>Zsobok, 1923., † Gödöllő, 2013.: textilművész. – Kv.-on a Magyar Művészeti Intézet (1949–1950) és a Ion Andreescu Kőpzőműv. Főiskola (1950–57), a textil tanszék hallgatója, mesterei Ferenczy Noémi és Szentimrei Judit. Csíkszeredában dolgozott, majd Mv.-en tanított, majd szabadfoglalkozású művész. A népi szönyegszövés technikájával készített kárpitokat, szönyegeket. Mo.-ra telepedett (1986). A Gödöllői Iparművészeti Műhely egyik alapító tagja. Kitüntetése : Magyar Köztársasági Érdemrend középkeresztje kitüntetést (2006). <br /><strong>Irod.:</strong> 100 év; Keserű Katalin: Bódis Erzsébet (Bp., 2006)</br></p>

<p>Zsobok, 1923., † Gödöllő, 2013.: textilművész. – Kv.-on a Magyar Művészeti Intézet (1949–1950) és a Ion Andreescu Kőpzőműv. Főiskola (1950–57), a textil tanszék hallgatója, mesterei Ferenczy Noémi és Szentimrei Judit. Csíkszeredában dolgozott, majd Mv.-en tanított, majd szabadfoglalkozású művész. A népi szönyegszövés technikájával készített kárpitokat, szönyegeket. Mo.-ra telepedett (1986). A Gödöllői Iparművészeti Műhely egyik alapító tagja. Kitüntetése : [&hellip;]</p>
