{"id":4938,"date":"2025-06-28T16:58:04","date_gmt":"2025-06-28T14:58:04","guid":{"rendered":"https:\/\/uj.adatbank.ro\/lexikon\/termek\/bodis-sandor-dr-%c2%a7\/"},"modified":"2025-06-28T16:58:04","modified_gmt":"2025-06-28T14:58:04","slug":"bodis-sandor-dr-%c2%a7","status":"publish","type":"product","link":"https:\/\/uj.adatbank.ro\/lexikon\/termek\/bodis-sandor-dr-%c2%a7\/","title":{"rendered":"B\u00d3DIS S\u00e1ndor, dr. \u00a7"},"content":{"rendered":"<p>1920., \u2020 Mv., 2010. dec. 28.: orvos. \u2013 A Maros megyei \u00c1llami Eg\u00e9szs\u00e9g\u00fcgyi Fel\u00fcgyel\u0151s\u00e9g (Sanepid) igazgat\u00f3ja volt (1959\u2013). Kutat\u00f3munk\u00e1ja az iv\u00f3v\u00edz ell\u00e1t\u00e1ssal, a leveg\u0151v\u00e9delemmel, a v\u00e1rosfejleszt\u00e9ssel kapcsolatos, t\u00f6bb tudom\u00e1nyos dolgozata jelent meg. Els\u0151k\u00e9nt javasolta iv\u00f3v\u00edz-fluoriz\u00e1l\u00f3 k\u00f6zpont l\u00e9trehoz\u00e1s\u00e1t Mv.-en, valamint az Orsz\u00e1gos Fluoriz\u00e1l\u00f3 K\u00f6zpont l\u00e9trehoz\u00e1s\u00e1t. <br \/><strong>Irod.:<\/strong> Bartis Ferenc: K\u00f6rnyezetv\u00e9delem, eg\u00e9szs\u00e9gv\u00e9delem (\u00daj \u00c9let, 2. sz. 1973.); Id\u0151t\u00e1r 4.; [Nekrol\u00f3g](N\u00fa., 2010. dec. 29.); Kiss Cs. M 4.<\/br><\/p>\n","protected":false},"excerpt":{"rendered":"<p>1920., \u2020 Mv., 2010. dec. 28.: orvos. \u2013 A Maros megyei \u00c1llami Eg\u00e9szs\u00e9g\u00fcgyi Fel\u00fcgyel\u0151s\u00e9g (Sanepid) igazgat\u00f3ja volt (1959\u2013). Kutat\u00f3munk\u00e1ja az iv\u00f3v\u00edz ell\u00e1t\u00e1ssal, a leveg\u0151v\u00e9delemmel, a v\u00e1rosfejleszt\u00e9ssel kapcsolatos, t\u00f6bb tudom\u00e1nyos dolgozata jelent meg. Els\u0151k\u00e9nt javasolta iv\u00f3v\u00edz-fluoriz\u00e1l\u00f3 k\u00f6zpont l\u00e9trehoz\u00e1s\u00e1t Mv.-en, valamint az Orsz\u00e1gos Fluoriz\u00e1l\u00f3 K\u00f6zpont l\u00e9trehoz\u00e1s\u00e1t. Irod.: Bartis Ferenc: K\u00f6rnyezetv\u00e9delem, eg\u00e9szs\u00e9gv\u00e9delem (\u00daj \u00c9let, 2. sz. 1973.); Id\u0151t\u00e1r [&hellip;]<\/p>\n","protected":false},"featured_media":0,"comment_status":"open","ping_status":"closed","template":"","meta":[],"product_brand":[],"product_cat":[137],"product_tag":[],"class_list":{"0":"post-4938","1":"product","2":"type-product","3":"status-publish","5":"product_cat-maros-megyei-eletrajzi-lexikon","7":"first","8":"instock","9":"shipping-taxable","10":"product-type-simple"},"_links":{"self":[{"href":"https:\/\/uj.adatbank.ro\/lexikon\/wp-json\/wp\/v2\/product\/4938","targetHints":{"allow":["GET"]}}],"collection":[{"href":"https:\/\/uj.adatbank.ro\/lexikon\/wp-json\/wp\/v2\/product"}],"about":[{"href":"https:\/\/uj.adatbank.ro\/lexikon\/wp-json\/wp\/v2\/types\/product"}],"replies":[{"embeddable":true,"href":"https:\/\/uj.adatbank.ro\/lexikon\/wp-json\/wp\/v2\/comments?post=4938"}],"wp:attachment":[{"href":"https:\/\/uj.adatbank.ro\/lexikon\/wp-json\/wp\/v2\/media?parent=4938"}],"wp:term":[{"taxonomy":"product_brand","embeddable":true,"href":"https:\/\/uj.adatbank.ro\/lexikon\/wp-json\/wp\/v2\/product_brand?post=4938"},{"taxonomy":"product_cat","embeddable":true,"href":"https:\/\/uj.adatbank.ro\/lexikon\/wp-json\/wp\/v2\/product_cat?post=4938"},{"taxonomy":"product_tag","embeddable":true,"href":"https:\/\/uj.adatbank.ro\/lexikon\/wp-json\/wp\/v2\/product_tag?post=4938"}],"curies":[{"name":"wp","href":"https:\/\/api.w.org\/{rel}","templated":true}]}}

BÓDIS Sándor, dr. §

<p>1920., † Mv., 2010. dec. 28.: orvos. – A Maros megyei Állami Egészségügyi Felügyelőség (Sanepid) igazgatója volt (1959–). Kutatómunkája az ivóvíz ellátással, a levegővédelemmel, a városfejlesztéssel kapcsolatos, több tudományos dolgozata jelent meg. Elsőként javasolta ivóvíz-fluorizáló központ létrehozását Mv.-en, valamint az Országos Fluorizáló Központ létrehozását. <br /><strong>Irod.:</strong> Bartis Ferenc: Környezetvédelem, egészségvédelem (Új Élet, 2. sz. 1973.); Időtár 4.; [Nekrológ](Nú., 2010. dec. 29.); Kiss Cs. M 4.</br></p>

<p>1920., † Mv., 2010. dec. 28.: orvos. – A Maros megyei Állami Egészségügyi Felügyelőség (Sanepid) igazgatója volt (1959–). Kutatómunkája az ivóvíz ellátással, a levegővédelemmel, a városfejlesztéssel kapcsolatos, több tudományos dolgozata jelent meg. Elsőként javasolta ivóvíz-fluorizáló központ létrehozását Mv.-en, valamint az Országos Fluorizáló Központ létrehozását. Irod.: Bartis Ferenc: Környezetvédelem, egészségvédelem (Új Élet, 2. sz. 1973.); Időtár [&hellip;]</p>
