{"id":4941,"date":"2025-06-28T16:58:09","date_gmt":"2025-06-28T14:58:09","guid":{"rendered":"https:\/\/uj.adatbank.ro\/lexikon\/termek\/bodo-adam\/"},"modified":"2025-06-28T16:58:09","modified_gmt":"2025-06-28T14:58:09","slug":"bodo-adam","status":"publish","type":"product","link":"https:\/\/uj.adatbank.ro\/lexikon\/termek\/bodo-adam\/","title":{"rendered":"BOD\u00d3 \u00c1d\u00e1m"},"content":{"rendered":"<p>Cs\u00edkcsekefalva, 1851. dec. 24., \u2020\u00a01891. nov. 6.: r. k. paptan\u00e1r. \u2013 Cs\u00edksomly\u00f3n v\u00e9gezte a gimn.-ot, Gyulefeh\u00e9rv\u00e1ron filoz\u00f3fiai \u00e9s teol\u00f3giai tanulm\u00e1nyokat folytatott. Papp\u00e1 szentelt\u00e9k (1875. dec. 19.). K\u00e1pl\u00e1n volt Kozm\u00e1son. Gimn.-i tan\u00e1r Sz\u00e9kelyudvarhelyen (1876\u201379, 1881\u201383), Kv.-on (1879\u201381), majd Mv.-en (1883\u2013), k\u00f6zben Ny\u00e1r\u00e1dt\u0151n is tan\u00edtott (1883\u201388). \u2013 <strong>F. m.:<\/strong> Vegyes k\u00f6ltem\u00e9nyek (Mv., 1886); el\u0151sz\u00f3: F\u00fcl\u00f6p Lajos: \u00c1ksziom\u00e1k az az r\u00f6vid vel\u0151s mondatok, \u00e9letelvek, k\u00f6zmond\u00e1sok, p\u00e9ldasz\u00f3l\u00e1sok, eml\u00e9kversek, jelmondatok gy\u0171jtem\u00e9nye latin \u00e9s magyar nyelven, f\u0151leg a gimn\u00e1ziumi \u00e9s egyetemi ifjak haszn\u00e1lat\u00e1ra (Gyulafeh\u00e9rv\u00e1r, 1888, 1890). \u2013 Irod: Ferenczi S\u00e1ndor 2009; F\u00fcl\u00f6p-Ferenc; A magyro.-i k\u00f6z\u00e9piskol\u00e1kban 1850\u201355 \u2013ig megjelent \u00f6sszes programm\u00e9rtekez\u00e9seknek repert\u00f3riuma (Bp., 1887)<\/br><\/p>\n","protected":false},"excerpt":{"rendered":"<p>Cs\u00edkcsekefalva, 1851. dec. 24., \u2020\u00a01891. nov. 6.: r. k. paptan\u00e1r. \u2013 Cs\u00edksomly\u00f3n v\u00e9gezte a gimn.-ot, Gyulefeh\u00e9rv\u00e1ron filoz\u00f3fiai \u00e9s teol\u00f3giai tanulm\u00e1nyokat folytatott. Papp\u00e1 szentelt\u00e9k (1875. dec. 19.). K\u00e1pl\u00e1n volt Kozm\u00e1son. Gimn.-i tan\u00e1r Sz\u00e9kelyudvarhelyen (1876\u201379, 1881\u201383), Kv.-on (1879\u201381), majd Mv.-en (1883\u2013), k\u00f6zben Ny\u00e1r\u00e1dt\u0151n is tan\u00edtott (1883\u201388). \u2013 F. m.: Vegyes k\u00f6ltem\u00e9nyek (Mv., 1886); el\u0151sz\u00f3: F\u00fcl\u00f6p Lajos: \u00c1ksziom\u00e1k [&hellip;]<\/p>\n","protected":false},"featured_media":0,"comment_status":"open","ping_status":"closed","template":"","meta":[],"product_brand":[],"product_cat":[137],"product_tag":[],"class_list":{"0":"post-4941","1":"product","2":"type-product","3":"status-publish","5":"product_cat-maros-megyei-eletrajzi-lexikon","7":"first","8":"instock","9":"shipping-taxable","10":"product-type-simple"},"_links":{"self":[{"href":"https:\/\/uj.adatbank.ro\/lexikon\/wp-json\/wp\/v2\/product\/4941","targetHints":{"allow":["GET"]}}],"collection":[{"href":"https:\/\/uj.adatbank.ro\/lexikon\/wp-json\/wp\/v2\/product"}],"about":[{"href":"https:\/\/uj.adatbank.ro\/lexikon\/wp-json\/wp\/v2\/types\/product"}],"replies":[{"embeddable":true,"href":"https:\/\/uj.adatbank.ro\/lexikon\/wp-json\/wp\/v2\/comments?post=4941"}],"wp:attachment":[{"href":"https:\/\/uj.adatbank.ro\/lexikon\/wp-json\/wp\/v2\/media?parent=4941"}],"wp:term":[{"taxonomy":"product_brand","embeddable":true,"href":"https:\/\/uj.adatbank.ro\/lexikon\/wp-json\/wp\/v2\/product_brand?post=4941"},{"taxonomy":"product_cat","embeddable":true,"href":"https:\/\/uj.adatbank.ro\/lexikon\/wp-json\/wp\/v2\/product_cat?post=4941"},{"taxonomy":"product_tag","embeddable":true,"href":"https:\/\/uj.adatbank.ro\/lexikon\/wp-json\/wp\/v2\/product_tag?post=4941"}],"curies":[{"name":"wp","href":"https:\/\/api.w.org\/{rel}","templated":true}]}}

BODÓ Ádám

<p>Csíkcsekefalva, 1851. dec. 24., † 1891. nov. 6.: r. k. paptanár. – Csíksomlyón végezte a gimn.-ot, Gyulefehérváron filozófiai és teológiai tanulmányokat folytatott. Pappá szentelték (1875. dec. 19.). Káplán volt Kozmáson. Gimn.-i tanár Székelyudvarhelyen (1876–79, 1881–83), Kv.-on (1879–81), majd Mv.-en (1883–), közben Nyárádtőn is tanított (1883–88). – <strong>F. m.:</strong> Vegyes költemények (Mv., 1886); előszó: Fülöp Lajos: Áksziomák az az rövid velős mondatok, életelvek, közmondások, példaszólások, emlékversek, jelmondatok gyűjteménye latin és magyar nyelven, főleg a gimnáziumi és egyetemi ifjak használatára (Gyulafehérvár, 1888, 1890). – Irod: Ferenczi Sándor 2009; Fülöp-Ferenc; A magyro.-i középiskolákban 1850–55 –ig megjelent összes programmértekezéseknek repertóriuma (Bp., 1887)</br></p>

<p>Csíkcsekefalva, 1851. dec. 24., † 1891. nov. 6.: r. k. paptanár. – Csíksomlyón végezte a gimn.-ot, Gyulefehérváron filozófiai és teológiai tanulmányokat folytatott. Pappá szentelték (1875. dec. 19.). Káplán volt Kozmáson. Gimn.-i tanár Székelyudvarhelyen (1876–79, 1881–83), Kv.-on (1879–81), majd Mv.-en (1883–), közben Nyárádtőn is tanított (1883–88). – F. m.: Vegyes költemények (Mv., 1886); előszó: Fülöp Lajos: Áksziomák [&hellip;]</p>
