{"id":4946,"date":"2025-06-28T16:58:18","date_gmt":"2025-06-28T14:58:18","guid":{"rendered":"https:\/\/uj.adatbank.ro\/lexikon\/termek\/bodo-daniel-mezopaniti\/"},"modified":"2025-06-28T16:58:18","modified_gmt":"2025-06-28T14:58:18","slug":"bodo-daniel-mezopaniti","status":"publish","type":"product","link":"https:\/\/uj.adatbank.ro\/lexikon\/termek\/bodo-daniel-mezopaniti\/","title":{"rendered":"BOD\u00d3 D\u00e1niel, mez\u0151paniti"},"content":{"rendered":"<p>Csejd, 1818., \u2020\u00a0Mv., 1881. okt. 19.: \u00edrnok, nemzet\u0151ri f\u0151hadnagy. \u2013 Fiai: B. \u00c1rp\u00e1d, m. kir. postakezel\u0151, S\u00e1ndor. \u2013 Kir. j\u00e1r\u00e1sb\u00edr\u00f3s\u00e1gi \u00edrnok, nemzet\u0151ri f\u0151hadnagy (1848\u201349), a Marossz\u00e9ki Nemzet\u0151ri I. Z\u00e1szl\u00f3alj 8. sz\u00e1zada Csejden \u00e1llom\u00e1sozott, felolvasta a nemzet\u0151r\u00f6k el\u0151tt azt a k\u00f6ny\u00f6rg\u00e9st, ami k\u00e9s\u0151bb nyomtat\u00e1sban is megjelent T\u00e1bori k\u00f6ny\u00f6rg\u00e9s c. <br \/><strong>Irod.:<\/strong> Csejd \u2013T\u00f3falva, Gy\u00e1szjelent\u0151; http: \/\/mek. oszk. hu.<\/br><\/p>\n","protected":false},"excerpt":{"rendered":"<p>Csejd, 1818., \u2020\u00a0Mv., 1881. okt. 19.: \u00edrnok, nemzet\u0151ri f\u0151hadnagy. \u2013 Fiai: B. \u00c1rp\u00e1d, m. kir. postakezel\u0151, S\u00e1ndor. \u2013 Kir. j\u00e1r\u00e1sb\u00edr\u00f3s\u00e1gi \u00edrnok, nemzet\u0151ri f\u0151hadnagy (1848\u201349), a Marossz\u00e9ki Nemzet\u0151ri I. Z\u00e1szl\u00f3alj 8. sz\u00e1zada Csejden \u00e1llom\u00e1sozott, felolvasta a nemzet\u0151r\u00f6k el\u0151tt azt a k\u00f6ny\u00f6rg\u00e9st, ami k\u00e9s\u0151bb nyomtat\u00e1sban is megjelent T\u00e1bori k\u00f6ny\u00f6rg\u00e9s c. Irod.: Csejd \u2013T\u00f3falva, Gy\u00e1szjelent\u0151; http: \/\/mek. oszk. [&hellip;]<\/p>\n","protected":false},"featured_media":0,"comment_status":"open","ping_status":"closed","template":"","meta":[],"product_brand":[],"product_cat":[137],"product_tag":[],"class_list":{"0":"post-4946","1":"product","2":"type-product","3":"status-publish","5":"product_cat-maros-megyei-eletrajzi-lexikon","7":"first","8":"instock","9":"shipping-taxable","10":"product-type-simple"},"_links":{"self":[{"href":"https:\/\/uj.adatbank.ro\/lexikon\/wp-json\/wp\/v2\/product\/4946","targetHints":{"allow":["GET"]}}],"collection":[{"href":"https:\/\/uj.adatbank.ro\/lexikon\/wp-json\/wp\/v2\/product"}],"about":[{"href":"https:\/\/uj.adatbank.ro\/lexikon\/wp-json\/wp\/v2\/types\/product"}],"replies":[{"embeddable":true,"href":"https:\/\/uj.adatbank.ro\/lexikon\/wp-json\/wp\/v2\/comments?post=4946"}],"wp:attachment":[{"href":"https:\/\/uj.adatbank.ro\/lexikon\/wp-json\/wp\/v2\/media?parent=4946"}],"wp:term":[{"taxonomy":"product_brand","embeddable":true,"href":"https:\/\/uj.adatbank.ro\/lexikon\/wp-json\/wp\/v2\/product_brand?post=4946"},{"taxonomy":"product_cat","embeddable":true,"href":"https:\/\/uj.adatbank.ro\/lexikon\/wp-json\/wp\/v2\/product_cat?post=4946"},{"taxonomy":"product_tag","embeddable":true,"href":"https:\/\/uj.adatbank.ro\/lexikon\/wp-json\/wp\/v2\/product_tag?post=4946"}],"curies":[{"name":"wp","href":"https:\/\/api.w.org\/{rel}","templated":true}]}}

BODÓ Dániel, mezőpaniti

<p>Csejd, 1818., † Mv., 1881. okt. 19.: írnok, nemzetőri főhadnagy. – Fiai: B. Árpád, m. kir. postakezelő, Sándor. – Kir. járásbírósági írnok, nemzetőri főhadnagy (1848–49), a Marosszéki Nemzetőri I. Zászlóalj 8. százada Csejden állomásozott, felolvasta a nemzetőrök előtt azt a könyörgést, ami később nyomtatásban is megjelent Tábori könyörgés c. <br /><strong>Irod.:</strong> Csejd –Tófalva, Gyászjelentő; http: //mek. oszk. hu.</br></p>

<p>Csejd, 1818., † Mv., 1881. okt. 19.: írnok, nemzetőri főhadnagy. – Fiai: B. Árpád, m. kir. postakezelő, Sándor. – Kir. járásbírósági írnok, nemzetőri főhadnagy (1848–49), a Marosszéki Nemzetőri I. Zászlóalj 8. százada Csejden állomásozott, felolvasta a nemzetőrök előtt azt a könyörgést, ami később nyomtatásban is megjelent Tábori könyörgés c. Irod.: Csejd –Tófalva, Gyászjelentő; http: //mek. oszk. [&hellip;]</p>
