{"id":4951,"date":"2025-06-28T16:58:29","date_gmt":"2025-06-28T14:58:29","guid":{"rendered":"https:\/\/uj.adatbank.ro\/lexikon\/termek\/bodo-istvan\/"},"modified":"2025-06-28T16:58:29","modified_gmt":"2025-06-28T14:58:29","slug":"bodo-istvan","status":"publish","type":"product","link":"https:\/\/uj.adatbank.ro\/lexikon\/termek\/bodo-istvan\/","title":{"rendered":"BOD\u00d3 Istv\u00e1n"},"content":{"rendered":"<p>? \u2020\u00a0? : nemes. \u2013 A Mv.-en \u00e9l\u0151 \u00f6t nemesi csal\u00e1d egyike (1602). C\u00edmeres nemeslevelet (1615. jan. 3.) nyert B\u00e1thori G\u00e1bort\u00f3l. <br \/><strong>Irod.:<\/strong> Kempelen; MCK; P\u00e1l-Antal 2009; P\u00e1lmay<\/br><\/p>\n","protected":false},"excerpt":{"rendered":"<p>? \u2020\u00a0? : nemes. \u2013 A Mv.-en \u00e9l\u0151 \u00f6t nemesi csal\u00e1d egyike (1602). C\u00edmeres nemeslevelet (1615. jan. 3.) nyert B\u00e1thori G\u00e1bort\u00f3l. Irod.: Kempelen; MCK; P\u00e1l-Antal 2009; P\u00e1lmay<\/p>\n","protected":false},"featured_media":0,"comment_status":"open","ping_status":"closed","template":"","meta":[],"product_brand":[],"product_cat":[137],"product_tag":[],"class_list":{"0":"post-4951","1":"product","2":"type-product","3":"status-publish","5":"product_cat-maros-megyei-eletrajzi-lexikon","7":"first","8":"instock","9":"shipping-taxable","10":"product-type-simple"},"_links":{"self":[{"href":"https:\/\/uj.adatbank.ro\/lexikon\/wp-json\/wp\/v2\/product\/4951","targetHints":{"allow":["GET"]}}],"collection":[{"href":"https:\/\/uj.adatbank.ro\/lexikon\/wp-json\/wp\/v2\/product"}],"about":[{"href":"https:\/\/uj.adatbank.ro\/lexikon\/wp-json\/wp\/v2\/types\/product"}],"replies":[{"embeddable":true,"href":"https:\/\/uj.adatbank.ro\/lexikon\/wp-json\/wp\/v2\/comments?post=4951"}],"wp:attachment":[{"href":"https:\/\/uj.adatbank.ro\/lexikon\/wp-json\/wp\/v2\/media?parent=4951"}],"wp:term":[{"taxonomy":"product_brand","embeddable":true,"href":"https:\/\/uj.adatbank.ro\/lexikon\/wp-json\/wp\/v2\/product_brand?post=4951"},{"taxonomy":"product_cat","embeddable":true,"href":"https:\/\/uj.adatbank.ro\/lexikon\/wp-json\/wp\/v2\/product_cat?post=4951"},{"taxonomy":"product_tag","embeddable":true,"href":"https:\/\/uj.adatbank.ro\/lexikon\/wp-json\/wp\/v2\/product_tag?post=4951"}],"curies":[{"name":"wp","href":"https:\/\/api.w.org\/{rel}","templated":true}]}}