{"id":4954,"date":"2025-06-28T16:58:34","date_gmt":"2025-06-28T14:58:34","guid":{"rendered":"https:\/\/uj.adatbank.ro\/lexikon\/termek\/bodo-janos-2\/"},"modified":"2025-06-28T16:58:34","modified_gmt":"2025-06-28T14:58:34","slug":"bodo-janos-2","status":"publish","type":"product","link":"https:\/\/uj.adatbank.ro\/lexikon\/termek\/bodo-janos-2\/","title":{"rendered":"BOD\u00d3 J\u00e1nos"},"content":{"rendered":"<p>Gyergy\u00f3sztmikl\u00f3s, 1881, \u2020\u00a0Ny\u00e1r\u00e1dremete, 1957.: tan\u00e1r. \u2013 Cs\u00edksomlyon a k\u00e9pz\u0151ben tanult, majd uo. a hum\u00e1n tudom\u00e1nyok tan\u00e1ra is volt. Ny\u00e1r\u00e1dremet\u00e9n tan\u00edt\u00f3 (1900\u201344), k\u00f6zben az I. vh.-ban harcolt, \u00e9s orosz hadifogs\u00e1gba esett (hat \u00e9vig). K\u00e1ntori feladatokat is teljes\u00edtette. Rendezte a falu legel\u0151- \u00e9s erd\u0151-k\u00f6zbirtokoss\u00e1g\u00e1nak \u00fcgyes-bajos dolgait is. <br \/><strong>Irod.:<\/strong> Kakucs: Ny\u00e1r\u00e1dremete<\/br><\/p>\n","protected":false},"excerpt":{"rendered":"<p>Gyergy\u00f3sztmikl\u00f3s, 1881, \u2020\u00a0Ny\u00e1r\u00e1dremete, 1957.: tan\u00e1r. \u2013 Cs\u00edksomlyon a k\u00e9pz\u0151ben tanult, majd uo. a hum\u00e1n tudom\u00e1nyok tan\u00e1ra is volt. Ny\u00e1r\u00e1dremet\u00e9n tan\u00edt\u00f3 (1900\u201344), k\u00f6zben az I. vh.-ban harcolt, \u00e9s orosz hadifogs\u00e1gba esett (hat \u00e9vig). K\u00e1ntori feladatokat is teljes\u00edtette. Rendezte a falu legel\u0151- \u00e9s erd\u0151-k\u00f6zbirtokoss\u00e1g\u00e1nak \u00fcgyes-bajos dolgait is. Irod.: Kakucs: Ny\u00e1r\u00e1dremete<\/p>\n","protected":false},"featured_media":0,"comment_status":"open","ping_status":"closed","template":"","meta":[],"product_brand":[],"product_cat":[137],"product_tag":[],"class_list":{"0":"post-4954","1":"product","2":"type-product","3":"status-publish","5":"product_cat-maros-megyei-eletrajzi-lexikon","7":"first","8":"instock","9":"shipping-taxable","10":"product-type-simple"},"_links":{"self":[{"href":"https:\/\/uj.adatbank.ro\/lexikon\/wp-json\/wp\/v2\/product\/4954","targetHints":{"allow":["GET"]}}],"collection":[{"href":"https:\/\/uj.adatbank.ro\/lexikon\/wp-json\/wp\/v2\/product"}],"about":[{"href":"https:\/\/uj.adatbank.ro\/lexikon\/wp-json\/wp\/v2\/types\/product"}],"replies":[{"embeddable":true,"href":"https:\/\/uj.adatbank.ro\/lexikon\/wp-json\/wp\/v2\/comments?post=4954"}],"wp:attachment":[{"href":"https:\/\/uj.adatbank.ro\/lexikon\/wp-json\/wp\/v2\/media?parent=4954"}],"wp:term":[{"taxonomy":"product_brand","embeddable":true,"href":"https:\/\/uj.adatbank.ro\/lexikon\/wp-json\/wp\/v2\/product_brand?post=4954"},{"taxonomy":"product_cat","embeddable":true,"href":"https:\/\/uj.adatbank.ro\/lexikon\/wp-json\/wp\/v2\/product_cat?post=4954"},{"taxonomy":"product_tag","embeddable":true,"href":"https:\/\/uj.adatbank.ro\/lexikon\/wp-json\/wp\/v2\/product_tag?post=4954"}],"curies":[{"name":"wp","href":"https:\/\/api.w.org\/{rel}","templated":true}]}}