{"id":4962,"date":"2025-06-28T16:58:49","date_gmt":"2025-06-28T14:58:49","guid":{"rendered":"https:\/\/uj.adatbank.ro\/lexikon\/termek\/bodo-levente\/"},"modified":"2025-06-28T16:58:49","modified_gmt":"2025-06-28T14:58:49","slug":"bodo-levente","status":"publish","type":"product","link":"https:\/\/uj.adatbank.ro\/lexikon\/termek\/bodo-levente\/","title":{"rendered":"BOD\u00d3 Levente"},"content":{"rendered":"<p>Szentegyh\u00e1za, 1949. \u2020 ?\u00a0: szobr\u00e1sz. \u2013 A mv.-i M\u0171v\u00e9szeti K\u00f6z\u00e9piskol\u00e1ban tan\u00e1rai: Piskolti G\u00e1bor, Bordy Andr\u00e1s \u00e9s Barab\u00e1s Istv\u00e1n. fest\u0151m\u0171v\u00e9szek, szobr\u00e1szatot Izs\u00e1k M\u00e1rton \u00e9s Hunyadi L\u00e1szl\u00f3 tan\u00edtotta. Kolozsv\u00e1ron a K\u00e9pz\u0151m\u0171v\u00e9szeti F\u0151iskola szobr\u00e1szati szak\u00e1n tanult \u00e9s v\u00e9gzett (1969\u201373). Szentegyh\u00e1z\u00e1n tan\u00edtott (1973\u2013) \u00e9s szerepelt orsz\u00e1gos \u00e9s k\u00fclf\u00f6ldi t\u00e1rlatokon. \u00e9s csal\u00e1dokn\u00e1l. <br \/><strong>Irod.:<\/strong> Szab\u00f3\u2013K\u00e1llai<\/br><\/p>\n","protected":false},"excerpt":{"rendered":"<p>Szentegyh\u00e1za, 1949. \u2020 ?\u00a0: szobr\u00e1sz. \u2013 A mv.-i M\u0171v\u00e9szeti K\u00f6z\u00e9piskol\u00e1ban tan\u00e1rai: Piskolti G\u00e1bor, Bordy Andr\u00e1s \u00e9s Barab\u00e1s Istv\u00e1n. fest\u0151m\u0171v\u00e9szek, szobr\u00e1szatot Izs\u00e1k M\u00e1rton \u00e9s Hunyadi L\u00e1szl\u00f3 tan\u00edtotta. Kolozsv\u00e1ron a K\u00e9pz\u0151m\u0171v\u00e9szeti F\u0151iskola szobr\u00e1szati szak\u00e1n tanult \u00e9s v\u00e9gzett (1969\u201373). Szentegyh\u00e1z\u00e1n tan\u00edtott (1973\u2013) \u00e9s szerepelt orsz\u00e1gos \u00e9s k\u00fclf\u00f6ldi t\u00e1rlatokon. \u00e9s csal\u00e1dokn\u00e1l. Irod.: Szab\u00f3\u2013K\u00e1llai<\/p>\n","protected":false},"featured_media":0,"comment_status":"open","ping_status":"closed","template":"","meta":[],"product_brand":[],"product_cat":[137],"product_tag":[],"class_list":{"0":"post-4962","1":"product","2":"type-product","3":"status-publish","5":"product_cat-maros-megyei-eletrajzi-lexikon","7":"first","8":"instock","9":"shipping-taxable","10":"product-type-simple"},"_links":{"self":[{"href":"https:\/\/uj.adatbank.ro\/lexikon\/wp-json\/wp\/v2\/product\/4962","targetHints":{"allow":["GET"]}}],"collection":[{"href":"https:\/\/uj.adatbank.ro\/lexikon\/wp-json\/wp\/v2\/product"}],"about":[{"href":"https:\/\/uj.adatbank.ro\/lexikon\/wp-json\/wp\/v2\/types\/product"}],"replies":[{"embeddable":true,"href":"https:\/\/uj.adatbank.ro\/lexikon\/wp-json\/wp\/v2\/comments?post=4962"}],"wp:attachment":[{"href":"https:\/\/uj.adatbank.ro\/lexikon\/wp-json\/wp\/v2\/media?parent=4962"}],"wp:term":[{"taxonomy":"product_brand","embeddable":true,"href":"https:\/\/uj.adatbank.ro\/lexikon\/wp-json\/wp\/v2\/product_brand?post=4962"},{"taxonomy":"product_cat","embeddable":true,"href":"https:\/\/uj.adatbank.ro\/lexikon\/wp-json\/wp\/v2\/product_cat?post=4962"},{"taxonomy":"product_tag","embeddable":true,"href":"https:\/\/uj.adatbank.ro\/lexikon\/wp-json\/wp\/v2\/product_tag?post=4962"}],"curies":[{"name":"wp","href":"https:\/\/api.w.org\/{rel}","templated":true}]}}

BODÓ Levente

<p>Szentegyháza, 1949. † ? : szobrász. – A mv.-i Művészeti Középiskolában tanárai: Piskolti Gábor, Bordy András és Barabás István. festőművészek, szobrászatot Izsák Márton és Hunyadi László tanította. Kolozsváron a Képzőművészeti Főiskola szobrászati szakán tanult és végzett (1969–73). Szentegyházán tanított (1973–) és szerepelt országos és külföldi tárlatokon. és családoknál. <br /><strong>Irod.:</strong> Szabó–Kállai</br></p>

<p>Szentegyháza, 1949. † ? : szobrász. – A mv.-i Művészeti Középiskolában tanárai: Piskolti Gábor, Bordy András és Barabás István. festőművészek, szobrászatot Izsák Márton és Hunyadi László tanította. Kolozsváron a Képzőművészeti Főiskola szobrászati szakán tanult és végzett (1969–73). Szentegyházán tanított (1973–) és szerepelt országos és külföldi tárlatokon. és családoknál. Irod.: Szabó–Kállai</p>
