{"id":4963,"date":"2025-06-28T16:58:50","date_gmt":"2025-06-28T14:58:50","guid":{"rendered":"https:\/\/uj.adatbank.ro\/lexikon\/termek\/bodo-mihaly-%c2%a7\/"},"modified":"2025-06-28T16:58:50","modified_gmt":"2025-06-28T14:58:50","slug":"bodo-mihaly-%c2%a7","status":"publish","type":"product","link":"https:\/\/uj.adatbank.ro\/lexikon\/termek\/bodo-mihaly-%c2%a7\/","title":{"rendered":"BOD\u00d3 Mih\u00e1ly, \u00a7"},"content":{"rendered":"<p>1913., \u2020\u00a0? : aut\u00f3szerel\u0151. \u2013 G\u00e9pkocsiszerel\u0151 mester. A mv.-i Sz\u00e9kely Ker\u00fcleti Kereskedelmi \u00e9s Iparkamar\u00e1t\u00f3l g\u00e9pkocsi-szerel\u0151i mesterlevelet kapott (1942), az els\u0151 mv.-i Ford m\u0171hely vezet\u0151je. Az \u00faj szem\u00e9ly- \u00e9s teheraut\u00f3kat l\u00e1d\u00e1kba csomagolva k\u00fcldt\u00e9k amerik\u00e1b\u00f3l Buk.-be \u00e9s onnan a mv.-i Kinizsi P\u00e1l u. m\u0171helybe (1920 k.). <br \/><strong>Irod.:<\/strong> Aut\u00f3k \u00e9s egyebek: L\u00e1d\u00e1kban haj\u00f3n, vas\u00faton (N\u00fa., 2002. dec. 5.); Aut\u00f3k \u00e9s egyebek: A gr\u00f3f, a Lincoln meg a mesterlev\u00e9l (N\u00fa., 2003. febr. 13.)<\/br><\/p>\n","protected":false},"excerpt":{"rendered":"<p>1913., \u2020\u00a0? : aut\u00f3szerel\u0151. \u2013 G\u00e9pkocsiszerel\u0151 mester. A mv.-i Sz\u00e9kely Ker\u00fcleti Kereskedelmi \u00e9s Iparkamar\u00e1t\u00f3l g\u00e9pkocsi-szerel\u0151i mesterlevelet kapott (1942), az els\u0151 mv.-i Ford m\u0171hely vezet\u0151je. Az \u00faj szem\u00e9ly- \u00e9s teheraut\u00f3kat l\u00e1d\u00e1kba csomagolva k\u00fcldt\u00e9k amerik\u00e1b\u00f3l Buk.-be \u00e9s onnan a mv.-i Kinizsi P\u00e1l u. m\u0171helybe (1920 k.). Irod.: Aut\u00f3k \u00e9s egyebek: L\u00e1d\u00e1kban haj\u00f3n, vas\u00faton (N\u00fa., 2002. dec. 5.); [&hellip;]<\/p>\n","protected":false},"featured_media":0,"comment_status":"open","ping_status":"closed","template":"","meta":[],"product_brand":[],"product_cat":[137],"product_tag":[],"class_list":{"0":"post-4963","1":"product","2":"type-product","3":"status-publish","5":"product_cat-maros-megyei-eletrajzi-lexikon","7":"first","8":"instock","9":"shipping-taxable","10":"product-type-simple"},"_links":{"self":[{"href":"https:\/\/uj.adatbank.ro\/lexikon\/wp-json\/wp\/v2\/product\/4963","targetHints":{"allow":["GET"]}}],"collection":[{"href":"https:\/\/uj.adatbank.ro\/lexikon\/wp-json\/wp\/v2\/product"}],"about":[{"href":"https:\/\/uj.adatbank.ro\/lexikon\/wp-json\/wp\/v2\/types\/product"}],"replies":[{"embeddable":true,"href":"https:\/\/uj.adatbank.ro\/lexikon\/wp-json\/wp\/v2\/comments?post=4963"}],"wp:attachment":[{"href":"https:\/\/uj.adatbank.ro\/lexikon\/wp-json\/wp\/v2\/media?parent=4963"}],"wp:term":[{"taxonomy":"product_brand","embeddable":true,"href":"https:\/\/uj.adatbank.ro\/lexikon\/wp-json\/wp\/v2\/product_brand?post=4963"},{"taxonomy":"product_cat","embeddable":true,"href":"https:\/\/uj.adatbank.ro\/lexikon\/wp-json\/wp\/v2\/product_cat?post=4963"},{"taxonomy":"product_tag","embeddable":true,"href":"https:\/\/uj.adatbank.ro\/lexikon\/wp-json\/wp\/v2\/product_tag?post=4963"}],"curies":[{"name":"wp","href":"https:\/\/api.w.org\/{rel}","templated":true}]}}

BODÓ Mihály, §

<p>1913., † ? : autószerelő. – Gépkocsiszerelő mester. A mv.-i Székely Kerületi Kereskedelmi és Iparkamarától gépkocsi-szerelői mesterlevelet kapott (1942), az első mv.-i Ford műhely vezetője. Az új személy- és teherautókat ládákba csomagolva küldték amerikából Buk.-be és onnan a mv.-i Kinizsi Pál u. műhelybe (1920 k.). <br /><strong>Irod.:</strong> Autók és egyebek: Ládákban hajón, vasúton (Nú., 2002. dec. 5.); Autók és egyebek: A gróf, a Lincoln meg a mesterlevél (Nú., 2003. febr. 13.)</br></p>

<p>1913., † ? : autószerelő. – Gépkocsiszerelő mester. A mv.-i Székely Kerületi Kereskedelmi és Iparkamarától gépkocsi-szerelői mesterlevelet kapott (1942), az első mv.-i Ford műhely vezetője. Az új személy- és teherautókat ládákba csomagolva küldték amerikából Buk.-be és onnan a mv.-i Kinizsi Pál u. műhelybe (1920 k.). Irod.: Autók és egyebek: Ládákban hajón, vasúton (Nú., 2002. dec. 5.); [&hellip;]</p>
