{"id":4965,"date":"2025-06-28T16:58:54","date_gmt":"2025-06-28T14:58:54","guid":{"rendered":"https:\/\/uj.adatbank.ro\/lexikon\/termek\/bodo-sandor-mezopaniti\/"},"modified":"2025-06-28T16:58:54","modified_gmt":"2025-06-28T14:58:54","slug":"bodo-sandor-mezopaniti","status":"publish","type":"product","link":"https:\/\/uj.adatbank.ro\/lexikon\/termek\/bodo-sandor-mezopaniti\/","title":{"rendered":"BOD\u00d3 S\u00e1ndor, mez\u0151paniti"},"content":{"rendered":"<p>S\u00e1rv\u00e1r, 1855. dec. 20., \u2020 Bp., 1934. szept. 23.: jog\u00e1sz, korona\u00fcgy\u00e9szhelyettes. \u2013 B. Istv\u00e1n ref. pap unok\u00e1ja. \u2013 Mv.-en mint t\u00e1blai eln\u00f6ki titk\u00e1r m\u0171k\u00f6d\u00f6tt (1894\u2013) azut\u00e1n t\u00e1blai b\u00edr\u00f3 (1898\u2013), f\u0151\u00fcgy\u00e9szhelyettes (1900\u2013), t\u00f6rv\u00e9nysz\u00e9ki eln\u00f6k (1901\u2013), kir\u00e1lyi f\u0151\u00fcgy\u00e9sz vol (1908\u2013). R\u00e9szt vett Mv.-en a Kossuth Lajos 100. sz\u00fclet\u00e9snapj\u00e1n tartott nagyszab\u00e1s\u00fa \u00fcnneps\u00e9gen (1902. szept. 25). A IV Orsz\u00e1gos Patronage Kongresszus el\u0151k\u00e9sz\u00edt\u0151 bizotts\u00e1g\u00e1nak tagja (1914); A Tornakert Egyes\u00fclet eln\u00f6ke (1921). A Mv.-i Kaszin\u00f3 v\u00e1lasztm\u00e1nyi tagja (1919\u2013). Bp.-re k\u00f6lt\u00f6z\u00f6tt, ahol korona\u00fcgy\u00e9sz helyettes lett (1924\u201326). <br \/><strong>Irod.:<\/strong> A IV Orsz\u00e1gos Patronage Kongresszus iratai (Bp., 1914); Bi\u00e1s Istv\u00e1n; Guly\u00e1s; Id\u0151t\u00e1r 3; \u00d6kr\u00f6s; P\u00e1l-Antal 2003; P\u00e1lmay<\/br><\/p>\n","protected":false},"excerpt":{"rendered":"<p>S\u00e1rv\u00e1r, 1855. dec. 20., \u2020 Bp., 1934. szept. 23.: jog\u00e1sz, korona\u00fcgy\u00e9szhelyettes. \u2013 B. Istv\u00e1n ref. pap unok\u00e1ja. \u2013 Mv.-en mint t\u00e1blai eln\u00f6ki titk\u00e1r m\u0171k\u00f6d\u00f6tt (1894\u2013) azut\u00e1n t\u00e1blai b\u00edr\u00f3 (1898\u2013), f\u0151\u00fcgy\u00e9szhelyettes (1900\u2013), t\u00f6rv\u00e9nysz\u00e9ki eln\u00f6k (1901\u2013), kir\u00e1lyi f\u0151\u00fcgy\u00e9sz vol (1908\u2013). R\u00e9szt vett Mv.-en a Kossuth Lajos 100. sz\u00fclet\u00e9snapj\u00e1n tartott nagyszab\u00e1s\u00fa \u00fcnneps\u00e9gen (1902. szept. 25). A IV Orsz\u00e1gos [&hellip;]<\/p>\n","protected":false},"featured_media":0,"comment_status":"open","ping_status":"closed","template":"","meta":[],"product_brand":[],"product_cat":[137],"product_tag":[],"class_list":{"0":"post-4965","1":"product","2":"type-product","3":"status-publish","5":"product_cat-maros-megyei-eletrajzi-lexikon","7":"first","8":"instock","9":"shipping-taxable","10":"product-type-simple"},"_links":{"self":[{"href":"https:\/\/uj.adatbank.ro\/lexikon\/wp-json\/wp\/v2\/product\/4965","targetHints":{"allow":["GET"]}}],"collection":[{"href":"https:\/\/uj.adatbank.ro\/lexikon\/wp-json\/wp\/v2\/product"}],"about":[{"href":"https:\/\/uj.adatbank.ro\/lexikon\/wp-json\/wp\/v2\/types\/product"}],"replies":[{"embeddable":true,"href":"https:\/\/uj.adatbank.ro\/lexikon\/wp-json\/wp\/v2\/comments?post=4965"}],"wp:attachment":[{"href":"https:\/\/uj.adatbank.ro\/lexikon\/wp-json\/wp\/v2\/media?parent=4965"}],"wp:term":[{"taxonomy":"product_brand","embeddable":true,"href":"https:\/\/uj.adatbank.ro\/lexikon\/wp-json\/wp\/v2\/product_brand?post=4965"},{"taxonomy":"product_cat","embeddable":true,"href":"https:\/\/uj.adatbank.ro\/lexikon\/wp-json\/wp\/v2\/product_cat?post=4965"},{"taxonomy":"product_tag","embeddable":true,"href":"https:\/\/uj.adatbank.ro\/lexikon\/wp-json\/wp\/v2\/product_tag?post=4965"}],"curies":[{"name":"wp","href":"https:\/\/api.w.org\/{rel}","templated":true}]}}

BODÓ Sándor, mezőpaniti

<p>Sárvár, 1855. dec. 20., † Bp., 1934. szept. 23.: jogász, koronaügyészhelyettes. – B. István ref. pap unokája. – Mv.-en mint táblai elnöki titkár működött (1894–) azután táblai bíró (1898–), főügyészhelyettes (1900–), törvényszéki elnök (1901–), királyi főügyész vol (1908–). Részt vett Mv.-en a Kossuth Lajos 100. születésnapján tartott nagyszabású ünnepségen (1902. szept. 25). A IV Országos Patronage Kongresszus előkészítő bizottságának tagja (1914); A Tornakert Egyesület elnöke (1921). A Mv.-i Kaszinó választmányi tagja (1919–). Bp.-re költözött, ahol koronaügyész helyettes lett (1924–26). <br /><strong>Irod.:</strong> A IV Országos Patronage Kongresszus iratai (Bp., 1914); Biás István; Gulyás; Időtár 3; Ökrös; Pál-Antal 2003; Pálmay</br></p>

<p>Sárvár, 1855. dec. 20., † Bp., 1934. szept. 23.: jogász, koronaügyészhelyettes. – B. István ref. pap unokája. – Mv.-en mint táblai elnöki titkár működött (1894–) azután táblai bíró (1898–), főügyészhelyettes (1900–), törvényszéki elnök (1901–), királyi főügyész vol (1908–). Részt vett Mv.-en a Kossuth Lajos 100. születésnapján tartott nagyszabású ünnepségen (1902. szept. 25). A IV Országos [&hellip;]</p>
