{"id":4968,"date":"2025-06-28T16:58:59","date_gmt":"2025-06-28T14:58:59","guid":{"rendered":"https:\/\/uj.adatbank.ro\/lexikon\/termek\/bodoki-sandor\/"},"modified":"2025-06-28T16:58:59","modified_gmt":"2025-06-28T14:58:59","slug":"bodoki-sandor","status":"publish","type":"product","link":"https:\/\/uj.adatbank.ro\/lexikon\/termek\/bodoki-sandor\/","title":{"rendered":"BODOKI S\u00e1ndor"},"content":{"rendered":"<p>? \u2020 ? : ref. lelk\u00e9sz. \u2013 Feles\u00e9ge Andok Erzs\u00e9bet. \u2013 Lelk\u00e9sz volt K\u00fck\u00fcll\u0151alm\u00e1son (1669, 1677), D\u00e1ny\u00e1nban (1677, 1684) \u00e9s Kerel\u0151szentp\u00e1lon (1688\u20131692). Id\u0151k\u00f6zben Bethlen Elek udvari papja volt (1681\u201383). <br \/><strong>Irod.:<\/strong> K\u00fck\u00fcll\u0151i Ref. Egyh\u00e1zm. 1., 3.<\/br><\/p>\n","protected":false},"excerpt":{"rendered":"<p>? \u2020 ? : ref. lelk\u00e9sz. \u2013 Feles\u00e9ge Andok Erzs\u00e9bet. \u2013 Lelk\u00e9sz volt K\u00fck\u00fcll\u0151alm\u00e1son (1669, 1677), D\u00e1ny\u00e1nban (1677, 1684) \u00e9s Kerel\u0151szentp\u00e1lon (1688\u20131692). Id\u0151k\u00f6zben Bethlen Elek udvari papja volt (1681\u201383). Irod.: K\u00fck\u00fcll\u0151i Ref. Egyh\u00e1zm. 1., 3.<\/p>\n","protected":false},"featured_media":0,"comment_status":"open","ping_status":"closed","template":"","meta":[],"product_brand":[],"product_cat":[137],"product_tag":[],"class_list":{"0":"post-4968","1":"product","2":"type-product","3":"status-publish","5":"product_cat-maros-megyei-eletrajzi-lexikon","7":"first","8":"instock","9":"shipping-taxable","10":"product-type-simple"},"_links":{"self":[{"href":"https:\/\/uj.adatbank.ro\/lexikon\/wp-json\/wp\/v2\/product\/4968","targetHints":{"allow":["GET"]}}],"collection":[{"href":"https:\/\/uj.adatbank.ro\/lexikon\/wp-json\/wp\/v2\/product"}],"about":[{"href":"https:\/\/uj.adatbank.ro\/lexikon\/wp-json\/wp\/v2\/types\/product"}],"replies":[{"embeddable":true,"href":"https:\/\/uj.adatbank.ro\/lexikon\/wp-json\/wp\/v2\/comments?post=4968"}],"wp:attachment":[{"href":"https:\/\/uj.adatbank.ro\/lexikon\/wp-json\/wp\/v2\/media?parent=4968"}],"wp:term":[{"taxonomy":"product_brand","embeddable":true,"href":"https:\/\/uj.adatbank.ro\/lexikon\/wp-json\/wp\/v2\/product_brand?post=4968"},{"taxonomy":"product_cat","embeddable":true,"href":"https:\/\/uj.adatbank.ro\/lexikon\/wp-json\/wp\/v2\/product_cat?post=4968"},{"taxonomy":"product_tag","embeddable":true,"href":"https:\/\/uj.adatbank.ro\/lexikon\/wp-json\/wp\/v2\/product_tag?post=4968"}],"curies":[{"name":"wp","href":"https:\/\/api.w.org\/{rel}","templated":true}]}}