{"id":4974,"date":"2025-06-28T16:59:12","date_gmt":"2025-06-28T14:59:12","guid":{"rendered":"https:\/\/uj.adatbank.ro\/lexikon\/termek\/bodolla-ferenc-zagoni-bodola-ferenc\/"},"modified":"2025-06-28T16:59:12","modified_gmt":"2025-06-28T14:59:12","slug":"bodolla-ferenc-zagoni-bodola-ferenc","status":"publish","type":"product","link":"https:\/\/uj.adatbank.ro\/lexikon\/termek\/bodolla-ferenc-zagoni-bodola-ferenc\/","title":{"rendered":"BODOLLA Ferenc, z\u00e1goni, Bodola Ferenc"},"content":{"rendered":"<p>Mv., 1868., \u2020\u00a0Mv., 1943. aug. 25. s\u00edrja a mv.-i Ref. temet\u0151ben a S\u00edrk\u0151m\u00fazeum\u00e1ban: jog\u00e1sz, \u00fcgyv\u00e9d, kir. f\u0151\u00fcgy\u00e9sz. \u2013 Testv\u00e9re Katinka, sz\u00e9kesi Horv\u00e1th Mikl\u00f3sn\u00e9 (\u2020 1928. febr. 15.). Feles\u00e9ge: Ternovszky Margit (\u2020 1952). Nevelt le\u00e1nyuk a k\u00e9s\u0151bbi G\u00e1lfalvi Gy\u00f6rgyn\u00e9, Bodolla Bir\u00f3 Margit. \u2013 Bp.-i TE-en szerezte meg a doktori diplom\u00e1t, majd arany diplom\u00e1t kapott f\u00e9lsz\u00e1zados jubileuma alkalm\u00e1val. Mv.-en \u00fcgyv\u00e9d (1893\u2013), a v\u00e1ros tisztif\u0151\u00fcgy\u00e9sze (1902\u20131920), a ref. egyh\u00e1z f\u0151gondnoka (1925\u201338), a v\u00e1rosi tan\u00e1cs, a kuria \u00fcgyv\u00e9di tan\u00e1cs\u00e1nak tagja. A Munkap\u00e1rt v\u00e1rosi t\u00e1rseln\u00f6ke (1911). Nagytud\u00e1s\u00fa, sz\u00e9lesl\u00e1t\u00f3k\u00f6r\u0171 kiv\u00e9teles jog\u00e1szi k\u00e9pess\u00e9g\u0171 ember volt, \u00e1ldozatos munk\u00e1t folytatott a ref. egyh\u00e1z\u00e9rt, ez\u00e9rt az egyh\u00e1zk\u00f6z\u00f6ss\u00e9g \u00f6r\u00f6k\u00f6s \u00e9s tiszteletbeli f\u0151gondnok\u00e1v\u00e1 v\u00e1lasztotta visszavonul\u00e1sakor (1938). A Mv.-i Kaszin\u00f3 v\u00e1lasztm\u00e1nyi tagja (1919\u2013). Erd\u00e9lyi jog\u00e9let c. jogi szaklapot szerkesztette (1942\u201343). <br \/><strong>Irod.:<\/strong> Bern\u00e1dy; Bi\u00e1s Istv\u00e1n; Bodolai Gy\u00f6ngyi: \u00cdgy kerek a t\u00f6rt\u00e9net: B. F. \u00e9s Bern\u00e1dy Gy\u00f6rgy (N\u00fa., 2011. m\u00e1rc. 3.); EM; Farcz\u00e1dy; F\u00fcl\u00f6p G. D\u00e9nes: Asztali besz\u00e9lget\u00e9sek \u2013 n\u00e9hai Mester Istv\u00e1n v\u00e1rtemplomi lelkip\u00e1sztorral (\u00daj Kezdet, 5. sz., 2001. m\u00e1j.); Id\u0151t\u00e1r 2; Id\u0151t\u00e1r 3; Lev\u00e9lt\u00e1ri gy\u00e1szj.; Sz\u00e9kely Sz\u00f3 (1943. aug. 26.; 1943. aug. 28.)<\/br><\/p>\n","protected":false},"excerpt":{"rendered":"<p>Mv., 1868., \u2020\u00a0Mv., 1943. aug. 25. s\u00edrja a mv.-i Ref. temet\u0151ben a S\u00edrk\u0151m\u00fazeum\u00e1ban: jog\u00e1sz, \u00fcgyv\u00e9d, kir. f\u0151\u00fcgy\u00e9sz. \u2013 Testv\u00e9re Katinka, sz\u00e9kesi Horv\u00e1th Mikl\u00f3sn\u00e9 (\u2020 1928. febr. 15.). Feles\u00e9ge: Ternovszky Margit (\u2020 1952). Nevelt le\u00e1nyuk a k\u00e9s\u0151bbi G\u00e1lfalvi Gy\u00f6rgyn\u00e9, Bodolla Bir\u00f3 Margit. \u2013 Bp.-i TE-en szerezte meg a doktori diplom\u00e1t, majd arany diplom\u00e1t kapott f\u00e9lsz\u00e1zados jubileuma [&hellip;]<\/p>\n","protected":false},"featured_media":0,"comment_status":"open","ping_status":"closed","template":"","meta":[],"product_brand":[],"product_cat":[137],"product_tag":[],"class_list":{"0":"post-4974","1":"product","2":"type-product","3":"status-publish","5":"product_cat-maros-megyei-eletrajzi-lexikon","7":"first","8":"instock","9":"shipping-taxable","10":"product-type-simple"},"_links":{"self":[{"href":"https:\/\/uj.adatbank.ro\/lexikon\/wp-json\/wp\/v2\/product\/4974","targetHints":{"allow":["GET"]}}],"collection":[{"href":"https:\/\/uj.adatbank.ro\/lexikon\/wp-json\/wp\/v2\/product"}],"about":[{"href":"https:\/\/uj.adatbank.ro\/lexikon\/wp-json\/wp\/v2\/types\/product"}],"replies":[{"embeddable":true,"href":"https:\/\/uj.adatbank.ro\/lexikon\/wp-json\/wp\/v2\/comments?post=4974"}],"wp:attachment":[{"href":"https:\/\/uj.adatbank.ro\/lexikon\/wp-json\/wp\/v2\/media?parent=4974"}],"wp:term":[{"taxonomy":"product_brand","embeddable":true,"href":"https:\/\/uj.adatbank.ro\/lexikon\/wp-json\/wp\/v2\/product_brand?post=4974"},{"taxonomy":"product_cat","embeddable":true,"href":"https:\/\/uj.adatbank.ro\/lexikon\/wp-json\/wp\/v2\/product_cat?post=4974"},{"taxonomy":"product_tag","embeddable":true,"href":"https:\/\/uj.adatbank.ro\/lexikon\/wp-json\/wp\/v2\/product_tag?post=4974"}],"curies":[{"name":"wp","href":"https:\/\/api.w.org\/{rel}","templated":true}]}}