{"id":4975,"date":"2025-06-28T16:59:13","date_gmt":"2025-06-28T14:59:13","guid":{"rendered":"https:\/\/uj.adatbank.ro\/lexikon\/termek\/bodolla-gabor-zagoni\/"},"modified":"2025-06-28T16:59:13","modified_gmt":"2025-06-28T14:59:13","slug":"bodolla-gabor-zagoni","status":"publish","type":"product","link":"https:\/\/uj.adatbank.ro\/lexikon\/termek\/bodolla-gabor-zagoni\/","title":{"rendered":"BODOLLA G\u00e1bor, z\u00e1goni"},"content":{"rendered":"<p>1862. m\u00e1j. 2., \u2020 Sz\u00e9kelyudvarhely, 1909. febr. 9., Mv.-en nyugszik, ref. temet\u0151 csal\u00e1di s\u00edr: jogtudor, b\u00edr\u00f3. \u2013 B. J\u00e1nos \u00e9s G\u00e1thy Ter\u00e9zia fia. Testv\u00e9rei: Katinka Horv\u00e1th Mikl\u00f3sn\u00e9; B\u00e9la, feles\u00e9ge B\u00e1linth Irma; Ferenc, feles\u00e9ge Ternovszky Margit \u2013 Mv.-en kir. t\u00f6rvsz. b\u00edr\u00f3, a sz\u00e9kelyudvarhelyi kir. t\u00f6rv\u00e9nysz\u00e9k eln\u00f6ke, az udvarhelyi ref. koll. f\u0151gondnoka. Az EMKE mv.-i v\u00e1rosi v\u00e1lasztm\u00e1ny\u00e1nak alap\u00edt\u00f3tagja, jegyz\u0151je (1885). <br \/><strong>Irod.:<\/strong> Gy\u00e1szjelent\u0151; Kr\u00f3n F\u00fcz. 1939 4\/4; P\u00e1lmay J\u00f3zsef; S\u00e1ndor<\/br><\/p>\n","protected":false},"excerpt":{"rendered":"<p>1862. m\u00e1j. 2., \u2020 Sz\u00e9kelyudvarhely, 1909. febr. 9., Mv.-en nyugszik, ref. temet\u0151 csal\u00e1di s\u00edr: jogtudor, b\u00edr\u00f3. \u2013 B. J\u00e1nos \u00e9s G\u00e1thy Ter\u00e9zia fia. Testv\u00e9rei: Katinka Horv\u00e1th Mikl\u00f3sn\u00e9; B\u00e9la, feles\u00e9ge B\u00e1linth Irma; Ferenc, feles\u00e9ge Ternovszky Margit \u2013 Mv.-en kir. t\u00f6rvsz. b\u00edr\u00f3, a sz\u00e9kelyudvarhelyi kir. t\u00f6rv\u00e9nysz\u00e9k eln\u00f6ke, az udvarhelyi ref. koll. f\u0151gondnoka. Az EMKE mv.-i v\u00e1rosi v\u00e1lasztm\u00e1ny\u00e1nak [&hellip;]<\/p>\n","protected":false},"featured_media":0,"comment_status":"open","ping_status":"closed","template":"","meta":[],"product_brand":[],"product_cat":[137],"product_tag":[],"class_list":{"0":"post-4975","1":"product","2":"type-product","3":"status-publish","5":"product_cat-maros-megyei-eletrajzi-lexikon","7":"first","8":"instock","9":"shipping-taxable","10":"product-type-simple"},"_links":{"self":[{"href":"https:\/\/uj.adatbank.ro\/lexikon\/wp-json\/wp\/v2\/product\/4975","targetHints":{"allow":["GET"]}}],"collection":[{"href":"https:\/\/uj.adatbank.ro\/lexikon\/wp-json\/wp\/v2\/product"}],"about":[{"href":"https:\/\/uj.adatbank.ro\/lexikon\/wp-json\/wp\/v2\/types\/product"}],"replies":[{"embeddable":true,"href":"https:\/\/uj.adatbank.ro\/lexikon\/wp-json\/wp\/v2\/comments?post=4975"}],"wp:attachment":[{"href":"https:\/\/uj.adatbank.ro\/lexikon\/wp-json\/wp\/v2\/media?parent=4975"}],"wp:term":[{"taxonomy":"product_brand","embeddable":true,"href":"https:\/\/uj.adatbank.ro\/lexikon\/wp-json\/wp\/v2\/product_brand?post=4975"},{"taxonomy":"product_cat","embeddable":true,"href":"https:\/\/uj.adatbank.ro\/lexikon\/wp-json\/wp\/v2\/product_cat?post=4975"},{"taxonomy":"product_tag","embeddable":true,"href":"https:\/\/uj.adatbank.ro\/lexikon\/wp-json\/wp\/v2\/product_tag?post=4975"}],"curies":[{"name":"wp","href":"https:\/\/api.w.org\/{rel}","templated":true}]}}

BODOLLA Gábor, zágoni

<p>1862. máj. 2., † Székelyudvarhely, 1909. febr. 9., Mv.-en nyugszik, ref. temető családi sír: jogtudor, bíró. – B. János és Gáthy Terézia fia. Testvérei: Katinka Horváth Miklósné; Béla, felesége Bálinth Irma; Ferenc, felesége Ternovszky Margit – Mv.-en kir. törvsz. bíró, a székelyudvarhelyi kir. törvényszék elnöke, az udvarhelyi ref. koll. főgondnoka. Az EMKE mv.-i városi választmányának alapítótagja, jegyzője (1885). <br /><strong>Irod.:</strong> Gyászjelentő; Krón Füz. 1939 4/4; Pálmay József; Sándor</br></p>

<p>1862. máj. 2., † Székelyudvarhely, 1909. febr. 9., Mv.-en nyugszik, ref. temető családi sír: jogtudor, bíró. – B. János és Gáthy Terézia fia. Testvérei: Katinka Horváth Miklósné; Béla, felesége Bálinth Irma; Ferenc, felesége Ternovszky Margit – Mv.-en kir. törvsz. bíró, a székelyudvarhelyi kir. törvényszék elnöke, az udvarhelyi ref. koll. főgondnoka. Az EMKE mv.-i városi választmányának [&hellip;]</p>
