{"id":4976,"date":"2025-06-28T16:59:14","date_gmt":"2025-06-28T14:59:14","guid":{"rendered":"https:\/\/uj.adatbank.ro\/lexikon\/termek\/bodolla-janos-zagoni\/"},"modified":"2025-06-28T16:59:14","modified_gmt":"2025-06-28T14:59:14","slug":"bodolla-janos-zagoni","status":"publish","type":"product","link":"https:\/\/uj.adatbank.ro\/lexikon\/termek\/bodolla-janos-zagoni\/","title":{"rendered":"BODOLLA J\u00e1nos, z\u00e1goni"},"content":{"rendered":"<p>1829., \u2020 Mv., 1884. m\u00e1j. 11.: kir. t\u00e1blai b\u00edr\u00f3 majd \u00fcgyv\u00e9d. \u2013 B. S\u00e1muel p\u00fcsp\u00f6k fia. Feles\u00e9ge G\u00e1thy Ter\u00e9zia (1834\u20131909). Gyermekeik: Samu, egyetemi joghallgat\u00f3 (1860.?- B\u00e9cs, 1879. j\u00fan. 12.); G\u00e1bor jogtudor (1909\u2013), B\u00e9la, Ferenc, Katinka Horv\u00e1th Mikl\u00f3sn\u00e9. H\u00e1za a volt V\u00f6r\u00f6smarty \u00e9s J\u00f3kai u. sark\u00e1n \u00e1llt, amit a fia kib\u0151v\u00edtett, \u00fcgyv\u00e9di irod\u00e1ja m\u0171k\u00f6d\u00f6tt benne. A Tolnai Lajos elleni beadv\u00e1nyokban szerepelt a neve, az egyh\u00e1ztan\u00e1cs \u0151t b\u00edzta meg a p\u00fcsp\u00f6kh\u00f6z int\u00e9zett felterjeszt\u00e9s meg\u00edr\u00e1s\u00e1val. <br \/><strong>Irod.:<\/strong> Gy\u00e1szjelent\u0151; Kr\u00f3n. F\u00fcz 1939 4\/4; Mv.-i ref. temet\u0151; P\u00e1lmay J\u00f3zsef<\/br><\/p>\n","protected":false},"excerpt":{"rendered":"<p>1829., \u2020 Mv., 1884. m\u00e1j. 11.: kir. t\u00e1blai b\u00edr\u00f3 majd \u00fcgyv\u00e9d. \u2013 B. S\u00e1muel p\u00fcsp\u00f6k fia. Feles\u00e9ge G\u00e1thy Ter\u00e9zia (1834\u20131909). Gyermekeik: Samu, egyetemi joghallgat\u00f3 (1860.?- B\u00e9cs, 1879. j\u00fan. 12.); G\u00e1bor jogtudor (1909\u2013), B\u00e9la, Ferenc, Katinka Horv\u00e1th Mikl\u00f3sn\u00e9. H\u00e1za a volt V\u00f6r\u00f6smarty \u00e9s J\u00f3kai u. sark\u00e1n \u00e1llt, amit a fia kib\u0151v\u00edtett, \u00fcgyv\u00e9di irod\u00e1ja m\u0171k\u00f6d\u00f6tt benne. A [&hellip;]<\/p>\n","protected":false},"featured_media":0,"comment_status":"open","ping_status":"closed","template":"","meta":[],"product_brand":[],"product_cat":[137],"product_tag":[],"class_list":{"0":"post-4976","1":"product","2":"type-product","3":"status-publish","5":"product_cat-maros-megyei-eletrajzi-lexikon","7":"first","8":"instock","9":"shipping-taxable","10":"product-type-simple"},"_links":{"self":[{"href":"https:\/\/uj.adatbank.ro\/lexikon\/wp-json\/wp\/v2\/product\/4976","targetHints":{"allow":["GET"]}}],"collection":[{"href":"https:\/\/uj.adatbank.ro\/lexikon\/wp-json\/wp\/v2\/product"}],"about":[{"href":"https:\/\/uj.adatbank.ro\/lexikon\/wp-json\/wp\/v2\/types\/product"}],"replies":[{"embeddable":true,"href":"https:\/\/uj.adatbank.ro\/lexikon\/wp-json\/wp\/v2\/comments?post=4976"}],"wp:attachment":[{"href":"https:\/\/uj.adatbank.ro\/lexikon\/wp-json\/wp\/v2\/media?parent=4976"}],"wp:term":[{"taxonomy":"product_brand","embeddable":true,"href":"https:\/\/uj.adatbank.ro\/lexikon\/wp-json\/wp\/v2\/product_brand?post=4976"},{"taxonomy":"product_cat","embeddable":true,"href":"https:\/\/uj.adatbank.ro\/lexikon\/wp-json\/wp\/v2\/product_cat?post=4976"},{"taxonomy":"product_tag","embeddable":true,"href":"https:\/\/uj.adatbank.ro\/lexikon\/wp-json\/wp\/v2\/product_tag?post=4976"}],"curies":[{"name":"wp","href":"https:\/\/api.w.org\/{rel}","templated":true}]}}