{"id":4977,"date":"2025-06-28T16:59:16","date_gmt":"2025-06-28T14:59:16","guid":{"rendered":"https:\/\/uj.adatbank.ro\/lexikon\/termek\/bodolla-janos-zagoni-2\/"},"modified":"2025-06-28T16:59:16","modified_gmt":"2025-06-28T14:59:16","slug":"bodolla-janos-zagoni-2","status":"publish","type":"product","link":"https:\/\/uj.adatbank.ro\/lexikon\/termek\/bodolla-janos-zagoni-2\/","title":{"rendered":"BODOLLA J\u00e1nos, z\u00e1goni"},"content":{"rendered":"<p>1862, \u2020 Mv., 1909.: kir. t\u00e1blab\u00edr\u00f3 s\u00edrja a mv.-i Ref. temet\u0151ben. \u2013 Apja z\u00e1goni Bodola S\u00e1muel. Fia, B. Ferenc. H\u00e1za a volt V\u00f6r\u00f6smarty \u00e9s J\u00f3kai u. sark\u00e1n \u00e1llt, amit apj\u00e1t\u00f3l \u00f6r\u00f6k\u00f6lte, kib\u0151v\u00edtett, \u00fcgyv\u00e9di irod\u00e1ja m\u0171k\u00f6d\u00f6tt benne. <br \/><strong>Irod.:<\/strong> Mv.-i ref. temet\u0151; P\u00e1lmay J\u00f3zsef<\/br><\/p>\n","protected":false},"excerpt":{"rendered":"<p>1862, \u2020 Mv., 1909.: kir. t\u00e1blab\u00edr\u00f3 s\u00edrja a mv.-i Ref. temet\u0151ben. \u2013 Apja z\u00e1goni Bodola S\u00e1muel. Fia, B. Ferenc. H\u00e1za a volt V\u00f6r\u00f6smarty \u00e9s J\u00f3kai u. sark\u00e1n \u00e1llt, amit apj\u00e1t\u00f3l \u00f6r\u00f6k\u00f6lte, kib\u0151v\u00edtett, \u00fcgyv\u00e9di irod\u00e1ja m\u0171k\u00f6d\u00f6tt benne. Irod.: Mv.-i ref. temet\u0151; P\u00e1lmay J\u00f3zsef<\/p>\n","protected":false},"featured_media":0,"comment_status":"open","ping_status":"closed","template":"","meta":[],"product_brand":[],"product_cat":[137],"product_tag":[],"class_list":{"0":"post-4977","1":"product","2":"type-product","3":"status-publish","5":"product_cat-maros-megyei-eletrajzi-lexikon","7":"first","8":"instock","9":"shipping-taxable","10":"product-type-simple"},"_links":{"self":[{"href":"https:\/\/uj.adatbank.ro\/lexikon\/wp-json\/wp\/v2\/product\/4977","targetHints":{"allow":["GET"]}}],"collection":[{"href":"https:\/\/uj.adatbank.ro\/lexikon\/wp-json\/wp\/v2\/product"}],"about":[{"href":"https:\/\/uj.adatbank.ro\/lexikon\/wp-json\/wp\/v2\/types\/product"}],"replies":[{"embeddable":true,"href":"https:\/\/uj.adatbank.ro\/lexikon\/wp-json\/wp\/v2\/comments?post=4977"}],"wp:attachment":[{"href":"https:\/\/uj.adatbank.ro\/lexikon\/wp-json\/wp\/v2\/media?parent=4977"}],"wp:term":[{"taxonomy":"product_brand","embeddable":true,"href":"https:\/\/uj.adatbank.ro\/lexikon\/wp-json\/wp\/v2\/product_brand?post=4977"},{"taxonomy":"product_cat","embeddable":true,"href":"https:\/\/uj.adatbank.ro\/lexikon\/wp-json\/wp\/v2\/product_cat?post=4977"},{"taxonomy":"product_tag","embeddable":true,"href":"https:\/\/uj.adatbank.ro\/lexikon\/wp-json\/wp\/v2\/product_tag?post=4977"}],"curies":[{"name":"wp","href":"https:\/\/api.w.org\/{rel}","templated":true}]}}