{"id":4978,"date":"2025-06-28T16:59:18","date_gmt":"2025-06-28T14:59:18","guid":{"rendered":"https:\/\/uj.adatbank.ro\/lexikon\/termek\/bodolla-janos-zagoni-bodola-janos\/"},"modified":"2025-06-28T16:59:18","modified_gmt":"2025-06-28T14:59:18","slug":"bodolla-janos-zagoni-bodola-janos","status":"publish","type":"product","link":"https:\/\/uj.adatbank.ro\/lexikon\/termek\/bodolla-janos-zagoni-bodola-janos\/","title":{"rendered":"BODOLLA J\u00e1nos, z\u00e1goni, Bodola J\u00e1nos"},"content":{"rendered":"<p>1754, \u2020\u00a0Nagyenyed, 1836. jan. 17.: erd\u00e9lyi ref. p\u00fcsp\u00f6k. \u2013 Feles\u00e9ge De\u00e1k Ter\u00e9z. B. S\u00e1muel nagyb\u00e1tyja nagyenyedi teol. tan\u00e1r \u0151 vette gondjaiba az \u00e1rv\u00e1n maradt S\u00e1muelt (1803) \u00e9s tan\u00edttatta Nagyenyeden. P\u00fcsp\u00f6ki k\u00e1pl\u00e1n Nagyenyeden (1784\u2013), professzor (1787\u2013), p\u00fcsp\u00f6k volt hal\u00e1l\u00e1ig (1815\u201336). Halotti besz\u00e9deket adott ki. P\u00fcsp\u00f6kk\u00e9nt felszentelte a mv.-i Gecse utcai Kistemplomot (1830. szept. 12.). <strong>F. m.:<\/strong> Halotti besz\u00e9d magyarb\u00e9nyei br. Rad\u00e1k \u00c1d\u00e1m felett, 1803. szept. 4. (Kv., 1810). <br \/><strong>Irod.:<\/strong> Benk\u0151 M\u00e1rton: Az enyedi papokr\u00f3l sz\u00f3l\u00f3 feljegyz\u00e9sek (Erd\u00e9lyi Protest\u00e1ns K\u00f6zl\u00f6ny, 49\u201350. sz., 1877.); Gy\u00e1szjelent\u0151; Id\u0151t\u00e1r 1; Kempelen; Rugonfalvi Kiss<\/br><\/p>\n","protected":false},"excerpt":{"rendered":"<p>1754, \u2020\u00a0Nagyenyed, 1836. jan. 17.: erd\u00e9lyi ref. p\u00fcsp\u00f6k. \u2013 Feles\u00e9ge De\u00e1k Ter\u00e9z. B. S\u00e1muel nagyb\u00e1tyja nagyenyedi teol. tan\u00e1r \u0151 vette gondjaiba az \u00e1rv\u00e1n maradt S\u00e1muelt (1803) \u00e9s tan\u00edttatta Nagyenyeden. P\u00fcsp\u00f6ki k\u00e1pl\u00e1n Nagyenyeden (1784\u2013), professzor (1787\u2013), p\u00fcsp\u00f6k volt hal\u00e1l\u00e1ig (1815\u201336). Halotti besz\u00e9deket adott ki. P\u00fcsp\u00f6kk\u00e9nt felszentelte a mv.-i Gecse utcai Kistemplomot (1830. szept. 12.). F. m.: [&hellip;]<\/p>\n","protected":false},"featured_media":0,"comment_status":"open","ping_status":"closed","template":"","meta":[],"product_brand":[],"product_cat":[137],"product_tag":[],"class_list":{"0":"post-4978","1":"product","2":"type-product","3":"status-publish","5":"product_cat-maros-megyei-eletrajzi-lexikon","7":"first","8":"instock","9":"shipping-taxable","10":"product-type-simple"},"_links":{"self":[{"href":"https:\/\/uj.adatbank.ro\/lexikon\/wp-json\/wp\/v2\/product\/4978","targetHints":{"allow":["GET"]}}],"collection":[{"href":"https:\/\/uj.adatbank.ro\/lexikon\/wp-json\/wp\/v2\/product"}],"about":[{"href":"https:\/\/uj.adatbank.ro\/lexikon\/wp-json\/wp\/v2\/types\/product"}],"replies":[{"embeddable":true,"href":"https:\/\/uj.adatbank.ro\/lexikon\/wp-json\/wp\/v2\/comments?post=4978"}],"wp:attachment":[{"href":"https:\/\/uj.adatbank.ro\/lexikon\/wp-json\/wp\/v2\/media?parent=4978"}],"wp:term":[{"taxonomy":"product_brand","embeddable":true,"href":"https:\/\/uj.adatbank.ro\/lexikon\/wp-json\/wp\/v2\/product_brand?post=4978"},{"taxonomy":"product_cat","embeddable":true,"href":"https:\/\/uj.adatbank.ro\/lexikon\/wp-json\/wp\/v2\/product_cat?post=4978"},{"taxonomy":"product_tag","embeddable":true,"href":"https:\/\/uj.adatbank.ro\/lexikon\/wp-json\/wp\/v2\/product_tag?post=4978"}],"curies":[{"name":"wp","href":"https:\/\/api.w.org\/{rel}","templated":true}]}}