{"id":4988,"date":"2025-06-28T16:59:37","date_gmt":"2025-06-28T14:59:37","guid":{"rendered":"https:\/\/uj.adatbank.ro\/lexikon\/termek\/bodoni-laszlo\/"},"modified":"2025-06-28T16:59:37","modified_gmt":"2025-06-28T14:59:37","slug":"bodoni-laszlo","status":"publish","type":"product","link":"https:\/\/uj.adatbank.ro\/lexikon\/termek\/bodoni-laszlo\/","title":{"rendered":"BODONI L\u00e1szl\u00f3"},"content":{"rendered":"<p>Havad, 1854., \u2020\u00a0? : ref. igazgat\u00f3-tan\u00edt\u00f3. \u2013 Tanulm\u00e1nyait Sz\u00e9kelykereszt\u00faron v\u00e9gezte. Pedag\u00f3giai m\u0171k\u00f6d\u00e9s\u00e9t Abod\u00f3n kezdte el, onnan Br\u00e1dra, Magyarp\u00e9terlak\u00e1ra, majd Havadra (1892\u20131925) ker\u00fclt. A v\u00e1rmegye t\u00f6rv\u00e9nyhat. \u2013i bizotts\u00e1g\u00e1nak tagja, Br\u00e1don faiskolai fel\u00fcgyel\u0151 volt. <br \/><strong>Irod.:<\/strong> Havad; Sz\u00e9kelyf\u00f6ld \u00ed. k<\/br><\/p>\n","protected":false},"excerpt":{"rendered":"<p>Havad, 1854., \u2020\u00a0? : ref. igazgat\u00f3-tan\u00edt\u00f3. \u2013 Tanulm\u00e1nyait Sz\u00e9kelykereszt\u00faron v\u00e9gezte. Pedag\u00f3giai m\u0171k\u00f6d\u00e9s\u00e9t Abod\u00f3n kezdte el, onnan Br\u00e1dra, Magyarp\u00e9terlak\u00e1ra, majd Havadra (1892\u20131925) ker\u00fclt. A v\u00e1rmegye t\u00f6rv\u00e9nyhat. \u2013i bizotts\u00e1g\u00e1nak tagja, Br\u00e1don faiskolai fel\u00fcgyel\u0151 volt. Irod.: Havad; Sz\u00e9kelyf\u00f6ld \u00ed. k<\/p>\n","protected":false},"featured_media":0,"comment_status":"open","ping_status":"closed","template":"","meta":[],"product_brand":[],"product_cat":[137],"product_tag":[],"class_list":{"0":"post-4988","1":"product","2":"type-product","3":"status-publish","5":"product_cat-maros-megyei-eletrajzi-lexikon","7":"first","8":"instock","9":"shipping-taxable","10":"product-type-simple"},"_links":{"self":[{"href":"https:\/\/uj.adatbank.ro\/lexikon\/wp-json\/wp\/v2\/product\/4988","targetHints":{"allow":["GET"]}}],"collection":[{"href":"https:\/\/uj.adatbank.ro\/lexikon\/wp-json\/wp\/v2\/product"}],"about":[{"href":"https:\/\/uj.adatbank.ro\/lexikon\/wp-json\/wp\/v2\/types\/product"}],"replies":[{"embeddable":true,"href":"https:\/\/uj.adatbank.ro\/lexikon\/wp-json\/wp\/v2\/comments?post=4988"}],"wp:attachment":[{"href":"https:\/\/uj.adatbank.ro\/lexikon\/wp-json\/wp\/v2\/media?parent=4988"}],"wp:term":[{"taxonomy":"product_brand","embeddable":true,"href":"https:\/\/uj.adatbank.ro\/lexikon\/wp-json\/wp\/v2\/product_brand?post=4988"},{"taxonomy":"product_cat","embeddable":true,"href":"https:\/\/uj.adatbank.ro\/lexikon\/wp-json\/wp\/v2\/product_cat?post=4988"},{"taxonomy":"product_tag","embeddable":true,"href":"https:\/\/uj.adatbank.ro\/lexikon\/wp-json\/wp\/v2\/product_tag?post=4988"}],"curies":[{"name":"wp","href":"https:\/\/api.w.org\/{rel}","templated":true}]}}