{"id":4992,"date":"2025-06-28T16:59:45","date_gmt":"2025-06-28T14:59:45","guid":{"rendered":"https:\/\/uj.adatbank.ro\/lexikon\/termek\/bodoni-zsuzsanna-szenttamasi-lazar-janosne\/"},"modified":"2025-06-28T16:59:45","modified_gmt":"2025-06-28T14:59:45","slug":"bodoni-zsuzsanna-szenttamasi-lazar-janosne","status":"publish","type":"product","link":"https:\/\/uj.adatbank.ro\/lexikon\/termek\/bodoni-zsuzsanna-szenttamasi-lazar-janosne\/","title":{"rendered":"BODONI Zsuzs\u00e1nna, szenttam\u00e1si L\u00e1z\u00e1r J\u00e1nosn\u00e9"},"content":{"rendered":"<p>? \u2020\u00a0? : birtokos nemes. \u2013 Bodoni J\u00e1nos \u00e9s Kem\u00e9ny Borb\u00e1la le\u00e1nya. F\u00e9rje: 1. L\u00e1z\u00e1r J\u00e1nos (\u2020\u00a01622). Le\u00e1nyuk: Anna. Bethlen G\u00e1bor vallat\u00e1st rendelt el L\u00e1z\u00e1r J\u00e1nos neje Bodoni Zsuzs\u00e1nna jav\u00e1ra. (Kelt Bergeny\u00e9n 1620. m\u00e1rcz 19). 2. Farag\u00f3 Andr\u00e1s katona (1623\u2013); 3. Ghill\u00e1nyi Gergely udvari ember. \u2013 Birtokai voltak: Vajdaszentiv\u00e1n, Unoka, P\u00f3ka, Mez\u0151cs\u00e1n, Toldalag, P\u00f3kakereszt\u00far, Farag\u00f3, Magyarf\u00fclp\u00f6s, Pagocsa helys\u00e9gekben. <br \/><strong>Irod.:<\/strong> Pesty 2014; SzOkl, 6<\/br><\/p>\n","protected":false},"excerpt":{"rendered":"<p>? \u2020\u00a0? : birtokos nemes. \u2013 Bodoni J\u00e1nos \u00e9s Kem\u00e9ny Borb\u00e1la le\u00e1nya. F\u00e9rje: 1. L\u00e1z\u00e1r J\u00e1nos (\u2020\u00a01622). Le\u00e1nyuk: Anna. Bethlen G\u00e1bor vallat\u00e1st rendelt el L\u00e1z\u00e1r J\u00e1nos neje Bodoni Zsuzs\u00e1nna jav\u00e1ra. (Kelt Bergeny\u00e9n 1620. m\u00e1rcz 19). 2. Farag\u00f3 Andr\u00e1s katona (1623\u2013); 3. Ghill\u00e1nyi Gergely udvari ember. \u2013 Birtokai voltak: Vajdaszentiv\u00e1n, Unoka, P\u00f3ka, Mez\u0151cs\u00e1n, Toldalag, P\u00f3kakereszt\u00far, Farag\u00f3, [&hellip;]<\/p>\n","protected":false},"featured_media":0,"comment_status":"open","ping_status":"closed","template":"","meta":[],"product_brand":[],"product_cat":[137],"product_tag":[],"class_list":{"0":"post-4992","1":"product","2":"type-product","3":"status-publish","5":"product_cat-maros-megyei-eletrajzi-lexikon","7":"first","8":"instock","9":"shipping-taxable","10":"product-type-simple"},"_links":{"self":[{"href":"https:\/\/uj.adatbank.ro\/lexikon\/wp-json\/wp\/v2\/product\/4992","targetHints":{"allow":["GET"]}}],"collection":[{"href":"https:\/\/uj.adatbank.ro\/lexikon\/wp-json\/wp\/v2\/product"}],"about":[{"href":"https:\/\/uj.adatbank.ro\/lexikon\/wp-json\/wp\/v2\/types\/product"}],"replies":[{"embeddable":true,"href":"https:\/\/uj.adatbank.ro\/lexikon\/wp-json\/wp\/v2\/comments?post=4992"}],"wp:attachment":[{"href":"https:\/\/uj.adatbank.ro\/lexikon\/wp-json\/wp\/v2\/media?parent=4992"}],"wp:term":[{"taxonomy":"product_brand","embeddable":true,"href":"https:\/\/uj.adatbank.ro\/lexikon\/wp-json\/wp\/v2\/product_brand?post=4992"},{"taxonomy":"product_cat","embeddable":true,"href":"https:\/\/uj.adatbank.ro\/lexikon\/wp-json\/wp\/v2\/product_cat?post=4992"},{"taxonomy":"product_tag","embeddable":true,"href":"https:\/\/uj.adatbank.ro\/lexikon\/wp-json\/wp\/v2\/product_tag?post=4992"}],"curies":[{"name":"wp","href":"https:\/\/api.w.org\/{rel}","templated":true}]}}

BODONI Zsuzsánna, szenttamási Lázár Jánosné

<p>? † ? : birtokos nemes. – Bodoni János és Kemény Borbála leánya. Férje: 1. Lázár János († 1622). Leányuk: Anna. Bethlen Gábor vallatást rendelt el Lázár János neje Bodoni Zsuzsánna javára. (Kelt Bergenyén 1620. márcz 19). 2. Faragó András katona (1623–); 3. Ghillányi Gergely udvari ember. – Birtokai voltak: Vajdaszentiván, Unoka, Póka, Mezőcsán, Toldalag, Pókakeresztúr, Faragó, Magyarfülpös, Pagocsa helységekben. <br /><strong>Irod.:</strong> Pesty 2014; SzOkl, 6</br></p>

<p>? † ? : birtokos nemes. – Bodoni János és Kemény Borbála leánya. Férje: 1. Lázár János († 1622). Leányuk: Anna. Bethlen Gábor vallatást rendelt el Lázár János neje Bodoni Zsuzsánna javára. (Kelt Bergenyén 1620. márcz 19). 2. Faragó András katona (1623–); 3. Ghillányi Gergely udvari ember. – Birtokai voltak: Vajdaszentiván, Unoka, Póka, Mezőcsán, Toldalag, Pókakeresztúr, Faragó, [&hellip;]</p>
