{"id":5001,"date":"2025-06-28T17:00:02","date_gmt":"2025-06-28T15:00:02","guid":{"rendered":"https:\/\/uj.adatbank.ro\/lexikon\/termek\/bodor-pal-lecfalvi\/"},"modified":"2025-06-28T17:00:02","modified_gmt":"2025-06-28T15:00:02","slug":"bodor-pal-lecfalvi","status":"publish","type":"product","link":"https:\/\/uj.adatbank.ro\/lexikon\/termek\/bodor-pal-lecfalvi\/","title":{"rendered":"BODOR P\u00e1l, l\u00e9cfalvi"},"content":{"rendered":"<p>1773. jan. 31., \u2020\u00a0Kv., 1828. j\u00fan. 1.: f\u0151tisztvisel\u0151, p\u00e9nzt\u00e1rnok, pomol\u00f3gus. A H\u00e1zsong\u00e1rdi temet\u0151ben k\u0151t\u00e1bla \u0151rzi eml\u00e9k\u00e9t. \u2013 A f\u0151korm\u00e1nysz\u00e9k mellett m\u0171k\u00f6d\u0151 provinci\u00e1lis kassza f\u0151tisztvisel\u0151je volt. Az egyetemi tanulm\u00e1nyait G\u00f6ttingenben v\u00e9gezte, br. Kem\u00e9ny Simon fiait Simont \u00e9s J\u00e1nost fel\u00fcgyelte a tanulm\u00e1ny\u00fatjukon \u00e9s itt \u00e9letresz\u00f3l\u00f3 bar\u00e1ts\u00e1got k\u00f6t\u00f6tt Bolyai Farkassal. Kett\u0151j\u00fck levelez\u00e9se gazdag inform\u00e1ci\u00f3kat tartalmaz az ut\u00f3kor sz\u00e1m\u00e1ra. H\u00edres gy\u0171m\u00f6lcs\u00f6skertje volt a kv.-i H\u00e1zsong\u00e1rdban. <br \/><strong>Irod.:<\/strong> Bolyai-levelek; Apa \u00e9s fi\u00fa k\u00fczdelme a k\u00f3rokkal: Ol\u00e1h Anna: Bolyai Farkas gy\u00f3gy\u00e1szati munk\u00e1ss\u00e1ga; H\u00e1zsong\u00e1rd; Kov\u00e1cs Kiss Gy\u00f6ngy: Kult\u00farat\u00e1mogat\u00e1s mint mentalit\u00e1sfaktor b\u00e1r\u00f3 Kem\u00e9ny Simonn\u00e1l (Korunk, 9. sz., 2014); Vofkori J\u00f3zsef: Bolyai J\u00e1nos betegs\u00e9gei kordokumentumok \u00e9s a modern orvostudom\u00e1ny t\u00fckr\u00e9ben (Mv., 2005)<\/br><\/p>\n","protected":false},"excerpt":{"rendered":"<p>1773. jan. 31., \u2020\u00a0Kv., 1828. j\u00fan. 1.: f\u0151tisztvisel\u0151, p\u00e9nzt\u00e1rnok, pomol\u00f3gus. A H\u00e1zsong\u00e1rdi temet\u0151ben k\u0151t\u00e1bla \u0151rzi eml\u00e9k\u00e9t. \u2013 A f\u0151korm\u00e1nysz\u00e9k mellett m\u0171k\u00f6d\u0151 provinci\u00e1lis kassza f\u0151tisztvisel\u0151je volt. Az egyetemi tanulm\u00e1nyait G\u00f6ttingenben v\u00e9gezte, br. Kem\u00e9ny Simon fiait Simont \u00e9s J\u00e1nost fel\u00fcgyelte a tanulm\u00e1ny\u00fatjukon \u00e9s itt \u00e9letresz\u00f3l\u00f3 bar\u00e1ts\u00e1got k\u00f6t\u00f6tt Bolyai Farkassal. Kett\u0151j\u00fck levelez\u00e9se gazdag inform\u00e1ci\u00f3kat tartalmaz az ut\u00f3kor sz\u00e1m\u00e1ra. [&hellip;]<\/p>\n","protected":false},"featured_media":0,"comment_status":"open","ping_status":"closed","template":"","meta":[],"product_brand":[],"product_cat":[137],"product_tag":[],"class_list":{"0":"post-5001","1":"product","2":"type-product","3":"status-publish","5":"product_cat-maros-megyei-eletrajzi-lexikon","7":"first","8":"instock","9":"shipping-taxable","10":"product-type-simple"},"_links":{"self":[{"href":"https:\/\/uj.adatbank.ro\/lexikon\/wp-json\/wp\/v2\/product\/5001","targetHints":{"allow":["GET"]}}],"collection":[{"href":"https:\/\/uj.adatbank.ro\/lexikon\/wp-json\/wp\/v2\/product"}],"about":[{"href":"https:\/\/uj.adatbank.ro\/lexikon\/wp-json\/wp\/v2\/types\/product"}],"replies":[{"embeddable":true,"href":"https:\/\/uj.adatbank.ro\/lexikon\/wp-json\/wp\/v2\/comments?post=5001"}],"wp:attachment":[{"href":"https:\/\/uj.adatbank.ro\/lexikon\/wp-json\/wp\/v2\/media?parent=5001"}],"wp:term":[{"taxonomy":"product_brand","embeddable":true,"href":"https:\/\/uj.adatbank.ro\/lexikon\/wp-json\/wp\/v2\/product_brand?post=5001"},{"taxonomy":"product_cat","embeddable":true,"href":"https:\/\/uj.adatbank.ro\/lexikon\/wp-json\/wp\/v2\/product_cat?post=5001"},{"taxonomy":"product_tag","embeddable":true,"href":"https:\/\/uj.adatbank.ro\/lexikon\/wp-json\/wp\/v2\/product_tag?post=5001"}],"curies":[{"name":"wp","href":"https:\/\/api.w.org\/{rel}","templated":true}]}}

BODOR Pál, lécfalvi

<p>1773. jan. 31., † Kv., 1828. jún. 1.: főtisztviselő, pénztárnok, pomológus. A Házsongárdi temetőben kőtábla őrzi emlékét. – A főkormányszék mellett működő provinciális kassza főtisztviselője volt. Az egyetemi tanulmányait Göttingenben végezte, br. Kemény Simon fiait Simont és Jánost felügyelte a tanulmányútjukon és itt életreszóló barátságot kötött Bolyai Farkassal. Kettőjük levelezése gazdag információkat tartalmaz az utókor számára. Híres gyűmölcsöskertje volt a kv.-i Házsongárdban. <br /><strong>Irod.:</strong> Bolyai-levelek; Apa és fiú küzdelme a kórokkal: Oláh Anna: Bolyai Farkas gyógyászati munkássága; Házsongárd; Kovács Kiss Gyöngy: Kultúratámogatás mint mentalitásfaktor báró Kemény Simonnál (Korunk, 9. sz., 2014); Vofkori József: Bolyai János betegségei kordokumentumok és a modern orvostudomány tükrében (Mv., 2005)</br></p>

<p>1773. jan. 31., † Kv., 1828. jún. 1.: főtisztviselő, pénztárnok, pomológus. A Házsongárdi temetőben kőtábla őrzi emlékét. – A főkormányszék mellett működő provinciális kassza főtisztviselője volt. Az egyetemi tanulmányait Göttingenben végezte, br. Kemény Simon fiait Simont és Jánost felügyelte a tanulmányútjukon és itt életreszóló barátságot kötött Bolyai Farkassal. Kettőjük levelezése gazdag információkat tartalmaz az utókor számára. [&hellip;]</p>
