{"id":5002,"date":"2025-06-28T17:00:04","date_gmt":"2025-06-28T15:00:04","guid":{"rendered":"https:\/\/uj.adatbank.ro\/lexikon\/termek\/bodor-pal-lecfalvi-lecfalvi-bodor-pal\/"},"modified":"2025-06-28T17:00:04","modified_gmt":"2025-06-28T15:00:04","slug":"bodor-pal-lecfalvi-lecfalvi-bodor-pal","status":"publish","type":"product","link":"https:\/\/uj.adatbank.ro\/lexikon\/termek\/bodor-pal-lecfalvi-lecfalvi-bodor-pal\/","title":{"rendered":"BODOR P\u00e1l, l\u00e9cfalvi, L\u00e9cfalvi Bodor P\u00e1l"},"content":{"rendered":"<p>Kv., 1873. aug. 5., \u2020 Mv., 1926. febr.: bankvez\u00e9rigazgat\u00f3. \u2013 A kv.-i Kereskedelmi Akad.-\u00e1n v\u00e9gzett. El\u0151bb a bp.-i M. Kereskedelmi Bankn\u00e1l (1896\u2013), k\u00e9s\u0151bb a M. Agr\u00e1r \u00e9s J\u00e1rad\u00e9k Bankn\u00e1l (1901\u201313) m\u0171k\u00f6d\u00f6tt, amelynek m\u00e1r 25 \u00e9ves kor\u00e1ban t\u0151zsdeint\u00e9z\u0151je, s n\u00e9h\u00e1ny \u00e9v m\u00falva c\u00e9gvezet\u0151je, majd aligazgat\u00f3ja lett. Innen a mv.-i Agr\u00e1rtakar\u00e9kp\u00e9nzt\u00e1rhoz deleg\u00e1lt\u00e1k, ahol vez\u00e9rigazgat\u00f3 lett (1913\u201325). A modern \u00fczletember, m\u0171k\u00f6d\u00e9se alatt a bank eredm\u00e9nyeket \u00e9rt el (fi\u00f3kh\u00e1l\u00f3zat kisz\u00e9les\u00edt\u00e9se, ipari \u00e9s kereskedelmi v\u00e1llalatok l\u00e9tes\u00edt\u00e9se), a rendelkez\u00e9sre \u00e1ll\u00f3 t\u0151k\u00e9ben minden jelent\u0151s v\u00e1llalat benne volt. T\u00f6bbsz\u00f6r k\u00f6lcs\u00f6nz\u00f6tt a v\u00e1rosnak, seg\u00e9lyt adott az \u00e1rv\u00edzk\u00e1rosultaknak, hitelegyletet k\u00e9sz\u00fclt alap\u00edtani a kisegzisztenci\u00e1k t\u00e1mogat\u00e1s\u00e1ra. A mv.-i v\u00e1rosi k\u00f6zigazgat\u00e1si bizotts\u00e1g\u00e1nak egyik tagja (1920). K\u00e9s\u0151bb ellent\u00e9tei t\u00e1madtak az id\u0151k\u00f6zben r\u00e9szv\u00e9nyt\u00f6bbs\u00e9g tulajdonoss\u00e1 lett Romcomit-tal, s b\u00e1r m\u00e9g siker\u00fclt a r\u00e9szv\u00e9nyeket visszaszereznie \u00e9s az Agr\u00e1rbank alap\u00edt\u00f3j\u00e1nak B\u00fcrger Albertnek kez\u00e9hez j\u00e1tszania, m\u00e9gis Bp.-re t\u00e1vozott (1926), ahol a Schwartzer szanat\u00f3rium \u00e9s a maga alap\u00edtotta Siesta gy\u00f3gyint\u00e9zet eln\u00f6ki tiszt\u00e9ben vezette a k\u00e9t int\u00e9zetet. Erd\u00e9lyi m\u0171k\u00f6d\u00e9s\u00e9b\u0151l leml\u00edt\u00e9sre m\u00e9lt\u00f3 a sz\u00ednh\u00e1zment\u0151 akci\u00f3ja, mellyel Mv.-en \u00e9s Temesv\u00e1ron siker\u00fclt a neh\u00e9z politikai \u00e9s p\u00e9nz\u00fcgyi viszonyok mellett is a m. sz\u00edn\u00e9szetet \u00e1lland\u00f3s\u00edtania, \u0151 alap\u00edtotta meg Erd\u00e9lyben az els\u0151 sz\u00ednp\u00e1rtol\u00f3 egyes\u00fcletet Mv.-i M. Sz\u00ednp\u00e1rtol\u00f3 Egyes\u00fclet n\u00e9ven (1921). F\u00e1rads\u00e1got \u00e9s k\u00f6lts\u00e9get nem kim\u00e9lve dolgozott a sz\u00ednh\u00e1z\u00e9rt. Szem\u00e9lyesen gy\u0171jt\u00f6tte a b\u00e9rleteseket \u00edgy heti h\u00e1rom el\u0151ad\u00e1sra telt h\u00e1z b\u00e9rlet gy\u0171lt \u00f6ssze. A mv.-i Kaszino eln\u00f6ke (1923\u201326). Az MTK sport klub eln\u00f6ke (1921). A Ref. Koll. el\u0151lj\u00e1r\u00f3s\u00e1gi tagja (1921), t\u00e1mogat\u00f3ja. A M. Iparosok Egyes\u00fclete, mint a m. iparosok t\u00e1mogat\u00f3j\u00e1nak, d\u00edszoklevelet adom\u00e1nyozott neki (1923). <br \/><strong>Irod.:<\/strong> Bern\u00e1dy; Bi\u00e1s Istv\u00e1n; B\u00facsu B. P.-t\u00f3l (Az Ellenz\u00e9k, 1926. febr. 22.); Guly\u00e1s; Id\u0151t\u00e1r 2; Id\u0151t\u00e1r 3; Molter 1.; Osv\u00e1th; \u00d6kr\u00f6s; Pan\u0103; Sebesty\u00e9n<\/br><\/p>\n","protected":false},"excerpt":{"rendered":"<p>Kv., 1873. aug. 5., \u2020 Mv., 1926. febr.: bankvez\u00e9rigazgat\u00f3. \u2013 A kv.-i Kereskedelmi Akad.-\u00e1n v\u00e9gzett. El\u0151bb a bp.-i M. Kereskedelmi Bankn\u00e1l (1896\u2013), k\u00e9s\u0151bb a M. Agr\u00e1r \u00e9s J\u00e1rad\u00e9k Bankn\u00e1l (1901\u201313) m\u0171k\u00f6d\u00f6tt, amelynek m\u00e1r 25 \u00e9ves kor\u00e1ban t\u0151zsdeint\u00e9z\u0151je, s n\u00e9h\u00e1ny \u00e9v m\u00falva c\u00e9gvezet\u0151je, majd aligazgat\u00f3ja lett. Innen a mv.-i Agr\u00e1rtakar\u00e9kp\u00e9nzt\u00e1rhoz deleg\u00e1lt\u00e1k, ahol vez\u00e9rigazgat\u00f3 lett (1913\u201325). A [&hellip;]<\/p>\n","protected":false},"featured_media":0,"comment_status":"open","ping_status":"closed","template":"","meta":[],"product_brand":[],"product_cat":[137],"product_tag":[],"class_list":{"0":"post-5002","1":"product","2":"type-product","3":"status-publish","5":"product_cat-maros-megyei-eletrajzi-lexikon","7":"first","8":"instock","9":"shipping-taxable","10":"product-type-simple"},"_links":{"self":[{"href":"https:\/\/uj.adatbank.ro\/lexikon\/wp-json\/wp\/v2\/product\/5002","targetHints":{"allow":["GET"]}}],"collection":[{"href":"https:\/\/uj.adatbank.ro\/lexikon\/wp-json\/wp\/v2\/product"}],"about":[{"href":"https:\/\/uj.adatbank.ro\/lexikon\/wp-json\/wp\/v2\/types\/product"}],"replies":[{"embeddable":true,"href":"https:\/\/uj.adatbank.ro\/lexikon\/wp-json\/wp\/v2\/comments?post=5002"}],"wp:attachment":[{"href":"https:\/\/uj.adatbank.ro\/lexikon\/wp-json\/wp\/v2\/media?parent=5002"}],"wp:term":[{"taxonomy":"product_brand","embeddable":true,"href":"https:\/\/uj.adatbank.ro\/lexikon\/wp-json\/wp\/v2\/product_brand?post=5002"},{"taxonomy":"product_cat","embeddable":true,"href":"https:\/\/uj.adatbank.ro\/lexikon\/wp-json\/wp\/v2\/product_cat?post=5002"},{"taxonomy":"product_tag","embeddable":true,"href":"https:\/\/uj.adatbank.ro\/lexikon\/wp-json\/wp\/v2\/product_tag?post=5002"}],"curies":[{"name":"wp","href":"https:\/\/api.w.org\/{rel}","templated":true}]}}

BODOR Pál, lécfalvi, Lécfalvi Bodor Pál

<p>Kv., 1873. aug. 5., † Mv., 1926. febr.: bankvezérigazgató. – A kv.-i Kereskedelmi Akad.-án végzett. Előbb a bp.-i M. Kereskedelmi Banknál (1896–), később a M. Agrár és Járadék Banknál (1901–13) működött, amelynek már 25 éves korában tőzsdeintézője, s néhány év múlva cégvezetője, majd aligazgatója lett. Innen a mv.-i Agrártakarékpénztárhoz delegálták, ahol vezérigazgató lett (1913–25). A modern üzletember, működése alatt a bank eredményeket ért el (fiókhálózat kiszélesítése, ipari és kereskedelmi vállalatok létesítése), a rendelkezésre álló tőkében minden jelentős vállalat benne volt. Többször kölcsönzött a városnak, segélyt adott az árvízkárosultaknak, hitelegyletet készült alapítani a kisegzisztenciák támogatására. A mv.-i városi közigazgatási bizottságának egyik tagja (1920). Később ellentétei támadtak az időközben részvénytöbbség tulajdonossá lett Romcomit-tal, s bár még sikerült a részvényeket visszaszereznie és az Agrárbank alapítójának Bürger Albertnek kezéhez játszania, mégis Bp.-re távozott (1926), ahol a Schwartzer szanatórium és a maga alapította Siesta gyógyintézet elnöki tisztében vezette a két intézetet. Erdélyi működéséből lemlítésre méltó a színházmentő akciója, mellyel Mv.-en és Temesváron sikerült a nehéz politikai és pénzügyi viszonyok mellett is a m. színészetet állandósítania, ő alapította meg Erdélyben az első színpártoló egyesületet Mv.-i M. Színpártoló Egyesület néven (1921). Fáradságot és költséget nem kimélve dolgozott a színházért. Személyesen gyűjtötte a bérleteseket így heti három előadásra telt ház bérlet gyűlt össze. A mv.-i Kaszino elnöke (1923–26). Az MTK sport klub elnöke (1921). A Ref. Koll. előljárósági tagja (1921), támogatója. A M. Iparosok Egyesülete, mint a m. iparosok támogatójának, díszoklevelet adományozott neki (1923). <br /><strong>Irod.:</strong> Bernády; Biás István; Búcsu B. P.-tól (Az Ellenzék, 1926. febr. 22.); Gulyás; Időtár 2; Időtár 3; Molter 1.; Osváth; Ökrös; Pană; Sebestyén</br></p>

<p>Kv., 1873. aug. 5., † Mv., 1926. febr.: bankvezérigazgató. – A kv.-i Kereskedelmi Akad.-án végzett. Előbb a bp.-i M. Kereskedelmi Banknál (1896–), később a M. Agrár és Járadék Banknál (1901–13) működött, amelynek már 25 éves korában tőzsdeintézője, s néhány év múlva cégvezetője, majd aligazgatója lett. Innen a mv.-i Agrártakarékpénztárhoz delegálták, ahol vezérigazgató lett (1913–25). A [&hellip;]</p>
