{"id":5007,"date":"2025-06-28T17:00:12","date_gmt":"2025-06-28T15:00:12","guid":{"rendered":"https:\/\/uj.adatbank.ro\/lexikon\/termek\/bodosi-marian-p-bodosi-a-marian-p-bodosi-antal\/"},"modified":"2025-06-28T17:00:12","modified_gmt":"2025-06-28T15:00:12","slug":"bodosi-marian-p-bodosi-a-marian-p-bodosi-antal","status":"publish","type":"product","link":"https:\/\/uj.adatbank.ro\/lexikon\/termek\/bodosi-marian-p-bodosi-a-marian-p-bodosi-antal\/","title":{"rendered":"BODOSI Mari\u00e1n P., Bodosi A. Mari\u00e1n P., Bodosi Antal"},"content":{"rendered":"<p>Bar\u00f3t, 1916. febr. 13., \u2020\u00a0Cs\u00edksomly\u00f3, 1992. okt. 18. Bar\u00f3ton sz\u00fclei mell\u00e9 temett\u00e9k: r. k. pl\u00e9b\u00e1nos. \u2013 M\u00e1rton \u00c1ron p\u00fcsp\u00f6k szentelte papp\u00e1 Cs\u00edksomly\u00f3n (1939. j\u00fal. 29). Ferences szerzetesk\u00e9nt, majd papk\u00e9nt teljes\u00edtett szolg\u00e1latot. Kv.-on k\u00f6zkedvelt \u00e9s h\u00edres sz\u00f3nok volt. A mv.-i f\u0151t\u00e9ri ferences rendh\u00e1z OFM h\u00e1zf\u0151n\u00f6ke, pl\u00e9b\u00e1nos (1972\u201377). K\u00fczdelmet folytatott a kommunista diktat\u00fara ellen. Mv.-en lebontott\u00e1k a f\u0151t\u00e9ri Szent Imre minorita templomot \u00e9s kolostort, csak a tornya maradt meg a f\u0151t\u00e9ren \u00e9s nev\u00e9hez f\u0171z\u0151dik az Ady negyedi templom \u00e9p\u00edt\u00e9se, ahova a Szabads\u00e1g \u00fat v\u00e9g\u00e9re, elk\u00f6lt\u00f6ztett\u00e9k a templomot \u00e9s ennek volt els\u0151 papja (1972). A mikh\u00e1zi templomi szolg\u00e1latot l\u00e1tta el (1977\u201391). Id\u0151sen, betegen ker\u00fclt Cs\u00edksomly\u00f3ra. Bar\u00f3ton sz\u00fcl\u0151h\u00e1zukra eml\u00e9kt\u00e1bl\u00e1t \u00e1ll\u00edtottak a Bodosi fiv\u00e9rek (Mih\u00e1ly, D\u00e1niel \u00e9s Antal) tisztelet\u00e9re (2009 aug. 30). \u2013 <strong>F. m.:<\/strong> A bar\u00f3ti leg\u00e9nyek betlehemes j\u00e1t\u00e9ka (Erd\u00e9lyi Iskola 1943). <br \/><strong>Irod.:<\/strong> Id\u0151t\u00e1r 4.; Lokodi Imre: A ferences rendtartom\u00e1ny v\u00e1s\u00e1rhelyi \u00fcnnepe (N\u00fa., 2002. m\u00e1j. 30.); Maros-k\u00fck\u00fcll\u0151i f\u0151esp.; Vas\u00e1rnap Katolikus Hetilap online (1992. okt. 28.)<\/br><\/p>\n","protected":false},"excerpt":{"rendered":"<p>Bar\u00f3t, 1916. febr. 13., \u2020\u00a0Cs\u00edksomly\u00f3, 1992. okt. 18. Bar\u00f3ton sz\u00fclei mell\u00e9 temett\u00e9k: r. k. pl\u00e9b\u00e1nos. \u2013 M\u00e1rton \u00c1ron p\u00fcsp\u00f6k szentelte papp\u00e1 Cs\u00edksomly\u00f3n (1939. j\u00fal. 29). Ferences szerzetesk\u00e9nt, majd papk\u00e9nt teljes\u00edtett szolg\u00e1latot. Kv.-on k\u00f6zkedvelt \u00e9s h\u00edres sz\u00f3nok volt. A mv.-i f\u0151t\u00e9ri ferences rendh\u00e1z OFM h\u00e1zf\u0151n\u00f6ke, pl\u00e9b\u00e1nos (1972\u201377). K\u00fczdelmet folytatott a kommunista diktat\u00fara ellen. Mv.-en lebontott\u00e1k a [&hellip;]<\/p>\n","protected":false},"featured_media":0,"comment_status":"open","ping_status":"closed","template":"","meta":[],"product_brand":[],"product_cat":[137],"product_tag":[],"class_list":{"0":"post-5007","1":"product","2":"type-product","3":"status-publish","5":"product_cat-maros-megyei-eletrajzi-lexikon","7":"first","8":"instock","9":"shipping-taxable","10":"product-type-simple"},"_links":{"self":[{"href":"https:\/\/uj.adatbank.ro\/lexikon\/wp-json\/wp\/v2\/product\/5007","targetHints":{"allow":["GET"]}}],"collection":[{"href":"https:\/\/uj.adatbank.ro\/lexikon\/wp-json\/wp\/v2\/product"}],"about":[{"href":"https:\/\/uj.adatbank.ro\/lexikon\/wp-json\/wp\/v2\/types\/product"}],"replies":[{"embeddable":true,"href":"https:\/\/uj.adatbank.ro\/lexikon\/wp-json\/wp\/v2\/comments?post=5007"}],"wp:attachment":[{"href":"https:\/\/uj.adatbank.ro\/lexikon\/wp-json\/wp\/v2\/media?parent=5007"}],"wp:term":[{"taxonomy":"product_brand","embeddable":true,"href":"https:\/\/uj.adatbank.ro\/lexikon\/wp-json\/wp\/v2\/product_brand?post=5007"},{"taxonomy":"product_cat","embeddable":true,"href":"https:\/\/uj.adatbank.ro\/lexikon\/wp-json\/wp\/v2\/product_cat?post=5007"},{"taxonomy":"product_tag","embeddable":true,"href":"https:\/\/uj.adatbank.ro\/lexikon\/wp-json\/wp\/v2\/product_tag?post=5007"}],"curies":[{"name":"wp","href":"https:\/\/api.w.org\/{rel}","templated":true}]}}

BODOSI Marián P., Bodosi A. Marián P., Bodosi Antal

<p>Barót, 1916. febr. 13., † Csíksomlyó, 1992. okt. 18. Baróton szülei mellé temették: r. k. plébános. – Márton Áron püspök szentelte pappá Csíksomlyón (1939. júl. 29). Ferences szerzetesként, majd papként teljesített szolgálatot. Kv.-on közkedvelt és híres szónok volt. A mv.-i főtéri ferences rendház OFM házfőnöke, plébános (1972–77). Küzdelmet folytatott a kommunista diktatúra ellen. Mv.-en lebontották a főtéri Szent Imre minorita templomot és kolostort, csak a tornya maradt meg a főtéren és nevéhez fűződik az Ady negyedi templom építése, ahova a Szabadság út végére, elköltöztették a templomot és ennek volt első papja (1972). A mikházi templomi szolgálatot látta el (1977–91). Idősen, betegen került Csíksomlyóra. Baróton szülőházukra emléktáblát állítottak a Bodosi fivérek (Mihály, Dániel és Antal) tiszteletére (2009 aug. 30). – <strong>F. m.:</strong> A baróti legények betlehemes játéka (Erdélyi Iskola 1943). <br /><strong>Irod.:</strong> Időtár 4.; Lokodi Imre: A ferences rendtartomány vásárhelyi ünnepe (Nú., 2002. máj. 30.); Maros-küküllői főesp.; Vasárnap Katolikus Hetilap online (1992. okt. 28.)</br></p>

<p>Barót, 1916. febr. 13., † Csíksomlyó, 1992. okt. 18. Baróton szülei mellé temették: r. k. plébános. – Márton Áron püspök szentelte pappá Csíksomlyón (1939. júl. 29). Ferences szerzetesként, majd papként teljesített szolgálatot. Kv.-on közkedvelt és híres szónok volt. A mv.-i főtéri ferences rendház OFM házfőnöke, plébános (1972–77). Küzdelmet folytatott a kommunista diktatúra ellen. Mv.-en lebontották a [&hellip;]</p>
