{"id":5008,"date":"2025-06-28T17:00:16","date_gmt":"2025-06-28T15:00:16","guid":{"rendered":"https:\/\/uj.adatbank.ro\/lexikon\/termek\/bodroghy-lina-nogradine-bodroghy-lina-pavlov-lina\/"},"modified":"2025-06-28T17:00:16","modified_gmt":"2025-06-28T15:00:16","slug":"bodroghy-lina-nogradine-bodroghy-lina-pavlov-lina","status":"publish","type":"product","link":"https:\/\/uj.adatbank.ro\/lexikon\/termek\/bodroghy-lina-nogradine-bodroghy-lina-pavlov-lina\/","title":{"rendered":"BODROGHY Lina, N\u00f3gr\u00e1din\u00e9 Bodroghy Lina, Pavlov Lina"},"content":{"rendered":"<p>Mv., 1863. nov. 5., \u2020 Kassa, 1943. ut\u00e1n: sz\u00edn\u00e9szn\u0151. \u2013 Anyja eredeti neve Pavlov Lina, f\u00e9rje Bodroghy D\u00e9nes, aki adopt\u00e1lta tizenn\u00e9gy \u00e9ves kor\u00e1ban. F\u00e9rje: N\u00f3gr\u00e1di J\u00e1nos sz\u00edn\u00e9sz. \u2013 H\u00e1rom \u00e9vtizedet t\u00f6lt\u00f6tt a sz\u00edn\u00e9szi p\u00e1ly\u00e1n (1882\u20131912), nyugd\u00edjba vonult. J\u00e1tszott : Aradi Ger\u0151 (1884), Bodrohhy D\u00e9nes-Csisz\u00e9r K\u00e1lm\u00e1n \u2013 Sziggeti G\u00e9za (1886), Jakab Lajos (1888), Szabadhegyi Alad\u00e1 (1899), Egry K\u00e1lm\u00e1n, majd Halmay Imre (1890), Balogh Guszt\u00e1v (1893), Pesti Ih\u00e1sz Lajos (1894\u201395), \u00f6zv. Veszpr\u00e9min\u00e9 \u00c1gh Ilona (1895\u201396), Somogyi K\u00e1lm\u00e1n (1896\u20131897), Fekete Miksa (1899\u20131900), Monori S\u00e1ndor (1900-0901) t\u00e1rdulat\u00e1ban. \u2013 <strong>F. sz.:<\/strong> \u00d6rzse (Abonyi Lajos: A bety\u00e1r kend\u0151je); Boriska (T\u00f3th Ede: A falu rossza); Lucienne (Hennequin: Utaz\u00e1s a v\u00e1l\u00e1s k\u00f6r\u00fcl); Idill, Iv\u00e1n l\u00e1nya (Heged\u0171s Lajos B\u00edbor \u00e9s gy\u00e1sz); J\u00falia (Shakespeare: R\u00f3me\u00f3 \u00e9s J\u00falia), Melinda (Katona J : B\u00e1nk b\u00e1n). <br \/><strong>Irod.:<\/strong> Enyedi<\/br><\/p>\n","protected":false},"excerpt":{"rendered":"<p>Mv., 1863. nov. 5., \u2020 Kassa, 1943. ut\u00e1n: sz\u00edn\u00e9szn\u0151. \u2013 Anyja eredeti neve Pavlov Lina, f\u00e9rje Bodroghy D\u00e9nes, aki adopt\u00e1lta tizenn\u00e9gy \u00e9ves kor\u00e1ban. F\u00e9rje: N\u00f3gr\u00e1di J\u00e1nos sz\u00edn\u00e9sz. \u2013 H\u00e1rom \u00e9vtizedet t\u00f6lt\u00f6tt a sz\u00edn\u00e9szi p\u00e1ly\u00e1n (1882\u20131912), nyugd\u00edjba vonult. J\u00e1tszott : Aradi Ger\u0151 (1884), Bodrohhy D\u00e9nes-Csisz\u00e9r K\u00e1lm\u00e1n \u2013 Sziggeti G\u00e9za (1886), Jakab Lajos (1888), Szabadhegyi Alad\u00e1 (1899), [&hellip;]<\/p>\n","protected":false},"featured_media":0,"comment_status":"open","ping_status":"closed","template":"","meta":[],"product_brand":[],"product_cat":[137],"product_tag":[],"class_list":{"0":"post-5008","1":"product","2":"type-product","3":"status-publish","5":"product_cat-maros-megyei-eletrajzi-lexikon","7":"first","8":"instock","9":"shipping-taxable","10":"product-type-simple"},"_links":{"self":[{"href":"https:\/\/uj.adatbank.ro\/lexikon\/wp-json\/wp\/v2\/product\/5008","targetHints":{"allow":["GET"]}}],"collection":[{"href":"https:\/\/uj.adatbank.ro\/lexikon\/wp-json\/wp\/v2\/product"}],"about":[{"href":"https:\/\/uj.adatbank.ro\/lexikon\/wp-json\/wp\/v2\/types\/product"}],"replies":[{"embeddable":true,"href":"https:\/\/uj.adatbank.ro\/lexikon\/wp-json\/wp\/v2\/comments?post=5008"}],"wp:attachment":[{"href":"https:\/\/uj.adatbank.ro\/lexikon\/wp-json\/wp\/v2\/media?parent=5008"}],"wp:term":[{"taxonomy":"product_brand","embeddable":true,"href":"https:\/\/uj.adatbank.ro\/lexikon\/wp-json\/wp\/v2\/product_brand?post=5008"},{"taxonomy":"product_cat","embeddable":true,"href":"https:\/\/uj.adatbank.ro\/lexikon\/wp-json\/wp\/v2\/product_cat?post=5008"},{"taxonomy":"product_tag","embeddable":true,"href":"https:\/\/uj.adatbank.ro\/lexikon\/wp-json\/wp\/v2\/product_tag?post=5008"}],"curies":[{"name":"wp","href":"https:\/\/api.w.org\/{rel}","templated":true}]}}