{"id":5011,"date":"2025-06-28T17:00:20","date_gmt":"2025-06-28T15:00:20","guid":{"rendered":"https:\/\/uj.adatbank.ro\/lexikon\/termek\/boer-antal-nagyberivoji\/"},"modified":"2025-06-28T17:00:20","modified_gmt":"2025-06-28T15:00:20","slug":"boer-antal-nagyberivoji","status":"publish","type":"product","link":"https:\/\/uj.adatbank.ro\/lexikon\/termek\/boer-antal-nagyberivoji\/","title":{"rendered":"BO\u00c9R Antal, nagyberivoji"},"content":{"rendered":"<p>Mv., 1802. jan. 4., \u2020 Mez\u0151\u00fajfalu, 1892. nov. 2.: ogy.-i k\u00e9pvisel\u0151. \u2013 Feles\u00e9ge: Nits Zsuzsanna (1862.?- Mv., 1930. m\u00e1rc. 29.). L\u00e1nyaik: Irma \u00e9s Anna. \u2013 Tanult a kv.-i Ref. Koll.-ban. A mv-i Kir\u00e1lyi T\u00e1bl\u00e1n\u00e1l (1821), a kv-i Guberniumn\u00e1l, a nagyszebeni komisz\u00e1ri\u00e1tusn\u00e1l dolgozott mint hivatalnok. Az erd\u00e9lyi ogy. feloszlat\u00e1sa ut\u00e1n mint fogarasi k\u00f6vet Mo.-ra menek\u00fclt, f\u00e9l\u00e9vig b\u00fajdosott, ezut\u00e1n gog\u00e1nv\u00e1raljai birtok\u00e1n gazd\u00e1lkodott (\u20131836). R\u00e9szt vett a kv.-i, pesti ogy.-eken (1848) \u00e9s k\u00f6vette a korm\u00e1nyt Debrecenbe. A szabads\u00e1gharc lever\u00e9se ut\u00e1n b\u00fajdosott, \u00f6nk\u00e9nt feladta mag\u00e1t, hal\u00e1lra \u00edt\u00e9lt\u00e9k de Haynau az utols\u00f3 pillanatban megkegyelmezett neki, 18 \u00e9v v\u00e1rfogs\u00e1got kapott, Josephstadban raboskodott, kiszabadult (1857). K\u00e9pvisel\u0151 lett a gyergy\u00f3szentmikl\u00f3si ker\u00fcletben (1872), a fogarasi ker\u00fcletben (1875\u201392) hatszor t\u00f6lt\u00f6tte be a koreln\u00f6ki tisztet a H\u00e1zban. <br \/><strong>Irod.:<\/strong> Gy\u00e1szjelent\u0151; Guly\u00e1s; \u00daj orsz\u00e1ggy\u0171l\u00e9si almanach 1887\u201392 (Bp., 1888)<\/br><\/p>\n","protected":false},"excerpt":{"rendered":"<p>Mv., 1802. jan. 4., \u2020 Mez\u0151\u00fajfalu, 1892. nov. 2.: ogy.-i k\u00e9pvisel\u0151. \u2013 Feles\u00e9ge: Nits Zsuzsanna (1862.?- Mv., 1930. m\u00e1rc. 29.). L\u00e1nyaik: Irma \u00e9s Anna. \u2013 Tanult a kv.-i Ref. Koll.-ban. A mv-i Kir\u00e1lyi T\u00e1bl\u00e1n\u00e1l (1821), a kv-i Guberniumn\u00e1l, a nagyszebeni komisz\u00e1ri\u00e1tusn\u00e1l dolgozott mint hivatalnok. Az erd\u00e9lyi ogy. feloszlat\u00e1sa ut\u00e1n mint fogarasi k\u00f6vet Mo.-ra menek\u00fclt, f\u00e9l\u00e9vig [&hellip;]<\/p>\n","protected":false},"featured_media":0,"comment_status":"open","ping_status":"closed","template":"","meta":[],"product_brand":[],"product_cat":[137],"product_tag":[],"class_list":{"0":"post-5011","1":"product","2":"type-product","3":"status-publish","5":"product_cat-maros-megyei-eletrajzi-lexikon","7":"first","8":"instock","9":"shipping-taxable","10":"product-type-simple"},"_links":{"self":[{"href":"https:\/\/uj.adatbank.ro\/lexikon\/wp-json\/wp\/v2\/product\/5011","targetHints":{"allow":["GET"]}}],"collection":[{"href":"https:\/\/uj.adatbank.ro\/lexikon\/wp-json\/wp\/v2\/product"}],"about":[{"href":"https:\/\/uj.adatbank.ro\/lexikon\/wp-json\/wp\/v2\/types\/product"}],"replies":[{"embeddable":true,"href":"https:\/\/uj.adatbank.ro\/lexikon\/wp-json\/wp\/v2\/comments?post=5011"}],"wp:attachment":[{"href":"https:\/\/uj.adatbank.ro\/lexikon\/wp-json\/wp\/v2\/media?parent=5011"}],"wp:term":[{"taxonomy":"product_brand","embeddable":true,"href":"https:\/\/uj.adatbank.ro\/lexikon\/wp-json\/wp\/v2\/product_brand?post=5011"},{"taxonomy":"product_cat","embeddable":true,"href":"https:\/\/uj.adatbank.ro\/lexikon\/wp-json\/wp\/v2\/product_cat?post=5011"},{"taxonomy":"product_tag","embeddable":true,"href":"https:\/\/uj.adatbank.ro\/lexikon\/wp-json\/wp\/v2\/product_tag?post=5011"}],"curies":[{"name":"wp","href":"https:\/\/api.w.org\/{rel}","templated":true}]}}

BOÉR Antal, nagyberivoji

<p>Mv., 1802. jan. 4., † Mezőújfalu, 1892. nov. 2.: ogy.-i képviselő. – Felesége: Nits Zsuzsanna (1862.?- Mv., 1930. márc. 29.). Lányaik: Irma és Anna. – Tanult a kv.-i Ref. Koll.-ban. A mv-i Királyi Táblánál (1821), a kv-i Guberniumnál, a nagyszebeni komiszáriátusnál dolgozott mint hivatalnok. Az erdélyi ogy. feloszlatása után mint fogarasi követ Mo.-ra menekült, félévig bújdosott, ezután gogánváraljai birtokán gazdálkodott (–1836). Részt vett a kv.-i, pesti ogy.-eken (1848) és követte a kormányt Debrecenbe. A szabadságharc leverése után bújdosott, önként feladta magát, halálra ítélték de Haynau az utolsó pillanatban megkegyelmezett neki, 18 év várfogságot kapott, Josephstadban raboskodott, kiszabadult (1857). Képviselő lett a gyergyószentmiklósi kerületben (1872), a fogarasi kerületben (1875–92) hatszor töltötte be a korelnöki tisztet a Házban. <br /><strong>Irod.:</strong> Gyászjelentő; Gulyás; Új országgyűlési almanach 1887–92 (Bp., 1888)</br></p>

<p>Mv., 1802. jan. 4., † Mezőújfalu, 1892. nov. 2.: ogy.-i képviselő. – Felesége: Nits Zsuzsanna (1862.?- Mv., 1930. márc. 29.). Lányaik: Irma és Anna. – Tanult a kv.-i Ref. Koll.-ban. A mv-i Királyi Táblánál (1821), a kv-i Guberniumnál, a nagyszebeni komiszáriátusnál dolgozott mint hivatalnok. Az erdélyi ogy. feloszlatása után mint fogarasi követ Mo.-ra menekült, félévig [&hellip;]</p>
