{"id":5012,"date":"2025-06-28T17:00:22","date_gmt":"2025-06-28T15:00:22","guid":{"rendered":"https:\/\/uj.adatbank.ro\/lexikon\/termek\/boer-elek-id-kovesdi-boer-alexis\/"},"modified":"2025-06-28T17:00:22","modified_gmt":"2025-06-28T15:00:22","slug":"boer-elek-id-kovesdi-boer-alexis","status":"publish","type":"product","link":"https:\/\/uj.adatbank.ro\/lexikon\/termek\/boer-elek-id-kovesdi-boer-alexis\/","title":{"rendered":"BO\u00c9R Elek, id., k\u00f6vesdi, Boer Alexis"},"content":{"rendered":"<p>Maroscsap\u00f3, 1872. nov. 2., \u2020 \u00dajfeh\u00e9rt\u00f3, 1952. jan. 8.: jog\u00e1sz, egyetemi tan\u00e1r. \u2013 Apja tisztvisel\u0151 Tord\u00e1n. Feles\u00e9ge: L\u00e9tzfalvi Gy\u00e1rf\u00e1s Roz\u00e1lia. \u2013 Jogi tanulm\u00e1nyait Kv.-on, a b\u00e9csi (1894\u2013) \u00e9s berlini egy.-en v\u00e9gezte (1895. \u00e1pr. 18. \u201395. aug. 7.), Kv.-on \u00e1llamtud. doktori oklevelet szerzett (1898), majd \u00fcgyv\u00e9di vizsg\u00e1t tett (1898). Erzs\u00e9betv\u00e1rosban \u00fcgyv\u00e9d (1898\u2013), p\u00e1r \u00e9vi \u00fcgyv\u00e9di gyakorlat ut\u00e1n Kisk\u00fck\u00fcll\u0151 v\u00e1rmegye szolg\u00e1lat\u00e1ba l\u00e9pett: szolgab\u00edr\u00f3, f\u0151szolgab\u00edr\u00f3, t\u00f6rv\u00e9nysz\u00e9ki f\u0151jegyz\u0151 (1900\u20131906). A kv.-i egyetemen a k\u00f6zigazgat\u00e1si jog mag\u00e1n\u00adtan\u00e1ra tan\u00e1ra (1906\u2013); k\u00f6zigazgat\u00e1si \u00e9s p\u00e9nz\u00fcgyi jog nyilv\u00e1nos rendk\u00edv\u00fcli tan\u00e1ra, ny. r. tan\u00e1ra (1910\u20132l), d\u00e9k\u00e1nja (1818\u201319), a szegedi egy. ny. r. tan\u00e1ra (1921\u201322). Bp.-en a K\u00f6zigazgat\u00e1si B\u00edr\u00f3s\u00e1g \u00edt\u00e9l\u0151b\u00edr\u00e1ja lett (1926\u2013) \u00e9s \u00edt\u00e9l\u0151b\u00edr\u00f3 (1926\u2013) \u00d6t \u00e9ven \u00e1t a Washingtonban fel\u00e1ll\u00edtott h\u00e1rmas vegyes d\u00f6nt\u0151 b\u00edr\u00f3s\u00e1gn\u00e1l a m. korm\u00e1nyt k\u00e9pviselte (1926\u201331). 19 ref. nemzetk\u00f6zi egyh\u00e1zi konferenci\u00e1n vett r\u00e9szt \u00e9s sz\u00f3lalt fel a m. kisebbs\u00e9gek \u00e9rdek\u00e9ben. Az Egyes\u00fclt \u00c1llamokban ottart\u00f3zkod\u00e1sa \u00f6t \u00e9ve alatt 56 el\u0151ad\u00e1st tartott a b\u00e9keszerz\u0151d\u00e9sek revizi\u00f3j\u00e1r\u00f3l. A K\u00f6zigazgat\u00e1si B\u00edr\u00f3s\u00e1g tan\u00e1cseln\u00f6ke (1940\u2013), m\u00e1sod\u00adeln\u00f6ke (1943\u201344), a fels\u0151h\u00e1z tagja (1943\u201344). Kitelep\u00edtett\u00e9k \u00dajfeh\u00e9rt\u00f3ra (1951\u2013). Feles\u00e9g\u00e9vel, B\u00e9csben k\u00e9sz\u00edtett (1901), ez\u00fcst fedeles serleget \u00e9s ez\u00fcst keny\u00e9roszt\u00f3 t\u00e1ny\u00e9rt aj\u00e1nd\u00e9kozott a marosugrai ref. egyh\u00e1znak (1901). \u2013 <strong>F. m.:<\/strong> A porosz k\u00f6zs\u00e9g szervezete (Kv., 1898); K\u00f6zigazgat\u00e1si b\u00edr\u00e1skod\u00e1s (Bp., 1903; 2. kiad.; 1907); Magyar k\u00f6zigazgat\u00e1si jog. \u00c1ltal\u00e1nos r\u00e9sz (Bp., 1908); T\u00f6rv\u00e9nyhat\u00f3s\u00e1gi \u00f6nkor\u00adm\u00e1nyzatunk \u00e9s k\u00f6zigazgat\u00e1si b\u00edr\u00f3s\u00e1gunk hat\u00e1sk\u00f6r\u00e9nek kiterjeszt\u00e9se (Bp., 1908); A k\u00f6z\u00adigazgat\u00e1si int\u00e9zked\u00e9sek jogereje (Bp., 1910); M. k\u00f6zigazgat\u00e1si \u00e9s p\u00e9nz\u00fcgyi jog, I. \u00c1ltal\u00e1nos r\u00e9sz (Bp., 1912); Amit a h\u00e1bor\u00fanak k\u00f6sz\u00f6nhet\u00fcnk (Kv., 1915). <br \/><strong>Irod.:<\/strong> Guly\u00e1s; K\u00fck\u00fcll\u0151i Ref. Egyh\u00e1zm. 4.; M\u00c9L; RNL; R\u00daL; Szab\u00f3\u2013Simon\u2013Sz\u00f6gi; \u00daIL; \u00daM\u00c9L<\/br><\/p>\n","protected":false},"excerpt":{"rendered":"<p>Maroscsap\u00f3, 1872. nov. 2., \u2020 \u00dajfeh\u00e9rt\u00f3, 1952. jan. 8.: jog\u00e1sz, egyetemi tan\u00e1r. \u2013 Apja tisztvisel\u0151 Tord\u00e1n. Feles\u00e9ge: L\u00e9tzfalvi Gy\u00e1rf\u00e1s Roz\u00e1lia. \u2013 Jogi tanulm\u00e1nyait Kv.-on, a b\u00e9csi (1894\u2013) \u00e9s berlini egy.-en v\u00e9gezte (1895. \u00e1pr. 18. \u201395. aug. 7.), Kv.-on \u00e1llamtud. doktori oklevelet szerzett (1898), majd \u00fcgyv\u00e9di vizsg\u00e1t tett (1898). Erzs\u00e9betv\u00e1rosban \u00fcgyv\u00e9d (1898\u2013), p\u00e1r \u00e9vi \u00fcgyv\u00e9di gyakorlat [&hellip;]<\/p>\n","protected":false},"featured_media":0,"comment_status":"open","ping_status":"closed","template":"","meta":[],"product_brand":[],"product_cat":[137],"product_tag":[],"class_list":{"0":"post-5012","1":"product","2":"type-product","3":"status-publish","5":"product_cat-maros-megyei-eletrajzi-lexikon","7":"first","8":"instock","9":"shipping-taxable","10":"product-type-simple"},"_links":{"self":[{"href":"https:\/\/uj.adatbank.ro\/lexikon\/wp-json\/wp\/v2\/product\/5012","targetHints":{"allow":["GET"]}}],"collection":[{"href":"https:\/\/uj.adatbank.ro\/lexikon\/wp-json\/wp\/v2\/product"}],"about":[{"href":"https:\/\/uj.adatbank.ro\/lexikon\/wp-json\/wp\/v2\/types\/product"}],"replies":[{"embeddable":true,"href":"https:\/\/uj.adatbank.ro\/lexikon\/wp-json\/wp\/v2\/comments?post=5012"}],"wp:attachment":[{"href":"https:\/\/uj.adatbank.ro\/lexikon\/wp-json\/wp\/v2\/media?parent=5012"}],"wp:term":[{"taxonomy":"product_brand","embeddable":true,"href":"https:\/\/uj.adatbank.ro\/lexikon\/wp-json\/wp\/v2\/product_brand?post=5012"},{"taxonomy":"product_cat","embeddable":true,"href":"https:\/\/uj.adatbank.ro\/lexikon\/wp-json\/wp\/v2\/product_cat?post=5012"},{"taxonomy":"product_tag","embeddable":true,"href":"https:\/\/uj.adatbank.ro\/lexikon\/wp-json\/wp\/v2\/product_tag?post=5012"}],"curies":[{"name":"wp","href":"https:\/\/api.w.org\/{rel}","templated":true}]}}

BOÉR Elek, id., kövesdi, Boer Alexis

<p>Maroscsapó, 1872. nov. 2., † Újfehértó, 1952. jan. 8.: jogász, egyetemi tanár. – Apja tisztviselő Tordán. Felesége: Létzfalvi Gyárfás Rozália. – Jogi tanulmányait Kv.-on, a bécsi (1894–) és berlini egy.-en végezte (1895. ápr. 18. –95. aug. 7.), Kv.-on államtud. doktori oklevelet szerzett (1898), majd ügyvédi vizsgát tett (1898). Erzsébetvárosban ügyvéd (1898–), pár évi ügyvédi gyakorlat után Kisküküllő vármegye szolgálatába lépett: szolgabíró, főszolgabíró, törvényszéki főjegyző (1900–1906). A kv.-i egyetemen a közigazgatási jog magán­tanára tanára (1906–); közigazgatási és pénzügyi jog nyilvános rendkívüli tanára, ny. r. tanára (1910–2l), dékánja (1818–19), a szegedi egy. ny. r. tanára (1921–22). Bp.-en a Közigazgatási Bíróság ítélőbírája lett (1926–) és ítélőbíró (1926–) Öt éven át a Washingtonban felállított hármas vegyes döntő bíróságnál a m. kormányt képviselte (1926–31). 19 ref. nemzetközi egyházi konferencián vett részt és szólalt fel a m. kisebbségek érdekében. Az Egyesült Államokban ottartózkodása öt éve alatt 56 előadást tartott a békeszerződések reviziójáról. A Közigazgatási Bíróság tanácselnöke (1940–), másod­elnöke (1943–44), a felsőház tagja (1943–44). Kitelepítették Újfehértóra (1951–). Feleségével, Bécsben készített (1901), ezüst fedeles serleget és ezüst kenyérosztó tányért ajándékozott a marosugrai ref. egyháznak (1901). – <strong>F. m.:</strong> A porosz község szervezete (Kv., 1898); Közigazgatási bíráskodás (Bp., 1903; 2. kiad.; 1907); Magyar közigazgatási jog. Általános rész (Bp., 1908); Törvényhatósági önkor­mányzatunk és közigazgatási bíróságunk hatáskörének kiterjesztése (Bp., 1908); A köz­igazgatási intézkedések jogereje (Bp., 1910); M. közigazgatási és pénzügyi jog, I. Általános rész (Bp., 1912); Amit a háborúnak köszönhetünk (Kv., 1915). <br /><strong>Irod.:</strong> Gulyás; Küküllői Ref. Egyházm. 4.; MÉL; RNL; RÚL; Szabó–Simon–Szögi; ÚIL; ÚMÉL</br></p>

<p>Maroscsapó, 1872. nov. 2., † Újfehértó, 1952. jan. 8.: jogász, egyetemi tanár. – Apja tisztviselő Tordán. Felesége: Létzfalvi Gyárfás Rozália. – Jogi tanulmányait Kv.-on, a bécsi (1894–) és berlini egy.-en végezte (1895. ápr. 18. –95. aug. 7.), Kv.-on államtud. doktori oklevelet szerzett (1898), majd ügyvédi vizsgát tett (1898). Erzsébetvárosban ügyvéd (1898–), pár évi ügyvédi gyakorlat [&hellip;]</p>
