{"id":5017,"date":"2025-06-28T17:00:30","date_gmt":"2025-06-28T15:00:30","guid":{"rendered":"https:\/\/uj.adatbank.ro\/lexikon\/termek\/boer-ferenc-nagyberivoi\/"},"modified":"2025-06-28T17:00:30","modified_gmt":"2025-06-28T15:00:30","slug":"boer-ferenc-nagyberivoi","status":"publish","type":"product","link":"https:\/\/uj.adatbank.ro\/lexikon\/termek\/boer-ferenc-nagyberivoi\/","title":{"rendered":"BO\u00c9R Ferenc, nagyb\u00e9riv\u00f3i"},"content":{"rendered":"<p>Jobb\u00e1gyfalva, 1803. aug. 2., \u2020\u00a0Jobb\u00e1gyfalva, 1874. aug. 30.: f\u00f6ldbirtokos. \u2013 Feles\u00e9ge: Kom\u00e1romi Ros\u00e1lia (1813. \u00e1pr. 11. \u2013 1842. j\u00fan. 18.). Fi\u00fak: Antal. \u2013 Jobb\u00e1gyfalvi f\u00f6ldbirtokos. Miut\u00e1n elvesz\u00edtette h\u00e1rom feles\u00e9g\u00e9t \u00e9s h\u00e9t gyermek\u00e9t, vagyon\u00e1t a jobb\u00e1gyfalvi r. k. egyh\u00e1zk\u00f6zs\u00e9gre hagyta (1873. aug. 21.), azzal a kik\u00f6t\u00e9ssel, hogy templom, \u00f6n\u00e1ll\u00f3 pl\u00e9b\u00e1nia \u00e9s felekezeti iskola \u00e9p\u00fclj\u00f6n \u00e9s \u00edgy is lett. Fogarassy Mih\u00e1ly p\u00fcsp\u00f6k pl\u00e9b\u00e1nia rangra emelte az egyh\u00e1zk\u00f6zs\u00e9get \u00e9s M\u00fcller J\u00e1nos sz\u00e1szr\u00e9geni \u00e9p\u00edt\u00e9sz meg\u00e9p\u00edtette a templomot (1877\u201382). Kov\u00e1cs Ferenc mv.-i ap\u00e1t istentisztelet sz\u00e1m\u00e1ra \u00e1tadta. L\u00f6h\u00e1rd Ferenc p\u00fcsp\u00f6k felszentelte a pl\u00e9b\u00e1ni\u00e1t \u00e9s a felekezeti iskol\u00e1t (1895). <br \/><strong>Irod.:<\/strong> Cs\u00edkfalva; Maros-k\u00fck\u00fcll\u0151i f\u0151esp.; Sepsisz\u00e9ki<\/br><\/p>\n","protected":false},"excerpt":{"rendered":"<p>Jobb\u00e1gyfalva, 1803. aug. 2., \u2020\u00a0Jobb\u00e1gyfalva, 1874. aug. 30.: f\u00f6ldbirtokos. \u2013 Feles\u00e9ge: Kom\u00e1romi Ros\u00e1lia (1813. \u00e1pr. 11. \u2013 1842. j\u00fan. 18.). Fi\u00fak: Antal. \u2013 Jobb\u00e1gyfalvi f\u00f6ldbirtokos. Miut\u00e1n elvesz\u00edtette h\u00e1rom feles\u00e9g\u00e9t \u00e9s h\u00e9t gyermek\u00e9t, vagyon\u00e1t a jobb\u00e1gyfalvi r. k. egyh\u00e1zk\u00f6zs\u00e9gre hagyta (1873. aug. 21.), azzal a kik\u00f6t\u00e9ssel, hogy templom, \u00f6n\u00e1ll\u00f3 pl\u00e9b\u00e1nia \u00e9s felekezeti iskola \u00e9p\u00fclj\u00f6n \u00e9s \u00edgy [&hellip;]<\/p>\n","protected":false},"featured_media":0,"comment_status":"open","ping_status":"closed","template":"","meta":[],"product_brand":[],"product_cat":[137],"product_tag":[],"class_list":{"0":"post-5017","1":"product","2":"type-product","3":"status-publish","5":"product_cat-maros-megyei-eletrajzi-lexikon","7":"first","8":"instock","9":"shipping-taxable","10":"product-type-simple"},"_links":{"self":[{"href":"https:\/\/uj.adatbank.ro\/lexikon\/wp-json\/wp\/v2\/product\/5017","targetHints":{"allow":["GET"]}}],"collection":[{"href":"https:\/\/uj.adatbank.ro\/lexikon\/wp-json\/wp\/v2\/product"}],"about":[{"href":"https:\/\/uj.adatbank.ro\/lexikon\/wp-json\/wp\/v2\/types\/product"}],"replies":[{"embeddable":true,"href":"https:\/\/uj.adatbank.ro\/lexikon\/wp-json\/wp\/v2\/comments?post=5017"}],"wp:attachment":[{"href":"https:\/\/uj.adatbank.ro\/lexikon\/wp-json\/wp\/v2\/media?parent=5017"}],"wp:term":[{"taxonomy":"product_brand","embeddable":true,"href":"https:\/\/uj.adatbank.ro\/lexikon\/wp-json\/wp\/v2\/product_brand?post=5017"},{"taxonomy":"product_cat","embeddable":true,"href":"https:\/\/uj.adatbank.ro\/lexikon\/wp-json\/wp\/v2\/product_cat?post=5017"},{"taxonomy":"product_tag","embeddable":true,"href":"https:\/\/uj.adatbank.ro\/lexikon\/wp-json\/wp\/v2\/product_tag?post=5017"}],"curies":[{"name":"wp","href":"https:\/\/api.w.org\/{rel}","templated":true}]}}

BOÉR Ferenc, nagybérivói

<p>Jobbágyfalva, 1803. aug. 2., † Jobbágyfalva, 1874. aug. 30.: földbirtokos. – Felesége: Komáromi Rosália (1813. ápr. 11. – 1842. jún. 18.). Fiúk: Antal. – Jobbágyfalvi földbirtokos. Miután elveszítette három feleségét és hét gyermekét, vagyonát a jobbágyfalvi r. k. egyházközségre hagyta (1873. aug. 21.), azzal a kikötéssel, hogy templom, önálló plébánia és felekezeti iskola épüljön és így is lett. Fogarassy Mihály püspök plébánia rangra emelte az egyházközséget és Müller János szászrégeni építész megépítette a templomot (1877–82). Kovács Ferenc mv.-i apát istentisztelet számára átadta. Löhárd Ferenc püspök felszentelte a plébániát és a felekezeti iskolát (1895). <br /><strong>Irod.:</strong> Csíkfalva; Maros-küküllői főesp.; Sepsiszéki</br></p>

<p>Jobbágyfalva, 1803. aug. 2., † Jobbágyfalva, 1874. aug. 30.: földbirtokos. – Felesége: Komáromi Rosália (1813. ápr. 11. – 1842. jún. 18.). Fiúk: Antal. – Jobbágyfalvi földbirtokos. Miután elveszítette három feleségét és hét gyermekét, vagyonát a jobbágyfalvi r. k. egyházközségre hagyta (1873. aug. 21.), azzal a kikötéssel, hogy templom, önálló plébánia és felekezeti iskola épüljön és így [&hellip;]</p>
