{"id":5022,"date":"2025-06-28T17:00:41","date_gmt":"2025-06-28T15:00:41","guid":{"rendered":"https:\/\/uj.adatbank.ro\/lexikon\/termek\/boer-imre\/"},"modified":"2025-06-28T17:00:41","modified_gmt":"2025-06-28T15:00:41","slug":"boer-imre","status":"publish","type":"product","link":"https:\/\/uj.adatbank.ro\/lexikon\/termek\/boer-imre\/","title":{"rendered":"BO\u00c9R Imre"},"content":{"rendered":"<p>? \u2020 ? : r. k. pl\u00e9b\u00e1nos. \u2013 Hodoson volt pl\u00e9b\u00e1nos, esperes, \u00e9nekl\u0151 kanonok 16 \u00e9vig (1750\u2013). Meg\u00faj\u00edttatta a templomot (1763\u201366). <br \/><strong>Irod.:<\/strong> Kr\u00f3n. F\u00fcz. (1936. 17\/18); L\u00e9sty\u00e1n \u2013 templomok 1.; P\u00e1l-Antal 2004<\/br><\/p>\n","protected":false},"excerpt":{"rendered":"<p>? \u2020 ? : r. k. pl\u00e9b\u00e1nos. \u2013 Hodoson volt pl\u00e9b\u00e1nos, esperes, \u00e9nekl\u0151 kanonok 16 \u00e9vig (1750\u2013). Meg\u00faj\u00edttatta a templomot (1763\u201366). Irod.: Kr\u00f3n. F\u00fcz. (1936. 17\/18); L\u00e9sty\u00e1n \u2013 templomok 1.; P\u00e1l-Antal 2004<\/p>\n","protected":false},"featured_media":0,"comment_status":"open","ping_status":"closed","template":"","meta":[],"product_brand":[],"product_cat":[137],"product_tag":[],"class_list":{"0":"post-5022","1":"product","2":"type-product","3":"status-publish","5":"product_cat-maros-megyei-eletrajzi-lexikon","7":"first","8":"instock","9":"shipping-taxable","10":"product-type-simple"},"_links":{"self":[{"href":"https:\/\/uj.adatbank.ro\/lexikon\/wp-json\/wp\/v2\/product\/5022","targetHints":{"allow":["GET"]}}],"collection":[{"href":"https:\/\/uj.adatbank.ro\/lexikon\/wp-json\/wp\/v2\/product"}],"about":[{"href":"https:\/\/uj.adatbank.ro\/lexikon\/wp-json\/wp\/v2\/types\/product"}],"replies":[{"embeddable":true,"href":"https:\/\/uj.adatbank.ro\/lexikon\/wp-json\/wp\/v2\/comments?post=5022"}],"wp:attachment":[{"href":"https:\/\/uj.adatbank.ro\/lexikon\/wp-json\/wp\/v2\/media?parent=5022"}],"wp:term":[{"taxonomy":"product_brand","embeddable":true,"href":"https:\/\/uj.adatbank.ro\/lexikon\/wp-json\/wp\/v2\/product_brand?post=5022"},{"taxonomy":"product_cat","embeddable":true,"href":"https:\/\/uj.adatbank.ro\/lexikon\/wp-json\/wp\/v2\/product_cat?post=5022"},{"taxonomy":"product_tag","embeddable":true,"href":"https:\/\/uj.adatbank.ro\/lexikon\/wp-json\/wp\/v2\/product_tag?post=5022"}],"curies":[{"name":"wp","href":"https:\/\/api.w.org\/{rel}","templated":true}]}}