{"id":5027,"date":"2025-06-28T17:00:50","date_gmt":"2025-06-28T15:00:50","guid":{"rendered":"https:\/\/uj.adatbank.ro\/lexikon\/termek\/boer-lajos\/"},"modified":"2025-06-28T17:00:50","modified_gmt":"2025-06-28T15:00:50","slug":"boer-lajos","status":"publish","type":"product","link":"https:\/\/uj.adatbank.ro\/lexikon\/termek\/boer-lajos\/","title":{"rendered":"BO\u00c9R Lajos"},"content":{"rendered":"<p>K\u00e1lnok, 1846. jan. 6., \u2020 B\u00f6z\u00f6d, 1904. j\u00fal. 1.: unit. lelk\u00e9sz. \u2013 Tanulm\u00e1nyait Sz\u00e9kelykereszt\u00faron, Kv-on v\u00e9gezte, lelk\u00e9szi oklevelet szerzett (1869). Tan\u00edt\u00f3 Kv-on (1867\u2013), lelk\u00e9sz Kad\u00e1cson (1870\u2013), B\u00f6z\u00f6d\u00f6n hal\u00e1l\u00e1ig (1873\u2013). Cikkei a Kereszt\u00e9ny Magvet\u0151ben. K\u00e9ziratban kb. 200 egyh\u00e1zi \u00e9s halotti besz\u00e9de maradt. \u2013 <strong>F. m.:<\/strong> Albert \u00c1ron&#8230; \u00e9s&#8230; Mik\u00f3 Zsuzsanna 50 \u00e9. h\u00e1zzass\u00e1gi \u00fcnnep\u00e9ly\u00fck alkal. mondott besz\u00e9d (Sepsiszentgy\u00f6rgy, 1879). <br \/><strong>Irod.:<\/strong> Guly\u00e1s<\/br><\/p>\n","protected":false},"excerpt":{"rendered":"<p>K\u00e1lnok, 1846. jan. 6., \u2020 B\u00f6z\u00f6d, 1904. j\u00fal. 1.: unit. lelk\u00e9sz. \u2013 Tanulm\u00e1nyait Sz\u00e9kelykereszt\u00faron, Kv-on v\u00e9gezte, lelk\u00e9szi oklevelet szerzett (1869). Tan\u00edt\u00f3 Kv-on (1867\u2013), lelk\u00e9sz Kad\u00e1cson (1870\u2013), B\u00f6z\u00f6d\u00f6n hal\u00e1l\u00e1ig (1873\u2013). Cikkei a Kereszt\u00e9ny Magvet\u0151ben. K\u00e9ziratban kb. 200 egyh\u00e1zi \u00e9s halotti besz\u00e9de maradt. \u2013 F. m.: Albert \u00c1ron&#8230; \u00e9s&#8230; Mik\u00f3 Zsuzsanna 50 \u00e9. h\u00e1zzass\u00e1gi \u00fcnnep\u00e9ly\u00fck alkal. mondott [&hellip;]<\/p>\n","protected":false},"featured_media":0,"comment_status":"open","ping_status":"closed","template":"","meta":[],"product_brand":[],"product_cat":[137],"product_tag":[],"class_list":{"0":"post-5027","1":"product","2":"type-product","3":"status-publish","5":"product_cat-maros-megyei-eletrajzi-lexikon","7":"first","8":"instock","9":"shipping-taxable","10":"product-type-simple"},"_links":{"self":[{"href":"https:\/\/uj.adatbank.ro\/lexikon\/wp-json\/wp\/v2\/product\/5027","targetHints":{"allow":["GET"]}}],"collection":[{"href":"https:\/\/uj.adatbank.ro\/lexikon\/wp-json\/wp\/v2\/product"}],"about":[{"href":"https:\/\/uj.adatbank.ro\/lexikon\/wp-json\/wp\/v2\/types\/product"}],"replies":[{"embeddable":true,"href":"https:\/\/uj.adatbank.ro\/lexikon\/wp-json\/wp\/v2\/comments?post=5027"}],"wp:attachment":[{"href":"https:\/\/uj.adatbank.ro\/lexikon\/wp-json\/wp\/v2\/media?parent=5027"}],"wp:term":[{"taxonomy":"product_brand","embeddable":true,"href":"https:\/\/uj.adatbank.ro\/lexikon\/wp-json\/wp\/v2\/product_brand?post=5027"},{"taxonomy":"product_cat","embeddable":true,"href":"https:\/\/uj.adatbank.ro\/lexikon\/wp-json\/wp\/v2\/product_cat?post=5027"},{"taxonomy":"product_tag","embeddable":true,"href":"https:\/\/uj.adatbank.ro\/lexikon\/wp-json\/wp\/v2\/product_tag?post=5027"}],"curies":[{"name":"wp","href":"https:\/\/api.w.org\/{rel}","templated":true}]}}

BOÉR Lajos

<p>Kálnok, 1846. jan. 6., † Bözöd, 1904. júl. 1.: unit. lelkész. – Tanulmányait Székelykeresztúron, Kv-on végezte, lelkészi oklevelet szerzett (1869). Tanító Kv-on (1867–), lelkész Kadácson (1870–), Bözödön haláláig (1873–). Cikkei a Keresztény Magvetőben. Kéziratban kb. 200 egyházi és halotti beszéde maradt. – <strong>F. m.:</strong> Albert Áron&#8230; és&#8230; Mikó Zsuzsanna 50 é. házzassági ünnepélyük alkal. mondott beszéd (Sepsiszentgyörgy, 1879). <br /><strong>Irod.:</strong> Gulyás</br></p>

<p>Kálnok, 1846. jan. 6., † Bözöd, 1904. júl. 1.: unit. lelkész. – Tanulmányait Székelykeresztúron, Kv-on végezte, lelkészi oklevelet szerzett (1869). Tanító Kv-on (1867–), lelkész Kadácson (1870–), Bözödön haláláig (1873–). Cikkei a Keresztény Magvetőben. Kéziratban kb. 200 egyházi és halotti beszéde maradt. – F. m.: Albert Áron&#8230; és&#8230; Mikó Zsuzsanna 50 é. házzassági ünnepélyük alkal. mondott [&hellip;]</p>
