{"id":5029,"date":"2025-06-28T17:00:53","date_gmt":"2025-06-28T15:00:53","guid":{"rendered":"https:\/\/uj.adatbank.ro\/lexikon\/termek\/boer-marton\/"},"modified":"2025-06-28T17:00:53","modified_gmt":"2025-06-28T15:00:53","slug":"boer-marton","status":"publish","type":"product","link":"https:\/\/uj.adatbank.ro\/lexikon\/termek\/boer-marton\/","title":{"rendered":"BO\u00c9R M\u00e1rton"},"content":{"rendered":"<p>Kv., 1762., \u2020 Mv., 1830.: fest\u0151, mv.-i k\u00e9p\u00edr\u00f3. \u2013 Zsib\u00f3n nevelte Wessel\u00e9nyi Istv\u00e1nn\u00e9 D\u00e1niel Polix\u00e9nia gyermekeit, majd gazdatiszt volt Teleki Mih\u00e1ly s\u00e1rpataki birtok\u00e1n, az \u0151 t\u00e1mogat\u00e1sukkal tanult B\u00e9csben fest\u00e9szetet. Kv-on majd Mv.-en m\u0171k\u00f6d\u00f6tt. Mv.-en a v\u00e1rosi k\u00e9pvisel\u0151test\u00fclet tagja (1800), polg\u00e1rjogot nyert (1804), v\u00e1rosi esk\u00fcdt test\u00fcleti tag (1808\u2013). Mint iyen tiszts\u00e9get is k\u00e9nytelen v\u00e1llalni: kebli p\u00e9nzt\u00e1rnok, sz\u00e1mad\u00f3 tisztvisel\u0151 (1809\u201310). K\u00e9s\u0151bb t\u00f6bb alkalommal fesz\u00fcltt\u00e9 v\u00e1lt a tan\u00e1ccsal val\u00f3 kapcsolata, bizonyos h\u00e1tr\u00e1l\u00e9kos p\u00e9nzekkel nem sz\u00e1molt el \u00fcgye hal\u00e1l\u00e1ig megoldatlan maradt. Ennek ellen\u00e9re megmaradt az esk\u00fcdt test\u00fclet tagj\u00e1nak \u00e9s n\u00e9h\u00e1ny alkalommal tiszts\u00e9get is v\u00e1llalt, Veress J\u00f3zseffel collectornak v\u00e1lasztott\u00e1k (1826). Els\u0151sorba arck\u00e9pfest\u0151. Neves tud\u00f3sok (M\u00e1tyus Istv\u00e1n, Gecse D\u00e1niel, Aranka Gy\u00f6rgy, D\u00f3sa Elek \u00e9s Gergely) \u00e9s politikusok (Kornis Mih\u00e1ly) arck\u00e9peit festette meg. D\u00f3sa Gergely \u00e9s Aranka portr\u00e9ja a kv.-i M\u0171v\u00e9szeti M\u00fazeumban, Gecse D\u00e1niel\u00e9 \u00e9s M\u00e1tyus Istv\u00e1n\u00e9 a Teleki T\u00e9k\u00e1ban van. Megfestette a mv.-i r. k. pl\u00e9b\u00e1nia templom st\u00e1ci\u00f3k\u00e9peit \u00e9s Szt. L\u00e1szl\u00f3t \u00e1br\u00e1zol\u00f3 olt\u00e1r\u00adk\u00e9pet, a v\u00e1rost\u00f3l a v\u00e1rosh\u00e1za fal\u00e1nak d\u00edsz\u00edt\u00e9s\u00e9re kapott megb\u00edz\u00e1st (1818\u201319). A v\u00e1ros t\u00f6bb alkalommal ig\u00e9nyelte m\u0171v\u00e9szi munk\u00e1j\u00e1t, ennek fej\u00e9ben k\u00e9r\u00e9s\u00e9re licit\u00e1ci\u00f3val v\u00e1s\u00e1rolt f\u00f6ldeket taxa n\u00e9lk\u00fcl kapott. Szamos\u00fajv\u00e1ron is dolgozott. A munkab\u00e9r\u00e9\u00e9rt \u00e9vekig harcolt, pereskedett. T\u00f6bb peres irata maradt fenn, amelyek ezeket a t\u00e9nyeket igazolj\u00e1k. <br \/><strong>Irod.:<\/strong> B. Nagy Margit, 1977.; Benk\u0151 K.: Mv.; Kiss P\u00e1l: EMM; Lyka; M\u00c9L; Moln\u00e1r; P\u00e1l-Antal 2006; P\u00e1l-Antal 2009; Szab\u00f3\u2013K\u00e1llai; \u00daM\u00c9L<\/br><\/p>\n","protected":false},"excerpt":{"rendered":"<p>Kv., 1762., \u2020 Mv., 1830.: fest\u0151, mv.-i k\u00e9p\u00edr\u00f3. \u2013 Zsib\u00f3n nevelte Wessel\u00e9nyi Istv\u00e1nn\u00e9 D\u00e1niel Polix\u00e9nia gyermekeit, majd gazdatiszt volt Teleki Mih\u00e1ly s\u00e1rpataki birtok\u00e1n, az \u0151 t\u00e1mogat\u00e1sukkal tanult B\u00e9csben fest\u00e9szetet. Kv-on majd Mv.-en m\u0171k\u00f6d\u00f6tt. Mv.-en a v\u00e1rosi k\u00e9pvisel\u0151test\u00fclet tagja (1800), polg\u00e1rjogot nyert (1804), v\u00e1rosi esk\u00fcdt test\u00fcleti tag (1808\u2013). Mint iyen tiszts\u00e9get is k\u00e9nytelen v\u00e1llalni: kebli p\u00e9nzt\u00e1rnok, [&hellip;]<\/p>\n","protected":false},"featured_media":0,"comment_status":"open","ping_status":"closed","template":"","meta":[],"product_brand":[],"product_cat":[137],"product_tag":[],"class_list":{"0":"post-5029","1":"product","2":"type-product","3":"status-publish","5":"product_cat-maros-megyei-eletrajzi-lexikon","7":"first","8":"instock","9":"shipping-taxable","10":"product-type-simple"},"_links":{"self":[{"href":"https:\/\/uj.adatbank.ro\/lexikon\/wp-json\/wp\/v2\/product\/5029","targetHints":{"allow":["GET"]}}],"collection":[{"href":"https:\/\/uj.adatbank.ro\/lexikon\/wp-json\/wp\/v2\/product"}],"about":[{"href":"https:\/\/uj.adatbank.ro\/lexikon\/wp-json\/wp\/v2\/types\/product"}],"replies":[{"embeddable":true,"href":"https:\/\/uj.adatbank.ro\/lexikon\/wp-json\/wp\/v2\/comments?post=5029"}],"wp:attachment":[{"href":"https:\/\/uj.adatbank.ro\/lexikon\/wp-json\/wp\/v2\/media?parent=5029"}],"wp:term":[{"taxonomy":"product_brand","embeddable":true,"href":"https:\/\/uj.adatbank.ro\/lexikon\/wp-json\/wp\/v2\/product_brand?post=5029"},{"taxonomy":"product_cat","embeddable":true,"href":"https:\/\/uj.adatbank.ro\/lexikon\/wp-json\/wp\/v2\/product_cat?post=5029"},{"taxonomy":"product_tag","embeddable":true,"href":"https:\/\/uj.adatbank.ro\/lexikon\/wp-json\/wp\/v2\/product_tag?post=5029"}],"curies":[{"name":"wp","href":"https:\/\/api.w.org\/{rel}","templated":true}]}}