{"id":5030,"date":"2025-06-28T17:00:55","date_gmt":"2025-06-28T15:00:55","guid":{"rendered":"https:\/\/uj.adatbank.ro\/lexikon\/termek\/boer-sandor\/"},"modified":"2025-06-28T17:00:55","modified_gmt":"2025-06-28T15:00:55","slug":"boer-sandor","status":"publish","type":"product","link":"https:\/\/uj.adatbank.ro\/lexikon\/termek\/boer-sandor\/","title":{"rendered":"BO\u00c9R S\u00e1ndor"},"content":{"rendered":"<p>1916 v 17 \u2020 ?: sportol\u00f3. \u2013 Mv. \u00f6sszeforrott bokszcsapat tev\u00e9kenykedett, ennek egyik kiv\u00e1l\u00f3 bokszol\u00f3ja volt (1934\u201340), \u00c9szak-Erd\u00e9ly bajnoka (1939). Veress S\u00e1ndor volt az edz\u00f4, keze alatt dolgoz\u00f3 csapattagok: Orb\u00e1n Orb\u00e1n, K\u00e1d\u00e1r Gyula, Burj\u00e1n J\u00e1nos, Auer Arnold, Sz\u00e1sz B\u00e9la. Kv.-r\u00f3l, Nagyv\u00e1radr\u00f3l j\u00f6ttek az ellenfelek \u00e9s a Tranzit sz\u00e1ll\u00f3, a zsid\u00f3 kult\u00farh\u00e1z \u00e9s a Kult\u00farpalota nagyterm\u00e9ben j\u00e1tszottak. <br \/><strong>Irod.:<\/strong> A balkezes bajnok (N\u00fa., 1999. j\u00fal. 8.)<\/br><\/p>\n","protected":false},"excerpt":{"rendered":"<p>1916 v 17 \u2020 ?: sportol\u00f3. \u2013 Mv. \u00f6sszeforrott bokszcsapat tev\u00e9kenykedett, ennek egyik kiv\u00e1l\u00f3 bokszol\u00f3ja volt (1934\u201340), \u00c9szak-Erd\u00e9ly bajnoka (1939). Veress S\u00e1ndor volt az edz\u00f4, keze alatt dolgoz\u00f3 csapattagok: Orb\u00e1n Orb\u00e1n, K\u00e1d\u00e1r Gyula, Burj\u00e1n J\u00e1nos, Auer Arnold, Sz\u00e1sz B\u00e9la. Kv.-r\u00f3l, Nagyv\u00e1radr\u00f3l j\u00f6ttek az ellenfelek \u00e9s a Tranzit sz\u00e1ll\u00f3, a zsid\u00f3 kult\u00farh\u00e1z \u00e9s a Kult\u00farpalota nagyterm\u00e9ben [&hellip;]<\/p>\n","protected":false},"featured_media":0,"comment_status":"open","ping_status":"closed","template":"","meta":[],"product_brand":[],"product_cat":[137],"product_tag":[],"class_list":{"0":"post-5030","1":"product","2":"type-product","3":"status-publish","5":"product_cat-maros-megyei-eletrajzi-lexikon","7":"first","8":"instock","9":"shipping-taxable","10":"product-type-simple"},"_links":{"self":[{"href":"https:\/\/uj.adatbank.ro\/lexikon\/wp-json\/wp\/v2\/product\/5030","targetHints":{"allow":["GET"]}}],"collection":[{"href":"https:\/\/uj.adatbank.ro\/lexikon\/wp-json\/wp\/v2\/product"}],"about":[{"href":"https:\/\/uj.adatbank.ro\/lexikon\/wp-json\/wp\/v2\/types\/product"}],"replies":[{"embeddable":true,"href":"https:\/\/uj.adatbank.ro\/lexikon\/wp-json\/wp\/v2\/comments?post=5030"}],"wp:attachment":[{"href":"https:\/\/uj.adatbank.ro\/lexikon\/wp-json\/wp\/v2\/media?parent=5030"}],"wp:term":[{"taxonomy":"product_brand","embeddable":true,"href":"https:\/\/uj.adatbank.ro\/lexikon\/wp-json\/wp\/v2\/product_brand?post=5030"},{"taxonomy":"product_cat","embeddable":true,"href":"https:\/\/uj.adatbank.ro\/lexikon\/wp-json\/wp\/v2\/product_cat?post=5030"},{"taxonomy":"product_tag","embeddable":true,"href":"https:\/\/uj.adatbank.ro\/lexikon\/wp-json\/wp\/v2\/product_tag?post=5030"}],"curies":[{"name":"wp","href":"https:\/\/api.w.org\/{rel}","templated":true}]}}