{"id":5031,"date":"2025-06-28T17:00:56","date_gmt":"2025-06-28T15:00:56","guid":{"rendered":"https:\/\/uj.adatbank.ro\/lexikon\/termek\/boer-simon-kovesdi-berivoi\/"},"modified":"2025-06-28T17:00:56","modified_gmt":"2025-06-28T15:00:56","slug":"boer-simon-kovesdi-berivoi","status":"publish","type":"product","link":"https:\/\/uj.adatbank.ro\/lexikon\/termek\/boer-simon-kovesdi-berivoi\/","title":{"rendered":"BO\u00c9R Simon, k\u00f6vesdi, beriv\u00f3i"},"content":{"rendered":"<p>1661\u20131728.: kap\u00edt\u00e1ny. \u2013 Fogarasv\u00e1r \u00e9s Fogarasf\u00f6ld f\u0151kapit\u00e1nya. \u2013 Nemesi h\u00e1za Mv.-en a mai pl\u00e9b\u00e1nia templom hely\u00e9n \u00e1llott. A jezsuit\u00e1k ir\u00e1nt rokonszenvez\u0151 f\u0151\u00far ezt a h\u00e1zat oklev\u00e9lben \u00f6r\u00f6k id\u0151kre a rendnek adom\u00e1nyozta (1702. okt.), h\u00e1z\u00e1ban m\u0171k\u0151d\u00f6tt az els\u0151 jezsuita iskola (1705\u2013). A tanul\u00f3l\u00e9tsz\u00e1m n\u00f6veked\u00e9se sz\u00fcks\u00e9gess\u00e9 tett egy \u00faj \u00e9p\u00fcletet. Ebb\u0151l a c\u00e9lb\u00f3l \u00e9p\u00fclt a L\u00e1bas h\u00e1z (a mai f\u0151t\u00e9r \u00e9s Kossuth u. sark\u00e1n). A mai pl\u00e9b\u00e1nia templom orgon\u00e1j\u00e1t k\u00e9sz\u00edtette (1730), \u00e9s \u00f6ntette az egyik h\u00faszm\u00e1zs\u00e1s harangj\u00e1t. <br \/><strong>Irod.:<\/strong> Benk\u0151 K.: Mv.; Kr\u00f3n. F\u00fcz. (1940. 4\/10); Man: Tg. M.; Tr\u00f3cs\u00e1nyi 1988<\/br><\/p>\n","protected":false},"excerpt":{"rendered":"<p>1661\u20131728.: kap\u00edt\u00e1ny. \u2013 Fogarasv\u00e1r \u00e9s Fogarasf\u00f6ld f\u0151kapit\u00e1nya. \u2013 Nemesi h\u00e1za Mv.-en a mai pl\u00e9b\u00e1nia templom hely\u00e9n \u00e1llott. A jezsuit\u00e1k ir\u00e1nt rokonszenvez\u0151 f\u0151\u00far ezt a h\u00e1zat oklev\u00e9lben \u00f6r\u00f6k id\u0151kre a rendnek adom\u00e1nyozta (1702. okt.), h\u00e1z\u00e1ban m\u0171k\u0151d\u00f6tt az els\u0151 jezsuita iskola (1705\u2013). A tanul\u00f3l\u00e9tsz\u00e1m n\u00f6veked\u00e9se sz\u00fcks\u00e9gess\u00e9 tett egy \u00faj \u00e9p\u00fcletet. Ebb\u0151l a c\u00e9lb\u00f3l \u00e9p\u00fclt a L\u00e1bas h\u00e1z [&hellip;]<\/p>\n","protected":false},"featured_media":0,"comment_status":"open","ping_status":"closed","template":"","meta":[],"product_brand":[],"product_cat":[137],"product_tag":[],"class_list":{"0":"post-5031","1":"product","2":"type-product","3":"status-publish","5":"product_cat-maros-megyei-eletrajzi-lexikon","7":"first","8":"instock","9":"shipping-taxable","10":"product-type-simple"},"_links":{"self":[{"href":"https:\/\/uj.adatbank.ro\/lexikon\/wp-json\/wp\/v2\/product\/5031","targetHints":{"allow":["GET"]}}],"collection":[{"href":"https:\/\/uj.adatbank.ro\/lexikon\/wp-json\/wp\/v2\/product"}],"about":[{"href":"https:\/\/uj.adatbank.ro\/lexikon\/wp-json\/wp\/v2\/types\/product"}],"replies":[{"embeddable":true,"href":"https:\/\/uj.adatbank.ro\/lexikon\/wp-json\/wp\/v2\/comments?post=5031"}],"wp:attachment":[{"href":"https:\/\/uj.adatbank.ro\/lexikon\/wp-json\/wp\/v2\/media?parent=5031"}],"wp:term":[{"taxonomy":"product_brand","embeddable":true,"href":"https:\/\/uj.adatbank.ro\/lexikon\/wp-json\/wp\/v2\/product_brand?post=5031"},{"taxonomy":"product_cat","embeddable":true,"href":"https:\/\/uj.adatbank.ro\/lexikon\/wp-json\/wp\/v2\/product_cat?post=5031"},{"taxonomy":"product_tag","embeddable":true,"href":"https:\/\/uj.adatbank.ro\/lexikon\/wp-json\/wp\/v2\/product_tag?post=5031"}],"curies":[{"name":"wp","href":"https:\/\/api.w.org\/{rel}","templated":true}]}}

BOÉR Simon, kövesdi, berivói

<p>1661–1728.: kapítány. – Fogarasvár és Fogarasföld főkapitánya. – Nemesi háza Mv.-en a mai plébánia templom helyén állott. A jezsuiták iránt rokonszenvező főúr ezt a házat oklevélben örök időkre a rendnek adományozta (1702. okt.), házában műkődött az első jezsuita iskola (1705–). A tanulólétszám növekedése szükségessé tett egy új épületet. Ebből a célból épült a Lábas ház (a mai főtér és Kossuth u. sarkán). A mai plébánia templom orgonáját készítette (1730), és öntette az egyik húszmázsás harangját. <br /><strong>Irod.:</strong> Benkő K.: Mv.; Krón. Füz. (1940. 4/10); Man: Tg. M.; Trócsányi 1988</br></p>

<p>1661–1728.: kapítány. – Fogarasvár és Fogarasföld főkapitánya. – Nemesi háza Mv.-en a mai plébánia templom helyén állott. A jezsuiták iránt rokonszenvező főúr ezt a házat oklevélben örök időkre a rendnek adományozta (1702. okt.), házában műkődött az első jezsuita iskola (1705–). A tanulólétszám növekedése szükségessé tett egy új épületet. Ebből a célból épült a Lábas ház [&hellip;]</p>
