{"id":5032,"date":"2025-06-28T17:00:58","date_gmt":"2025-06-28T15:00:58","guid":{"rendered":"https:\/\/uj.adatbank.ro\/lexikon\/termek\/boerin-alexandru-boeriu-alexandru\/"},"modified":"2025-06-28T17:00:58","modified_gmt":"2025-06-28T15:00:58","slug":"boerin-alexandru-boeriu-alexandru","status":"publish","type":"product","link":"https:\/\/uj.adatbank.ro\/lexikon\/termek\/boerin-alexandru-boeriu-alexandru\/","title":{"rendered":"BOERIN Alexandru, Boeriu Alexandru"},"content":{"rendered":"<p>1889., \u2020 ? : ad\u00f3hivatali f\u0151n\u00f6k. \u2013 Apja g. kat. lelk\u00e9sz volt. \u2013 K\u00e9zdiv\u00e1s\u00e1rhelyen v\u00e9gezte a k\u00f6z\u00e9piskol\u00e1t. Sepsiszentgy\u00f6rgy\u00f6n p\u00e9nz\u00fcgyi p\u00e1ly\u00e1n dolgozott. R\u00e9szt vett az els\u0151 vh.-ban, kit\u00fcntett\u00e9k. Az imp\u00e9rium v\u00e1lt\u00e1s ut\u00e1n ism\u00e9t p\u00e9nz\u00fcgyi tisztvisel\u0151. Mv.-en kinevezt\u00e9k ad\u00f3hivatali f\u0151n\u00f6knek (1929). Az Astra \u00e9s t\u00f6bb helyb\u00e9li egyes\u00fclet tagja volt. <br \/><strong>Irod.:<\/strong> Ki kicsoda ?<\/br><\/p>\n","protected":false},"excerpt":{"rendered":"<p>1889., \u2020 ? : ad\u00f3hivatali f\u0151n\u00f6k. \u2013 Apja g. kat. lelk\u00e9sz volt. \u2013 K\u00e9zdiv\u00e1s\u00e1rhelyen v\u00e9gezte a k\u00f6z\u00e9piskol\u00e1t. Sepsiszentgy\u00f6rgy\u00f6n p\u00e9nz\u00fcgyi p\u00e1ly\u00e1n dolgozott. R\u00e9szt vett az els\u0151 vh.-ban, kit\u00fcntett\u00e9k. Az imp\u00e9rium v\u00e1lt\u00e1s ut\u00e1n ism\u00e9t p\u00e9nz\u00fcgyi tisztvisel\u0151. Mv.-en kinevezt\u00e9k ad\u00f3hivatali f\u0151n\u00f6knek (1929). Az Astra \u00e9s t\u00f6bb helyb\u00e9li egyes\u00fclet tagja volt. Irod.: Ki kicsoda ?<\/p>\n","protected":false},"featured_media":0,"comment_status":"open","ping_status":"closed","template":"","meta":[],"product_brand":[],"product_cat":[137],"product_tag":[],"class_list":{"0":"post-5032","1":"product","2":"type-product","3":"status-publish","5":"product_cat-maros-megyei-eletrajzi-lexikon","7":"first","8":"instock","9":"shipping-taxable","10":"product-type-simple"},"_links":{"self":[{"href":"https:\/\/uj.adatbank.ro\/lexikon\/wp-json\/wp\/v2\/product\/5032","targetHints":{"allow":["GET"]}}],"collection":[{"href":"https:\/\/uj.adatbank.ro\/lexikon\/wp-json\/wp\/v2\/product"}],"about":[{"href":"https:\/\/uj.adatbank.ro\/lexikon\/wp-json\/wp\/v2\/types\/product"}],"replies":[{"embeddable":true,"href":"https:\/\/uj.adatbank.ro\/lexikon\/wp-json\/wp\/v2\/comments?post=5032"}],"wp:attachment":[{"href":"https:\/\/uj.adatbank.ro\/lexikon\/wp-json\/wp\/v2\/media?parent=5032"}],"wp:term":[{"taxonomy":"product_brand","embeddable":true,"href":"https:\/\/uj.adatbank.ro\/lexikon\/wp-json\/wp\/v2\/product_brand?post=5032"},{"taxonomy":"product_cat","embeddable":true,"href":"https:\/\/uj.adatbank.ro\/lexikon\/wp-json\/wp\/v2\/product_cat?post=5032"},{"taxonomy":"product_tag","embeddable":true,"href":"https:\/\/uj.adatbank.ro\/lexikon\/wp-json\/wp\/v2\/product_tag?post=5032"}],"curies":[{"name":"wp","href":"https:\/\/api.w.org\/{rel}","templated":true}]}}