{"id":5035,"date":"2025-06-28T17:01:05","date_gmt":"2025-06-28T15:01:05","guid":{"rendered":"https:\/\/uj.adatbank.ro\/lexikon\/termek\/boeriu-valeriu-boeriu-valentin\/"},"modified":"2025-06-28T17:01:05","modified_gmt":"2025-06-28T15:01:05","slug":"boeriu-valeriu-boeriu-valentin","status":"publish","type":"product","link":"https:\/\/uj.adatbank.ro\/lexikon\/termek\/boeriu-valeriu-boeriu-valentin\/","title":{"rendered":"BOERIU Valeriu, Boeriu Valentin"},"content":{"rendered":"<p>Kar\u00e1csonfalva (Hargita), 1883. jan. 23., \u2020 Kv., 1956.: tan\u00e1r. \u2013 Ion V. B. apja. \u2013 P\u00e1lyafut\u00e1s\u00e1t Kisiklandon kezdte mint helyettes tan\u00edt\u00f3 (1903), Lupupatakra ker\u00fclt (1913\u201319), majd Sz\u00e1szr\u00e9genbe helyezt\u00e9k az \u00c1llami Polg\u00e1ri Iskol\u00e1ba, amely k\u00e9s\u0151bb az \u0151 javaslat\u00e1ra vette fel a Petru Maior nevet (1919), az int\u00e9zm\u00e9ny igazgat\u00f3ja volt. Kv.-on egyetemi tan\u00e1ri k\u00e9pes\u00edt\u00e9st szerzett (1924). Kezdem\u00e9nyez\u00e9s\u00e9re kezdt\u00e9k \u00e9p\u00edteni Sz\u00e1szr\u00e9genben az \u00faj iskola \u00e9p\u00fclet\u00e9t, amelynek igazgat\u00f3ja is volt (1930), majd a tornatermet (1938\u201339). Szebenben telepedett le (1940\u2013) \u00e9s Fogarason a Radu Negru L\u00edc.-ban tan\u00edtott nyugd\u00edjaz\u00e1s\u00e1ig (1941. m\u00e1j. 15), ami ut\u00e1n Kv.-ra k\u00f6lt\u00f6z\u00f6tt. <br \/><strong>Irod.:<\/strong> Boar Liviu: Dasc\u0103li de seam\u0103 ai Liceului \u201ePetru Maior\u201d din Reghin prof. V. B. ( Gazeta Reghinului, nr. 10., 1994); Costea 1999; Regh. Cult. 6.; Todea 2013<\/br><\/p>\n","protected":false},"excerpt":{"rendered":"<p>Kar\u00e1csonfalva (Hargita), 1883. jan. 23., \u2020 Kv., 1956.: tan\u00e1r. \u2013 Ion V. B. apja. \u2013 P\u00e1lyafut\u00e1s\u00e1t Kisiklandon kezdte mint helyettes tan\u00edt\u00f3 (1903), Lupupatakra ker\u00fclt (1913\u201319), majd Sz\u00e1szr\u00e9genbe helyezt\u00e9k az \u00c1llami Polg\u00e1ri Iskol\u00e1ba, amely k\u00e9s\u0151bb az \u0151 javaslat\u00e1ra vette fel a Petru Maior nevet (1919), az int\u00e9zm\u00e9ny igazgat\u00f3ja volt. Kv.-on egyetemi tan\u00e1ri k\u00e9pes\u00edt\u00e9st szerzett (1924). Kezdem\u00e9nyez\u00e9s\u00e9re [&hellip;]<\/p>\n","protected":false},"featured_media":0,"comment_status":"open","ping_status":"closed","template":"","meta":[],"product_brand":[],"product_cat":[137],"product_tag":[],"class_list":{"0":"post-5035","1":"product","2":"type-product","3":"status-publish","5":"product_cat-maros-megyei-eletrajzi-lexikon","7":"first","8":"instock","9":"shipping-taxable","10":"product-type-simple"},"_links":{"self":[{"href":"https:\/\/uj.adatbank.ro\/lexikon\/wp-json\/wp\/v2\/product\/5035","targetHints":{"allow":["GET"]}}],"collection":[{"href":"https:\/\/uj.adatbank.ro\/lexikon\/wp-json\/wp\/v2\/product"}],"about":[{"href":"https:\/\/uj.adatbank.ro\/lexikon\/wp-json\/wp\/v2\/types\/product"}],"replies":[{"embeddable":true,"href":"https:\/\/uj.adatbank.ro\/lexikon\/wp-json\/wp\/v2\/comments?post=5035"}],"wp:attachment":[{"href":"https:\/\/uj.adatbank.ro\/lexikon\/wp-json\/wp\/v2\/media?parent=5035"}],"wp:term":[{"taxonomy":"product_brand","embeddable":true,"href":"https:\/\/uj.adatbank.ro\/lexikon\/wp-json\/wp\/v2\/product_brand?post=5035"},{"taxonomy":"product_cat","embeddable":true,"href":"https:\/\/uj.adatbank.ro\/lexikon\/wp-json\/wp\/v2\/product_cat?post=5035"},{"taxonomy":"product_tag","embeddable":true,"href":"https:\/\/uj.adatbank.ro\/lexikon\/wp-json\/wp\/v2\/product_tag?post=5035"}],"curies":[{"name":"wp","href":"https:\/\/api.w.org\/{rel}","templated":true}]}}

<p>Karácsonfalva (Hargita), 1883. jan. 23., † Kv., 1956.: tanár. – Ion V. B. apja. – Pályafutását Kisiklandon kezdte mint helyettes tanító (1903), Lupupatakra került (1913–19), majd Szászrégenbe helyezték az Állami Polgári Iskolába, amely később az ő javaslatára vette fel a Petru Maior nevet (1919), az intézmény igazgatója volt. Kv.-on egyetemi tanári képesítést szerzett (1924). Kezdeményezésére kezdték építeni Szászrégenben az új iskola épületét, amelynek igazgatója is volt (1930), majd a tornatermet (1938–39). Szebenben telepedett le (1940–) és Fogarason a Radu Negru Líc.-ban tanított nyugdíjazásáig (1941. máj. 15), ami után Kv.-ra költözött. <br /><strong>Irod.:</strong> Boar Liviu: Dascăli de seamă ai Liceului „Petru Maior” din Reghin prof. V. B. ( Gazeta Reghinului, nr. 10., 1994); Costea 1999; Regh. Cult. 6.; Todea 2013</br></p>

<p>Karácsonfalva (Hargita), 1883. jan. 23., † Kv., 1956.: tanár. – Ion V. B. apja. – Pályafutását Kisiklandon kezdte mint helyettes tanító (1903), Lupupatakra került (1913–19), majd Szászrégenbe helyezték az Állami Polgári Iskolába, amely később az ő javaslatára vette fel a Petru Maior nevet (1919), az intézmény igazgatója volt. Kv.-on egyetemi tanári képesítést szerzett (1924). Kezdeményezésére [&hellip;]</p>
