{"id":5037,"date":"2025-06-28T17:01:08","date_gmt":"2025-06-28T15:01:08","guid":{"rendered":"https:\/\/uj.adatbank.ro\/lexikon\/termek\/boga-alajos\/"},"modified":"2025-06-28T17:01:08","modified_gmt":"2025-06-28T15:01:08","slug":"boga-alajos","status":"publish","type":"product","link":"https:\/\/uj.adatbank.ro\/lexikon\/termek\/boga-alajos\/","title":{"rendered":"BOGA Alajos"},"content":{"rendered":"<p>Cs\u00edkkozm\u00e1s, 1886. febr. 18., \u2020 M\u00e1ramarossziget, 1954. szept. 14.: r. k. pap, egyh\u00e1zi \u00edr\u00f3. \u2013 Az Erd\u00e9lyi Kat. Akad. tagja. P\u00e1pai prel\u00e1tus (1939). \u2013 A b\u00e9csi P\u00e1zm\u00e1neum-ban teol\u00f3gi\u00e1t tanult, papp\u00e1 szentelt\u00e9k (1910. aug. 24.). Lemh\u00e9nyben \u00e9s Sz\u00e1szr\u00e9genben k\u00e1pl\u00e1n (1910\u201312). A kv.-i egy. filoz\u00f3fia szakos hallgat\u00f3ja (1912\u2013), b\u00f6lcs\u00e9szdoktori oklevelet szerzett (1914\u2013). Cs\u00edkszered\u00e1i kat. gimn. tan\u00e1ra (1914\u201315), t\u00e1bori lelk\u00e9sz (1915\u201318), a k\u00e9zdiv\u00e1s\u00e1rhelyi gimn. tan\u00e1ra, az intern\u00e1tus ig. (1919\u201329), a gimn. ig. ( 1929\u201333), sz\u00e9kesegyh\u00e1zi kanonok (1933\u2013), egyh\u00e1zm.-i tanfel\u00fcgyel\u0151, az Erd\u00e9lyi Kat. St\u00e1tus el\u0151ad\u00f3ja, p\u00e1pai prel\u00e1tus (1939\u2013). Miut\u00e1n M\u00e1rton \u00c1ron gyulafeh\u00e9rv\u00e1ri p\u00fcsp\u00f6k\u00f6t fogs\u00e1gba vetett\u00e9k (1949. j\u00fan. \u2013), mint \u00e1ltal\u00e1nos helyn\u00f6k \u00e1tvette az egyh\u00e1zm. vezet\u00e9s\u00e9t. Mivel megtagadta a papi b\u00e9kemozgalomhoz val\u00f3 csatlakoz\u00e1st \u00e9s azt papjainak is megtiltotta, titk\u00e1r\u00e1val egy\u00fctt letart\u00f3ztatt\u00e1k (1950. m\u00e1j. \u2013). El\u0151sz\u00f6r a v\u0103c\u0103re\u015fti, majd a m\u00e1ramarosszigeti b\u00f6rt\u00f6nbe vitt\u00e9k, ott is halt meg. Cikkei a K\u00f6zmuvel\u0151d\u00e9sben (1912), a Cs\u00edki Lapokban (1914\u201315), Sz\u00e9kelyf\u00f6ldben (1927\u201330), A H\u00edrn\u00f6k-ben (1921\u201344) jelentek meg. \u2013 <strong>F. m.:<\/strong> A Sz\u00e9kelyf\u00f6ld t\u00f6rt\u00e9net\u00edr\u00f3ja a XVII. sz\u00e1zadban (Kv., 1914); A katolikus iskol\u00e1z\u00e1s m\u00faltja Erd\u00e9lyben (Kv., 1940); Eml\u00e9kez\u00e9s Majl\u00e1th p\u00fcsp\u00f6kre (Kv., 1941). <br \/><strong>Irod.:<\/strong> Katona Szab\u00f3 2001; Maros-k\u00fck\u00fcll\u0151i f\u0151esp.; T\u00f3falvi Zolt\u00e1n: Az \u00e9rmih\u00e1lyfalvi csoport pere (II. r\u00e9sz) (Sz\u00e9kelyf\u00f6ld, 7. sz., 2007. j\u00fal.); \u00daM\u00c9L<\/br><\/p>\n","protected":false},"excerpt":{"rendered":"<p>Cs\u00edkkozm\u00e1s, 1886. febr. 18., \u2020 M\u00e1ramarossziget, 1954. szept. 14.: r. k. pap, egyh\u00e1zi \u00edr\u00f3. \u2013 Az Erd\u00e9lyi Kat. Akad. tagja. P\u00e1pai prel\u00e1tus (1939). \u2013 A b\u00e9csi P\u00e1zm\u00e1neum-ban teol\u00f3gi\u00e1t tanult, papp\u00e1 szentelt\u00e9k (1910. aug. 24.). Lemh\u00e9nyben \u00e9s Sz\u00e1szr\u00e9genben k\u00e1pl\u00e1n (1910\u201312). A kv.-i egy. filoz\u00f3fia szakos hallgat\u00f3ja (1912\u2013), b\u00f6lcs\u00e9szdoktori oklevelet szerzett (1914\u2013). Cs\u00edkszered\u00e1i kat. gimn. tan\u00e1ra (1914\u201315), [&hellip;]<\/p>\n","protected":false},"featured_media":0,"comment_status":"open","ping_status":"closed","template":"","meta":[],"product_brand":[],"product_cat":[137],"product_tag":[],"class_list":{"0":"post-5037","1":"product","2":"type-product","3":"status-publish","5":"product_cat-maros-megyei-eletrajzi-lexikon","7":"first","8":"instock","9":"shipping-taxable","10":"product-type-simple"},"_links":{"self":[{"href":"https:\/\/uj.adatbank.ro\/lexikon\/wp-json\/wp\/v2\/product\/5037","targetHints":{"allow":["GET"]}}],"collection":[{"href":"https:\/\/uj.adatbank.ro\/lexikon\/wp-json\/wp\/v2\/product"}],"about":[{"href":"https:\/\/uj.adatbank.ro\/lexikon\/wp-json\/wp\/v2\/types\/product"}],"replies":[{"embeddable":true,"href":"https:\/\/uj.adatbank.ro\/lexikon\/wp-json\/wp\/v2\/comments?post=5037"}],"wp:attachment":[{"href":"https:\/\/uj.adatbank.ro\/lexikon\/wp-json\/wp\/v2\/media?parent=5037"}],"wp:term":[{"taxonomy":"product_brand","embeddable":true,"href":"https:\/\/uj.adatbank.ro\/lexikon\/wp-json\/wp\/v2\/product_brand?post=5037"},{"taxonomy":"product_cat","embeddable":true,"href":"https:\/\/uj.adatbank.ro\/lexikon\/wp-json\/wp\/v2\/product_cat?post=5037"},{"taxonomy":"product_tag","embeddable":true,"href":"https:\/\/uj.adatbank.ro\/lexikon\/wp-json\/wp\/v2\/product_tag?post=5037"}],"curies":[{"name":"wp","href":"https:\/\/api.w.org\/{rel}","templated":true}]}}

<p>Csíkkozmás, 1886. febr. 18., † Máramarossziget, 1954. szept. 14.: r. k. pap, egyházi író. – Az Erdélyi Kat. Akad. tagja. Pápai prelátus (1939). – A bécsi Pázmáneum-ban teológiát tanult, pappá szentelték (1910. aug. 24.). Lemhényben és Szászrégenben káplán (1910–12). A kv.-i egy. filozófia szakos hallgatója (1912–), bölcsészdoktori oklevelet szerzett (1914–). Csíkszeredái kat. gimn. tanára (1914–15), tábori lelkész (1915–18), a kézdivásárhelyi gimn. tanára, az internátus ig. (1919–29), a gimn. ig. ( 1929–33), székesegyházi kanonok (1933–), egyházm.-i tanfelügyelő, az Erdélyi Kat. Státus előadója, pápai prelátus (1939–). Miután Márton Áron gyulafehérvári püspököt fogságba vetették (1949. jún. –), mint általános helynök átvette az egyházm. vezetését. Mivel megtagadta a papi békemozgalomhoz való csatlakozást és azt papjainak is megtiltotta, titkárával együtt letartóztatták (1950. máj. –). Először a văcăreşti, majd a máramarosszigeti börtönbe vitték, ott is halt meg. Cikkei a Közmuvelődésben (1912), a Csíki Lapokban (1914–15), Székelyföldben (1927–30), A Hírnök-ben (1921–44) jelentek meg. – <strong>F. m.:</strong> A Székelyföld történetírója a XVII. században (Kv., 1914); A katolikus iskolázás múltja Erdélyben (Kv., 1940); Emlékezés Majláth püspökre (Kv., 1941). <br /><strong>Irod.:</strong> Katona Szabó 2001; Maros-küküllői főesp.; Tófalvi Zoltán: Az érmihályfalvi csoport pere (II. rész) (Székelyföld, 7. sz., 2007. júl.); ÚMÉL</br></p>

<p>Csíkkozmás, 1886. febr. 18., † Máramarossziget, 1954. szept. 14.: r. k. pap, egyházi író. – Az Erdélyi Kat. Akad. tagja. Pápai prelátus (1939). – A bécsi Pázmáneum-ban teológiát tanult, pappá szentelték (1910. aug. 24.). Lemhényben és Szászrégenben káplán (1910–12). A kv.-i egy. filozófia szakos hallgatója (1912–), bölcsészdoktori oklevelet szerzett (1914–). Csíkszeredái kat. gimn. tanára (1914–15), [&hellip;]</p>
