{"id":5040,"date":"2025-06-28T17:01:14","date_gmt":"2025-06-28T15:01:14","guid":{"rendered":"https:\/\/uj.adatbank.ro\/lexikon\/termek\/boga-kalman-boga-coloman\/"},"modified":"2025-06-28T17:01:14","modified_gmt":"2025-06-28T15:01:14","slug":"boga-kalman-boga-coloman","status":"publish","type":"product","link":"https:\/\/uj.adatbank.ro\/lexikon\/termek\/boga-kalman-boga-coloman\/","title":{"rendered":"BOGA K\u00e1lm\u00e1n, Boga Coloman"},"content":{"rendered":"<p>D\u00e9va, 1923. m\u00e1rc. 31., \u2020 Mv., 1999. nov. 13.: orvos, egyetemi tan\u00e1r \u2013 \u00c9retts\u00e9gizett Sepsiszentgy\u00f6rgy\u00f6n a Sz\u00e9kely Mik\u00f3 Koll.-ban (1941); a kv.-i Egyetem \u00c1ltal\u00e1nos Orvosi Kar\u00e1n szerzett oklevelet (1947). A MOGYI N\u0151gy\u00f3gy\u00e1szati -Sz\u00fcl\u00e9szeti Klinik\u00e1j\u00e1n gyakornok, tan\u00e1rseg\u00e9d, klinikai f\u0151orvos, az 1. sz. sz\u00fcl\u00e9szeti \u00e9s n\u0151gy\u00f3gy\u00e1szati klinika vezet\u0151je, tansz\u00e9kvezet\u0151 egy. tan\u00e1r (1947\u201383), dr. prof. (1990-ig). Cikkei : XI. Congr. Intern. de M\u00e9d. Sportiv, Luxenburg (1956), Arch de l\u2019union Med. Balcanique (1977), Endocrinologia, Congr. Of Ginecology and Obstetrics Tokyo (1979), Magyar N\u0151orvos T\u00e1rsas\u00e1g XIII. Nagygy\u0171l\u00e9se (1988), Revista Medical\u0103, Orvosi Szemle. \u2013 <strong>F. m.:<\/strong> Ginecologie obstetrical\u0103 (Mv., 1976); N\u0151gy\u00f3gy\u00e1szat (Mv., 1986); Sz\u00fcl\u00e9szet (Mv., 1980); <strong>t\u00e1rssz.:<\/strong> N\u0151gy\u00f3gy\u00e1szati jegyzet (Mv., 1954); Sz\u00fcl\u00e9szeti jegyzet (Mv., 1959); Obstetric\u0103 \u015fi ginecologie (Buc., 1971); Tratat de patologie chirurgical\u0103 Vol. 7.: Ginecologie (Buc., 1983). <br \/><strong>Irod.:<\/strong> Dezs\u0151 Istv\u00e1n; Genersich; KKACs; Komj\u00e1tszegi S\u00e1ndor: Az els\u0151 \u00fcnnep\u00e9lyes doktorr\u00e1 avat\u00e1s Mv.-en (N\u00fa., 1997. j\u00fal. 29.); [Nekrol\u00f3g] (N\u00fa., 1999. nov. 16); Barab\u00e1s-P\u00e9ter M.-P\u00e9ter H. M; Kiss-P- P; RMKK<\/br><\/p>\n","protected":false},"excerpt":{"rendered":"<p>D\u00e9va, 1923. m\u00e1rc. 31., \u2020 Mv., 1999. nov. 13.: orvos, egyetemi tan\u00e1r \u2013 \u00c9retts\u00e9gizett Sepsiszentgy\u00f6rgy\u00f6n a Sz\u00e9kely Mik\u00f3 Koll.-ban (1941); a kv.-i Egyetem \u00c1ltal\u00e1nos Orvosi Kar\u00e1n szerzett oklevelet (1947). A MOGYI N\u0151gy\u00f3gy\u00e1szati -Sz\u00fcl\u00e9szeti Klinik\u00e1j\u00e1n gyakornok, tan\u00e1rseg\u00e9d, klinikai f\u0151orvos, az 1. sz. sz\u00fcl\u00e9szeti \u00e9s n\u0151gy\u00f3gy\u00e1szati klinika vezet\u0151je, tansz\u00e9kvezet\u0151 egy. tan\u00e1r (1947\u201383), dr. prof. (1990-ig). Cikkei : [&hellip;]<\/p>\n","protected":false},"featured_media":0,"comment_status":"open","ping_status":"closed","template":"","meta":[],"product_brand":[],"product_cat":[137],"product_tag":[],"class_list":{"0":"post-5040","1":"product","2":"type-product","3":"status-publish","5":"product_cat-maros-megyei-eletrajzi-lexikon","7":"first","8":"instock","9":"shipping-taxable","10":"product-type-simple"},"_links":{"self":[{"href":"https:\/\/uj.adatbank.ro\/lexikon\/wp-json\/wp\/v2\/product\/5040","targetHints":{"allow":["GET"]}}],"collection":[{"href":"https:\/\/uj.adatbank.ro\/lexikon\/wp-json\/wp\/v2\/product"}],"about":[{"href":"https:\/\/uj.adatbank.ro\/lexikon\/wp-json\/wp\/v2\/types\/product"}],"replies":[{"embeddable":true,"href":"https:\/\/uj.adatbank.ro\/lexikon\/wp-json\/wp\/v2\/comments?post=5040"}],"wp:attachment":[{"href":"https:\/\/uj.adatbank.ro\/lexikon\/wp-json\/wp\/v2\/media?parent=5040"}],"wp:term":[{"taxonomy":"product_brand","embeddable":true,"href":"https:\/\/uj.adatbank.ro\/lexikon\/wp-json\/wp\/v2\/product_brand?post=5040"},{"taxonomy":"product_cat","embeddable":true,"href":"https:\/\/uj.adatbank.ro\/lexikon\/wp-json\/wp\/v2\/product_cat?post=5040"},{"taxonomy":"product_tag","embeddable":true,"href":"https:\/\/uj.adatbank.ro\/lexikon\/wp-json\/wp\/v2\/product_tag?post=5040"}],"curies":[{"name":"wp","href":"https:\/\/api.w.org\/{rel}","templated":true}]}}

BOGA Kálmán, Boga Coloman

<p>Déva, 1923. márc. 31., † Mv., 1999. nov. 13.: orvos, egyetemi tanár – Érettségizett Sepsiszentgyörgyön a Székely Mikó Koll.-ban (1941); a kv.-i Egyetem Általános Orvosi Karán szerzett oklevelet (1947). A MOGYI Nőgyógyászati -Szülészeti Klinikáján gyakornok, tanársegéd, klinikai főorvos, az 1. sz. szülészeti és nőgyógyászati klinika vezetője, tanszékvezető egy. tanár (1947–83), dr. prof. (1990-ig). Cikkei : XI. Congr. Intern. de Méd. Sportiv, Luxenburg (1956), Arch de l’union Med. Balcanique (1977), Endocrinologia, Congr. Of Ginecology and Obstetrics Tokyo (1979), Magyar Nőorvos Társaság XIII. Nagygyűlése (1988), Revista Medicală, Orvosi Szemle. – <strong>F. m.:</strong> Ginecologie obstetricală (Mv., 1976); Nőgyógyászat (Mv., 1986); Szülészet (Mv., 1980); <strong>társsz.:</strong> Nőgyógyászati jegyzet (Mv., 1954); Szülészeti jegyzet (Mv., 1959); Obstetrică şi ginecologie (Buc., 1971); Tratat de patologie chirurgicală Vol. 7.: Ginecologie (Buc., 1983). <br /><strong>Irod.:</strong> Dezső István; Genersich; KKACs; Komjátszegi Sándor: Az első ünnepélyes doktorrá avatás Mv.-en (Nú., 1997. júl. 29.); [Nekrológ] (Nú., 1999. nov. 16); Barabás-Péter M.-Péter H. M; Kiss-P- P; RMKK</br></p>

<p>Déva, 1923. márc. 31., † Mv., 1999. nov. 13.: orvos, egyetemi tanár – Érettségizett Sepsiszentgyörgyön a Székely Mikó Koll.-ban (1941); a kv.-i Egyetem Általános Orvosi Karán szerzett oklevelet (1947). A MOGYI Nőgyógyászati -Szülészeti Klinikáján gyakornok, tanársegéd, klinikai főorvos, az 1. sz. szülészeti és nőgyógyászati klinika vezetője, tanszékvezető egy. tanár (1947–83), dr. prof. (1990-ig). Cikkei : [&hellip;]</p>
