{"id":5041,"date":"2025-06-28T17:01:15","date_gmt":"2025-06-28T15:01:15","guid":{"rendered":"https:\/\/uj.adatbank.ro\/lexikon\/termek\/boga-lajos\/"},"modified":"2025-06-28T17:01:15","modified_gmt":"2025-06-28T15:01:15","slug":"boga-lajos","status":"publish","type":"product","link":"https:\/\/uj.adatbank.ro\/lexikon\/termek\/boga-lajos\/","title":{"rendered":"BOGA Lajos"},"content":{"rendered":"<p>Mv., 1885. nov. 30., \u2020 Mv., 1956. febr. 21.: biol\u00f3gus, tan\u00e1r, r. k. gimn. igazgat\u00f3, m\u00fazeum\u0151r. \u2013 Tanulm\u00e1nyait a sz\u00e1szr\u00e9geni ev. n\u00e9met elemi iskol\u00e1ban, a mv.-i R. Kat. Gimn.-ban a kv.-i egyetemen v\u00e9gezte (1904-08), majd doktori oklevelet szerzett (1918). Kv.-on tan\u00e1rseg\u00e9d Ap\u00e1thy Istv\u00e1n int\u00e9zet\u00e9ben (1906\u2013); k\u00f6z\u00e9piskolai tan\u00e1r (1914\u2013); a kat. polg\u00e1ri iskolai tan\u00e1rk\u00e9pz\u0151 tan\u00e1ra (1920\u201325). Az EM \u00e1latt\u00e1r\u00e1nak seg\u00e9d\u0151re, illetve \u0151re (1910\u201325); a ref. teol\u00f3giai fakult\u00e1s tan\u00e1rk\u00e9pz\u0151 int\u00e9zet\u00e9ben \u00e1llatrendszertant adott el\u0151, a polg\u00e1ri-iskolai tan\u00e1rk\u00e9pz\u0151 f\u0151iskol\u00e1nak rendes tan\u00e1ra volt (1920\u2013), annak bez\u00e1r\u00e1s\u00e1ig. A cs\u00edkszeredai R. K. F\u0151gimn. tan\u00e1r (1925-t\u0151l), a sz\u00e9kelyudvarhelyi R. K. F\u0151gimn. igazgat\u00f3ja (1936\u201341). A sepsiszentgy\u00f6rgyi Sz\u00e9kely Nemzeti M\u00fazeum \u00e1llattani \u00e9s \u0151sl\u00e9nytani gy\u0171jtem\u00e9nyeit rendezte (1928\u201329), r\u00e9szt vett a M\u00fazeum munk\u00e1j\u00e1ban \u00e9s a Sz\u00e9kely Mik\u00f3-Koll. tan\u00e1ra (1932\u201336). Az Erd\u00e9lyi Nemzeti M\u00fazeum \u00e1llatt\u00e1r\u00e1nak igazgat\u00f3-\u0151re (1940\u201344), a M\u00fazeumi F\u00fczetek szerkeszt\u0151je. A kv.-i BTE \u00e1llattani professzora nyugd\u00edjaz\u00e1s\u00e1ig (1945\u201347). T\u00f6bb k\u00f6z\u00e9piskolai tank\u00f6nyvet \u00edrt. K\u00f6z\u00f6lt az EME kiadv\u00e1nyaiban, az Erd\u00e9lyi Magyar L\u00e1nyok c. foly\u00f3\u00edratban, a Cs\u00edki Lapok-ban zenei t\u00e1rgy\u00fa cikkeket \u00edrt. \u2013 <strong>F. m.:<\/strong> \u00c1ltal\u00e1nos \u00e1llattan (Kv., 1908); Term\u00e9szetrajz. N\u00f6v\u00e9nytan: A m. tannyelv\u0171 k\u00f6z\u00e9piskol\u00e1k 2. oszt.-a sz\u00e1m\u00e1ra (Kv., 1926); Az emebr bonctana \u00e9s \u00e9lettana: A m. tannyelv\u0171 k\u00f6z\u00e9piskol\u00e1k fels\u0151 oszt.-ai sz\u00e1m\u00e1ra (Kv., 1933); Az ember anat\u00f3mi\u00e1ja \u00e9s physiologi\u00e1ja a m. r. tannyelv\u0171 k\u00f6z\u00e9piskol\u00e1k fels\u0151bb oszt.-ai sz\u00e1m\u00e1ra (Kv., 1933); <strong>t\u00e1rssz.:<\/strong> \u00c1ltal\u00e1nos fejl\u0151d\u00e9stan (Kv., 1912); A sz\u00e9kely ember h\u00e1zi patik\u00e1ja = Az Erd\u00e9lyi M\u00fazeum-Egyes\u00fclet \u2026 tizennegyedik v\u00e1ndorgy\u0171l\u00e9s\u00e9nek eml\u00e9kk\u00f6nyve (Cluj, 1938). Az erd\u00e9lyi magyar irodalom bibliogr\u00e1fi\u00e1ja, 1926. \u00e9v. <br \/><strong>Irod.:<\/strong> D\u00f6rnyei 2005; EL; EM; Genersich; Guly\u00e1s; MMA; Osv\u00e1th; RMIL<\/br><\/p>\n","protected":false},"excerpt":{"rendered":"<p>Mv., 1885. nov. 30., \u2020 Mv., 1956. febr. 21.: biol\u00f3gus, tan\u00e1r, r. k. gimn. igazgat\u00f3, m\u00fazeum\u0151r. \u2013 Tanulm\u00e1nyait a sz\u00e1szr\u00e9geni ev. n\u00e9met elemi iskol\u00e1ban, a mv.-i R. Kat. Gimn.-ban a kv.-i egyetemen v\u00e9gezte (1904-08), majd doktori oklevelet szerzett (1918). Kv.-on tan\u00e1rseg\u00e9d Ap\u00e1thy Istv\u00e1n int\u00e9zet\u00e9ben (1906\u2013); k\u00f6z\u00e9piskolai tan\u00e1r (1914\u2013); a kat. polg\u00e1ri iskolai tan\u00e1rk\u00e9pz\u0151 tan\u00e1ra (1920\u201325). [&hellip;]<\/p>\n","protected":false},"featured_media":0,"comment_status":"open","ping_status":"closed","template":"","meta":[],"product_brand":[],"product_cat":[137],"product_tag":[],"class_list":{"0":"post-5041","1":"product","2":"type-product","3":"status-publish","5":"product_cat-maros-megyei-eletrajzi-lexikon","7":"first","8":"instock","9":"shipping-taxable","10":"product-type-simple"},"_links":{"self":[{"href":"https:\/\/uj.adatbank.ro\/lexikon\/wp-json\/wp\/v2\/product\/5041","targetHints":{"allow":["GET"]}}],"collection":[{"href":"https:\/\/uj.adatbank.ro\/lexikon\/wp-json\/wp\/v2\/product"}],"about":[{"href":"https:\/\/uj.adatbank.ro\/lexikon\/wp-json\/wp\/v2\/types\/product"}],"replies":[{"embeddable":true,"href":"https:\/\/uj.adatbank.ro\/lexikon\/wp-json\/wp\/v2\/comments?post=5041"}],"wp:attachment":[{"href":"https:\/\/uj.adatbank.ro\/lexikon\/wp-json\/wp\/v2\/media?parent=5041"}],"wp:term":[{"taxonomy":"product_brand","embeddable":true,"href":"https:\/\/uj.adatbank.ro\/lexikon\/wp-json\/wp\/v2\/product_brand?post=5041"},{"taxonomy":"product_cat","embeddable":true,"href":"https:\/\/uj.adatbank.ro\/lexikon\/wp-json\/wp\/v2\/product_cat?post=5041"},{"taxonomy":"product_tag","embeddable":true,"href":"https:\/\/uj.adatbank.ro\/lexikon\/wp-json\/wp\/v2\/product_tag?post=5041"}],"curies":[{"name":"wp","href":"https:\/\/api.w.org\/{rel}","templated":true}]}}

<p>Mv., 1885. nov. 30., † Mv., 1956. febr. 21.: biológus, tanár, r. k. gimn. igazgató, múzeumőr. – Tanulmányait a szászrégeni ev. német elemi iskolában, a mv.-i R. Kat. Gimn.-ban a kv.-i egyetemen végezte (1904-08), majd doktori oklevelet szerzett (1918). Kv.-on tanársegéd Apáthy István intézetében (1906–); középiskolai tanár (1914–); a kat. polgári iskolai tanárképző tanára (1920–25). Az EM álattárának segédőre, illetve őre (1910–25); a ref. teológiai fakultás tanárképző intézetében állatrendszertant adott elő, a polgári-iskolai tanárképző főiskolának rendes tanára volt (1920–), annak bezárásáig. A csíkszeredai R. K. Főgimn. tanár (1925-től), a székelyudvarhelyi R. K. Főgimn. igazgatója (1936–41). A sepsiszentgyörgyi Székely Nemzeti Múzeum állattani és őslénytani gyűjteményeit rendezte (1928–29), részt vett a Múzeum munkájában és a Székely Mikó-Koll. tanára (1932–36). Az Erdélyi Nemzeti Múzeum állattárának igazgató-őre (1940–44), a Múzeumi Füzetek szerkesztője. A kv.-i BTE állattani professzora nyugdíjazásáig (1945–47). Több középiskolai tankönyvet írt. Közölt az EME kiadványaiban, az Erdélyi Magyar Lányok c. folyóíratban, a Csíki Lapok-ban zenei tárgyú cikkeket írt. – <strong>F. m.:</strong> Általános állattan (Kv., 1908); Természetrajz. Növénytan: A m. tannyelvű középiskolák 2. oszt.-a számára (Kv., 1926); Az emebr bonctana és élettana: A m. tannyelvű középiskolák felső oszt.-ai számára (Kv., 1933); Az ember anatómiája és physiologiája a m. r. tannyelvű középiskolák felsőbb oszt.-ai számára (Kv., 1933); <strong>társsz.:</strong> Általános fejlődéstan (Kv., 1912); A székely ember házi patikája = Az Erdélyi Múzeum-Egyesület … tizennegyedik vándorgyűlésének emlékkönyve (Cluj, 1938). Az erdélyi magyar irodalom bibliográfiája, 1926. év. <br /><strong>Irod.:</strong> Dörnyei 2005; EL; EM; Genersich; Gulyás; MMA; Osváth; RMIL</br></p>

<p>Mv., 1885. nov. 30., † Mv., 1956. febr. 21.: biológus, tanár, r. k. gimn. igazgató, múzeumőr. – Tanulmányait a szászrégeni ev. német elemi iskolában, a mv.-i R. Kat. Gimn.-ban a kv.-i egyetemen végezte (1904-08), majd doktori oklevelet szerzett (1918). Kv.-on tanársegéd Apáthy István intézetében (1906–); középiskolai tanár (1914–); a kat. polgári iskolai tanárképző tanára (1920–25). [&hellip;]</p>
