{"id":5045,"date":"2025-06-28T17:01:23","date_gmt":"2025-06-28T15:01:23","guid":{"rendered":"https:\/\/uj.adatbank.ro\/lexikon\/termek\/bogathi-david\/"},"modified":"2025-06-28T17:01:23","modified_gmt":"2025-06-28T15:01:23","slug":"bogathi-david","status":"publish","type":"product","link":"https:\/\/uj.adatbank.ro\/lexikon\/termek\/bogathi-david\/","title":{"rendered":"BOG\u00c1THI D\u00e1vid"},"content":{"rendered":"<p>? \u2020 ? : birtokos. \u2013 Ludas a radn\u00f3ti uradalomhoz tartozott, a szeg\u00e9ny rom\u00e1n jobb\u00e1gyfalu, k\u00e9pezte bitok\u00e1t (1377 k.). A sz\u00e1zadok sor\u00e1n gyakran cser\u00e9lt gazd\u00e1t. <br \/><strong>Irod.:<\/strong> Szekeres Ad\u00e9l: A marosludasi Bels\u0151-telep r\u00f6vid t\u00f6rt\u00e9nete (N\u00fa., 1997. m\u00e1rc. 11.)<\/br><\/p>\n","protected":false},"excerpt":{"rendered":"<p>? \u2020 ? : birtokos. \u2013 Ludas a radn\u00f3ti uradalomhoz tartozott, a szeg\u00e9ny rom\u00e1n jobb\u00e1gyfalu, k\u00e9pezte bitok\u00e1t (1377 k.). A sz\u00e1zadok sor\u00e1n gyakran cser\u00e9lt gazd\u00e1t. Irod.: Szekeres Ad\u00e9l: A marosludasi Bels\u0151-telep r\u00f6vid t\u00f6rt\u00e9nete (N\u00fa., 1997. m\u00e1rc. 11.)<\/p>\n","protected":false},"featured_media":0,"comment_status":"open","ping_status":"closed","template":"","meta":[],"product_brand":[],"product_cat":[137],"product_tag":[],"class_list":{"0":"post-5045","1":"product","2":"type-product","3":"status-publish","5":"product_cat-maros-megyei-eletrajzi-lexikon","7":"first","8":"instock","9":"shipping-taxable","10":"product-type-simple"},"_links":{"self":[{"href":"https:\/\/uj.adatbank.ro\/lexikon\/wp-json\/wp\/v2\/product\/5045","targetHints":{"allow":["GET"]}}],"collection":[{"href":"https:\/\/uj.adatbank.ro\/lexikon\/wp-json\/wp\/v2\/product"}],"about":[{"href":"https:\/\/uj.adatbank.ro\/lexikon\/wp-json\/wp\/v2\/types\/product"}],"replies":[{"embeddable":true,"href":"https:\/\/uj.adatbank.ro\/lexikon\/wp-json\/wp\/v2\/comments?post=5045"}],"wp:attachment":[{"href":"https:\/\/uj.adatbank.ro\/lexikon\/wp-json\/wp\/v2\/media?parent=5045"}],"wp:term":[{"taxonomy":"product_brand","embeddable":true,"href":"https:\/\/uj.adatbank.ro\/lexikon\/wp-json\/wp\/v2\/product_brand?post=5045"},{"taxonomy":"product_cat","embeddable":true,"href":"https:\/\/uj.adatbank.ro\/lexikon\/wp-json\/wp\/v2\/product_cat?post=5045"},{"taxonomy":"product_tag","embeddable":true,"href":"https:\/\/uj.adatbank.ro\/lexikon\/wp-json\/wp\/v2\/product_tag?post=5045"}],"curies":[{"name":"wp","href":"https:\/\/api.w.org\/{rel}","templated":true}]}}