{"id":5046,"date":"2025-06-28T17:01:25","date_gmt":"2025-06-28T15:01:25","guid":{"rendered":"https:\/\/uj.adatbank.ro\/lexikon\/termek\/bogathi-fazekas-miklos-fazakas-miklos-bogati-fazekas-miklos\/"},"modified":"2025-06-28T17:01:25","modified_gmt":"2025-06-28T15:01:25","slug":"bogathi-fazekas-miklos-fazakas-miklos-bogati-fazekas-miklos","status":"publish","type":"product","link":"https:\/\/uj.adatbank.ro\/lexikon\/termek\/bogathi-fazekas-miklos-fazakas-miklos-bogati-fazekas-miklos\/","title":{"rendered":"BOG\u00c1THI FAZEKAS Mikl\u00f3s, Fazakas Mikl\u00f3s, Bog\u00e1ti Fazekas Mikl\u00f3s"},"content":{"rendered":"<p>Torda, v. Szentdemeter, 1548. dec. 14., \u2020 Kv., 1598\u20131607 k.: unit. lelk\u00e9sz, k\u00f6lt\u0151, \u00edr\u00f3, zsolt\u00e1rford\u00edt\u00f3. \u2013 Szentdemeter falu sz\u00fcl\u00f6tte. D\u00e9sen \u00e9lt (1575 \u0151sz\u00e9ig) Tord\u00e1n tan\u00edt\u00f3 (1576\u201379?); Kv.-on az unit. koll. rektora, m\u00edg D\u00e1vid Ferenc h\u00edvek\u00e9nt t\u00e1voznia kellett (1578 v. 79. j\u00fan.). Szolnok \u2013 Dob\u00f3k\u00e1ba vonult a D\u00e1vid Ferenc f\u00f6l\u00f6tt elh\u00fazod\u00f3 harcok el\u0151l (1579); Gerenden udvari lelk\u00e9sz Gerendi J\u00e1nos Feh\u00e9r vm.-i f\u0151isp\u00e1nn\u00e1l (1580\u2013), itt v\u00e9gezte be egyik m\u0171v\u00e9t (1582), Barany\u00e1ba menek\u00fclt a r\u00e1v\u00e1r\u00f3 \u00fcld\u00f6ztet\u00e9sek el\u0151l (1582). P\u00e9csen tan\u00edtott a helyi isk.-ban \u00e9s teol\u00f3giai munk\u00e1kat \u00edrt. Visszat\u00e9rt Erd\u00e9lybe (1583\u2013), majd ism\u00e9t Tord\u00e1n tan\u00e1r (1584 \u0151sz\u00e9n). Homor\u00f3dszentp\u00e1lra ker\u00fclt lelk\u00e9sznek, Kornis Farkas f\u0151kir\u00e1lyb\u00edr\u00f3 udvari papja (1584 v\u00e9ge. v. 85. elej\u00e9n\u20131591), ahol az Apocalypsisnek magyar\u00e1zatj\u00e1t \u00edrta, amiben tagadta az \u00d3- \u00e9s \u00dajsz\u00f6vets\u00e9g kapcsolat\u00e1t. Kv. v\u00e1lasztotta meg m\u00e1sodik papj\u00e1nak (1589\u2013), ahol Foszt\u00f3 Uzoni Istv\u00e1n f\u00f6ljegyz\u00e9se szerint meghalt (1592). M\u00e1s forr\u00e1sok szerint Szenterzs\u00e9beten tart\u00f3zkodott (1607 k.-ig). Hist\u00f3ri\u00e1s \u00e9nekeinek forr\u00e1sa a m. t\u00f6rt\u00e9nelem Hunyadi M\u00e1ty\u00e1st\u00f3l J\u00e1nos Zsigmond kor\u00e1ig, jelent\u0151sek \u00e9nekford\u00edt\u00e1sai pl. a Zsolt\u00e1rok K\u00f6nyv\u00e9nek m. nyelv\u0171 ford\u00edt\u00e1sa (150 zsolt\u00e1rt ford\u00edtott). \u2013 <strong>F. m.:<\/strong> Sz\u00e9phist\u00f3ria. A t\u00f6k\u00e9letes asszony\u00e1llatokr\u00f3l, melly Plutarhusb\u00f3l ford\u00edtttatott m. nyelvre. (Kv., 1575); H\u00e1rom jeles f\u0151 hadnagyok (1576); Az \u00f6t\u00f6dik r\u00e9sze M\u00e1ty\u00e1s kir\u00e1ly dolgainak mint hal\u00e1l\u00e1ig (1577, 1580); Ez vil\u00e1gi nagy sok z\u0171rzavarr\u00f3l val\u00f3 \u00e9nek (Kv., 1591); Aspasia asszony dolga \u00e9s az j\u00f3 erk\u00f6lcs\u0171 asszonyoknak t\u00fckre (Kv., 1591); A nagy Castriot Gy\u00f6rgynek, kit az t\u00f6r\u00f6k Szekenderb\u00e9gnek h\u00edvott&#8230; hist\u00f3ri\u00e1ja hat r\u00e9szben (Kv., 1592, Debrecen, 1597); Demeter kir\u00e1ly hist\u00f3ri\u00e1ja (1598); <strong>K\u00e9ziratban:<\/strong> Bog\u00e1thi codex; J\u00e9zus Krisztus hist\u00f3ri\u00e1ja \u00e9s a mennyei jelens\u00e9gekr\u0151l magyar\u00e1zat. kiad.: Psalterium, Magyar Zsolt\u00e1r, Kit az id\u0151beli hist\u00f3ri\u00e1k \u00e9rtelme szer\u00e9nt k\u00fcl\u00f6nb-k\u00fcl\u00f6nb magyar \u00e9kes n\u00f3t\u00e1kra, az Isten gy\u00fclekezeteinek jav\u00e1ra ford\u00edtott B. F. M. (Bp., 1979); <strong>ford.:<\/strong> Alianos anekdot\u00e1it ford. (Kv., 1591); \u00c9nekek \u00e9neke (Bp., 1980); <strong>antol\u00f3g.:<\/strong> H\u00e1rom ver\u00e9b hat szemmel: Antol\u00f3gia a m. k\u00f6lt\u00e9szet rejtett \u00e9rt\u00e9keib\u0151l \u00e9s furcsas\u00e1gaib\u00f3l (Bp., 1977); Balassi B\u00e1lint \u00e9s a 16. sz\u00e1zad k\u00f6lt\u0151i (Bp., 1979); Fegyvert s b\u00e1tor sz\u00edvet: V\u00e1logat\u00e1s hat \u00e9vsz\u00e1zad m. katonaverseib\u0151l (Bp., 1984); Szeren\u00e1d: M. k\u00f6lt\u0151k szerelmes versei (Bp., 2002); <br \/><strong>Irod.:<\/strong> Fekete; Guly\u00e1s; MNBK; Szinnyei; T\u00f3th Istv\u00e1n: A gyulafeh\u00e9rv\u00e1ri humanista k\u00f6lt\u00e9szet antol\u00f3gi\u00e1ja (Bp., 2001); \u00daM\u00c9L<\/br><\/p>\n","protected":false},"excerpt":{"rendered":"<p>Torda, v. Szentdemeter, 1548. dec. 14., \u2020 Kv., 1598\u20131607 k.: unit. lelk\u00e9sz, k\u00f6lt\u0151, \u00edr\u00f3, zsolt\u00e1rford\u00edt\u00f3. \u2013 Szentdemeter falu sz\u00fcl\u00f6tte. D\u00e9sen \u00e9lt (1575 \u0151sz\u00e9ig) Tord\u00e1n tan\u00edt\u00f3 (1576\u201379?); Kv.-on az unit. koll. rektora, m\u00edg D\u00e1vid Ferenc h\u00edvek\u00e9nt t\u00e1voznia kellett (1578 v. 79. j\u00fan.). Szolnok \u2013 Dob\u00f3k\u00e1ba vonult a D\u00e1vid Ferenc f\u00f6l\u00f6tt elh\u00fazod\u00f3 harcok el\u0151l (1579); Gerenden udvari [&hellip;]<\/p>\n","protected":false},"featured_media":0,"comment_status":"open","ping_status":"closed","template":"","meta":[],"product_brand":[],"product_cat":[137],"product_tag":[],"class_list":{"0":"post-5046","1":"product","2":"type-product","3":"status-publish","5":"product_cat-maros-megyei-eletrajzi-lexikon","7":"first","8":"instock","9":"shipping-taxable","10":"product-type-simple"},"_links":{"self":[{"href":"https:\/\/uj.adatbank.ro\/lexikon\/wp-json\/wp\/v2\/product\/5046","targetHints":{"allow":["GET"]}}],"collection":[{"href":"https:\/\/uj.adatbank.ro\/lexikon\/wp-json\/wp\/v2\/product"}],"about":[{"href":"https:\/\/uj.adatbank.ro\/lexikon\/wp-json\/wp\/v2\/types\/product"}],"replies":[{"embeddable":true,"href":"https:\/\/uj.adatbank.ro\/lexikon\/wp-json\/wp\/v2\/comments?post=5046"}],"wp:attachment":[{"href":"https:\/\/uj.adatbank.ro\/lexikon\/wp-json\/wp\/v2\/media?parent=5046"}],"wp:term":[{"taxonomy":"product_brand","embeddable":true,"href":"https:\/\/uj.adatbank.ro\/lexikon\/wp-json\/wp\/v2\/product_brand?post=5046"},{"taxonomy":"product_cat","embeddable":true,"href":"https:\/\/uj.adatbank.ro\/lexikon\/wp-json\/wp\/v2\/product_cat?post=5046"},{"taxonomy":"product_tag","embeddable":true,"href":"https:\/\/uj.adatbank.ro\/lexikon\/wp-json\/wp\/v2\/product_tag?post=5046"}],"curies":[{"name":"wp","href":"https:\/\/api.w.org\/{rel}","templated":true}]}}

BOGÁTHI FAZEKAS Miklós, Fazakas Miklós, Bogáti Fazekas Miklós

<p>Torda, v. Szentdemeter, 1548. dec. 14., † Kv., 1598–1607 k.: unit. lelkész, költő, író, zsoltárfordító. – Szentdemeter falu szülötte. Désen élt (1575 őszéig) Tordán tanító (1576–79?); Kv.-on az unit. koll. rektora, míg Dávid Ferenc híveként távoznia kellett (1578 v. 79. jún.). Szolnok – Dobókába vonult a Dávid Ferenc fölött elhúzodó harcok elől (1579); Gerenden udvari lelkész Gerendi János Fehér vm.-i főispánnál (1580–), itt végezte be egyik művét (1582), Baranyába menekült a ráváró üldöztetések elől (1582). Pécsen tanított a helyi isk.-ban és teológiai munkákat írt. Visszatért Erdélybe (1583–), majd ismét Tordán tanár (1584 őszén). Homoródszentpálra került lelkésznek, Kornis Farkas főkirálybíró udvari papja (1584 vége. v. 85. elején–1591), ahol az Apocalypsisnek magyarázatját írta, amiben tagadta az Ó- és Újszövetség kapcsolatát. Kv. választotta meg második papjának (1589–), ahol Fosztó Uzoni István följegyzése szerint meghalt (1592). Más források szerint Szenterzsébeten tartózkodott (1607 k.-ig). Históriás énekeinek forrása a m. történelem Hunyadi Mátyástól János Zsigmond koráig, jelentősek énekfordításai pl. a Zsoltárok Könyvének m. nyelvű fordítása (150 zsoltárt fordított). – <strong>F. m.:</strong> Széphistória. A tökéletes asszonyállatokról, melly Plutarhusból fordítttatott m. nyelvre. (Kv., 1575); Három jeles fő hadnagyok (1576); Az ötödik része Mátyás király dolgainak mint haláláig (1577, 1580); Ez világi nagy sok zűrzavarról való ének (Kv., 1591); Aspasia asszony dolga és az jó erkölcsű asszonyoknak tükre (Kv., 1591); A nagy Castriot Györgynek, kit az török Szekenderbégnek hívott&#8230; históriája hat részben (Kv., 1592, Debrecen, 1597); Demeter király históriája (1598); <strong>Kéziratban:</strong> Bogáthi codex; Jézus Krisztus históriája és a mennyei jelenségekről magyarázat. kiad.: Psalterium, Magyar Zsoltár, Kit az időbeli históriák értelme szerént különb-különb magyar ékes nótákra, az Isten gyülekezeteinek javára fordított B. F. M. (Bp., 1979); <strong>ford.:</strong> Alianos anekdotáit ford. (Kv., 1591); Énekek éneke (Bp., 1980); <strong>antológ.:</strong> Három veréb hat szemmel: Antológia a m. költészet rejtett értékeiből és furcsaságaiból (Bp., 1977); Balassi Bálint és a 16. század költői (Bp., 1979); Fegyvert s bátor szívet: Válogatás hat évszázad m. katonaverseiből (Bp., 1984); Szerenád: M. költők szerelmes versei (Bp., 2002); <br /><strong>Irod.:</strong> Fekete; Gulyás; MNBK; Szinnyei; Tóth István: A gyulafehérvári humanista költészet antológiája (Bp., 2001); ÚMÉL</br></p>

<p>Torda, v. Szentdemeter, 1548. dec. 14., † Kv., 1598–1607 k.: unit. lelkész, költő, író, zsoltárfordító. – Szentdemeter falu szülötte. Désen élt (1575 őszéig) Tordán tanító (1576–79?); Kv.-on az unit. koll. rektora, míg Dávid Ferenc híveként távoznia kellett (1578 v. 79. jún.). Szolnok – Dobókába vonult a Dávid Ferenc fölött elhúzodó harcok elől (1579); Gerenden udvari [&hellip;]</p>
