{"id":5049,"date":"2025-06-28T17:01:29","date_gmt":"2025-06-28T15:01:29","guid":{"rendered":"https:\/\/uj.adatbank.ro\/lexikon\/termek\/bogathi-peter-bogati-peter\/"},"modified":"2025-06-28T17:01:29","modified_gmt":"2025-06-28T15:01:29","slug":"bogathi-peter-bogati-peter","status":"publish","type":"product","link":"https:\/\/uj.adatbank.ro\/lexikon\/termek\/bogathi-peter-bogati-peter\/","title":{"rendered":"BOG\u00c1THI P\u00e9ter, Bog\u00e1ti P\u00e9ter"},"content":{"rendered":"<p>? \u2020 ? : birtokos. \u2013 Anyja: B\u00e1nffy Magdolna. \u2013 Egy malom v\u00e1mjog\u00e1t adom\u00e1nyozta a radn\u00f3ti templomnak (1423) az egyik Bog\u00e1ti P\u00e9ter. Ausztriai Albert m. kir.-t\u00f3l k\u00e9t adom\u00e1nylevelet kapott, a kir. ir\u00e1nti h\u0171s\u00e9g\u00e9rt neki \u00e9s testv\u00e9r\u00e9nek, J\u00e1nosnak t\u00f6bb helys\u00e9get adom\u00e1nyozott: Marosbog\u00e1tot, Ludast, valamint Feh\u00e9r vm. sz\u00e1mos telep\u00fcl\u00e9s\u00e9t (1439. j\u00fan. 25.). Ezen adom\u00e1nyokt\u00f3l I. Ul\u00e1szl\u00f3 kir. megfosztotta B. J\u00e1nost (1441. febr. 19.), mivel Erzs\u00e9bet kir.-n\u0151 oldal\u00e1n harcolt. Az elkobzott birtokok is a tulajdon\u00e1ba ker\u00fcltek. Hunyadi J\u00e1nos adom\u00e1nyozza neki Radn\u00f3tot (1451. aug. 1.), anyja \u00faj er\u0151d\u00edt\u00e9sekkel l\u00e1tta el a v\u00e1rkast\u00e9lyt (1553). <br \/><strong>Irod.:<\/strong> Iernut; L\u00e9sty\u00e1n \u2013 templomok; Szekeres Ad\u00e9l: Ludas a XV \u2013 XVIII. sz\u00e1zad k\u00f6z\u00f6tt (N\u00fa., 1996. m\u00e1rc. 13.); Szekeres A. I.: C\u00edmeres eml\u00e9kek Radn\u00f3ton = P\u00e1l-Antal\u2013Simon; Vajda Gy\u00f6rgy: Kast\u00e9ly az eny\u00e9szet \u00fatj\u00e1n (N\u00fa., 1998. m\u00e1rc. 27.)<\/br><\/p>\n","protected":false},"excerpt":{"rendered":"<p>? \u2020 ? : birtokos. \u2013 Anyja: B\u00e1nffy Magdolna. \u2013 Egy malom v\u00e1mjog\u00e1t adom\u00e1nyozta a radn\u00f3ti templomnak (1423) az egyik Bog\u00e1ti P\u00e9ter. Ausztriai Albert m. kir.-t\u00f3l k\u00e9t adom\u00e1nylevelet kapott, a kir. ir\u00e1nti h\u0171s\u00e9g\u00e9rt neki \u00e9s testv\u00e9r\u00e9nek, J\u00e1nosnak t\u00f6bb helys\u00e9get adom\u00e1nyozott: Marosbog\u00e1tot, Ludast, valamint Feh\u00e9r vm. sz\u00e1mos telep\u00fcl\u00e9s\u00e9t (1439. j\u00fan. 25.). Ezen adom\u00e1nyokt\u00f3l I. Ul\u00e1szl\u00f3 kir. [&hellip;]<\/p>\n","protected":false},"featured_media":0,"comment_status":"open","ping_status":"closed","template":"","meta":[],"product_brand":[],"product_cat":[137],"product_tag":[],"class_list":{"0":"post-5049","1":"product","2":"type-product","3":"status-publish","5":"product_cat-maros-megyei-eletrajzi-lexikon","7":"first","8":"instock","9":"shipping-taxable","10":"product-type-simple"},"_links":{"self":[{"href":"https:\/\/uj.adatbank.ro\/lexikon\/wp-json\/wp\/v2\/product\/5049","targetHints":{"allow":["GET"]}}],"collection":[{"href":"https:\/\/uj.adatbank.ro\/lexikon\/wp-json\/wp\/v2\/product"}],"about":[{"href":"https:\/\/uj.adatbank.ro\/lexikon\/wp-json\/wp\/v2\/types\/product"}],"replies":[{"embeddable":true,"href":"https:\/\/uj.adatbank.ro\/lexikon\/wp-json\/wp\/v2\/comments?post=5049"}],"wp:attachment":[{"href":"https:\/\/uj.adatbank.ro\/lexikon\/wp-json\/wp\/v2\/media?parent=5049"}],"wp:term":[{"taxonomy":"product_brand","embeddable":true,"href":"https:\/\/uj.adatbank.ro\/lexikon\/wp-json\/wp\/v2\/product_brand?post=5049"},{"taxonomy":"product_cat","embeddable":true,"href":"https:\/\/uj.adatbank.ro\/lexikon\/wp-json\/wp\/v2\/product_cat?post=5049"},{"taxonomy":"product_tag","embeddable":true,"href":"https:\/\/uj.adatbank.ro\/lexikon\/wp-json\/wp\/v2\/product_tag?post=5049"}],"curies":[{"name":"wp","href":"https:\/\/api.w.org\/{rel}","templated":true}]}}

BOGÁTHI Péter, Bogáti Péter

<p>? † ? : birtokos. – Anyja: Bánffy Magdolna. – Egy malom vámjogát adományozta a radnóti templomnak (1423) az egyik Bogáti Péter. Ausztriai Albert m. kir.-tól két adománylevelet kapott, a kir. iránti hűségért neki és testvérének, Jánosnak több helységet adományozott: Marosbogátot, Ludast, valamint Fehér vm. számos települését (1439. jún. 25.). Ezen adományoktól I. Ulászló kir. megfosztotta B. Jánost (1441. febr. 19.), mivel Erzsébet kir.-nő oldalán harcolt. Az elkobzott birtokok is a tulajdonába kerültek. Hunyadi János adományozza neki Radnótot (1451. aug. 1.), anyja új erődítésekkel látta el a várkastélyt (1553). <br /><strong>Irod.:</strong> Iernut; Léstyán – templomok; Szekeres Adél: Ludas a XV – XVIII. század között (Nú., 1996. márc. 13.); Szekeres A. I.: Címeres emlékek Radnóton = Pál-Antal–Simon; Vajda György: Kastély az enyészet útján (Nú., 1998. márc. 27.)</br></p>

<p>? † ? : birtokos. – Anyja: Bánffy Magdolna. – Egy malom vámjogát adományozta a radnóti templomnak (1423) az egyik Bogáti Péter. Ausztriai Albert m. kir.-tól két adománylevelet kapott, a kir. iránti hűségért neki és testvérének, Jánosnak több helységet adományozott: Marosbogátot, Ludast, valamint Fehér vm. számos települését (1439. jún. 25.). Ezen adományoktól I. Ulászló kir. [&hellip;]</p>
