{"id":5053,"date":"2025-06-28T17:01:38","date_gmt":"2025-06-28T15:01:38","guid":{"rendered":"https:\/\/uj.adatbank.ro\/lexikon\/termek\/bogdan-florea-%c2%a7-florian-bogdan-floris-bogdan-florea-bogdan\/"},"modified":"2025-06-28T17:01:38","modified_gmt":"2025-06-28T15:01:38","slug":"bogdan-florea-%c2%a7-florian-bogdan-floris-bogdan-florea-bogdan","status":"publish","type":"product","link":"https:\/\/uj.adatbank.ro\/lexikon\/termek\/bogdan-florea-%c2%a7-florian-bogdan-floris-bogdan-florea-bogdan\/","title":{"rendered":"BOGDAN Florea, \u00a7 Florian Bogdan, Fl\u00f3ris Bogdan, Florea Bogdan"},"content":{"rendered":"<p>Farag\u00f3, 1876. m\u00e1rc. 19., \u2020 Sz\u00e1szr\u00e9gen, 1965. nov. 9.: m\u00e9rn\u00f6k, politikus, prefektus. \u2013 Elemi iskol\u00e1t sz\u00f6l\u0151fal\u00faj\u00e1ban, gimn.-ot Mv.-en a r. k. (1887\u201392), Bal\u00e1zsfalv\u00e1n a g. kat. iskol\u00e1ban (1892\u201394) \u00e9s Nasz\u00f3don (1894\u201395) v\u00e9gzett. Az egyetemet a bp-i politechnik\u00e1n v\u00e9gezte (1899), m\u00e9rn\u00f6ki diplom\u00e1t nyert matematika, geod\u00e9zia, g\u00e9ptan, \u00e9p\u00edt\u00e9szet, \u00e9s topogr\u00e1fia szakokb\u00f3l. Dolgozott Debrecenben a v\u00edz\u00fcgyi hivataln\u00e1l, a Balaton t\u00f3 rendez\u00e9s\u00e9n\u00e9l, a Saj\u00f3 szab\u00e1lyoz\u00e1s\u00e1n\u00e1l. Katonai szolg\u00e1latot \u00fat\u00e1szk\u00e9nt Pr\u00e1g\u00e1ban teljes\u00edtett. Gyulafeh\u00e9rv\u00e1ron kad\u00e9tk\u00e9nt a 12. \u00fat\u00e1szosztagba ker\u00fclt (1902\u2013). A katonai szolg\u00e1lat ut\u00e1n irod\u00e1t nyitott Sz\u00e1szr\u00e9genben, ahol le is telepedik (1902\u2013). Teke k\u00e9pvisel\u0151je (1906). Tagja volt a sz\u00ednh\u00e1z alap\u00edt\u00e1sra l\u00e9trej\u00f6tt t\u00e1rsas\u00e1gnak, a Societatea pentru crearea unui fond de teatru rom\u00e2n-nak (1910); megalap\u00edtotta a Cerbul-bankot (1912); az Astra \u00f6r\u00f6k\u00f6s tagja (1912\u2013), alap\u00edt\u00f3tagja a Rom\u00e1n Tan\u00edt\u00f3k Egyes\u00fclet\u00e9nek (Reuniunea \u00cenv\u0103\u0163\u0103torilor Rom\u00e2ni, 1912), tev\u00e9kenykedett az Osztr\u00e1k-M. Monarchi\u00e1ba menek\u00fclt Rom\u00e1nok Nemzeti Tan\u00e1cs\u00e1ban (Comitetul Na\u0163ional al Rom\u00e2nilor Emigran\u0163i din Austro-Ungaria, 1912). Az I. vh. kit\u00f6r\u00e9sekor alhadnagy a mv.-i 22. honv\u00e9dezredben, majd hadnagy (1914. aug. 25. \u2013). Galci\u00e1ban harcolt, ahol Lembergn\u00e9l megsebes\u00fclt. Felgy\u00f3gyul\u00e1sa ut\u00e1n a rom\u00e1n vez\u00e9rkar ford\u00edt\u00f3irod\u00e1j\u00e1ba ker\u00fclt, \u00e9s a rom\u00e1n hadsereg hadnagya lett (1915. j\u00fan. 30. \u2013). Rom\u00e1nia hadba l\u00e9p\u00e9se ut\u00e1n szinte els\u0151n\u00e1k \u00e1llt \u00e1t a rom\u00e1n hadsereg oldal\u00e1ra, Borsz\u00e9ken k\u00e9mirod\u00e1t vezetett. A h\u00e1bor\u00fa ut\u00e1n bekapcsol\u00f3dott a politikai \u00e9letbe: Buk.-ben az erd\u00e9lyi menek\u00fcltek bizotts\u00e1g\u00e1ban tev\u00e9kenykedett; r\u00e9szt vett a Hat\u00e1ron t\u00fali rom\u00e1nok kongresszus\u00e1n (1915); be\u00e1llt \u00f6nk\u00e9ntesk\u00e9nt a rom\u00e1n hadseregbe (1915). Tanulm\u00e1nyt k\u00f6z\u00f6l Desna\u0163ionlizarea rom\u00e2nilor ardeleni, sau politica agrar\u0103 ungureasc\u0103 c. (1916); k\u00fcl\u00f6n misszi\u00f3kat hajtott v\u00e9gre \u00e9s harcolt Erd\u00e9ly felszabad\u00edt\u00e1s\u00e1\u00e9rt, a rom\u00e1n n\u00e9p egyes\u00edt\u00e9s\u00e9\u00e9rt. Moldv\u00e1ba k\u00e9nyszer\u00fclt menek\u00fclni, majd Sz\u00e1szr\u00e9gen parlamenti k\u00e9pvisel\u0151je lett az els\u0151 egyes\u00edtett rom\u00e1n parlamentben (1919-ben). L\u00e9trehozta a N\u00e9pp\u00e1rtot (Partidul poporului) (1920) Nev\u00e9hez f\u0171z\u0151dik Sz\u00e1szr\u00e9genben az els\u0151 rom\u00e1n l\u00edc. megind\u00edt\u00e1sa (1920), az els\u0151 rom\u00e1n k\u00f6nyvesbolt megnyit\u00e1sa, \u00e9s rom\u00e1n nyomda l\u00e9tes\u00edt\u00e9se, itt nyomt\u00e1k a Glasul poporului (1923\u201331) c. lapot is, amelynek igazgat\u00f3 tulajdonosa volt. Maros megye prefektusa (1926. \u00e1pr. 16. \u2013 1927. jan. 27.). Cikkeki a Glasul poporului-ban jelennek meg. \u00dajb\u00f3l Buk.-ben volt (1940\u2013). A sz\u00e1szr\u00e9geni temet\u0151ben l\u00e9v\u0151 s\u00edreml\u00e9ke (1965) \u201eB\u201d kateg\u00f3ri\u00e1j\u00fa m\u0171eml\u00e9k. Eml\u00e9k\u00e9re a sz\u00e1szr\u00e9geni 6. sz. \u00e1ltal\u00e1nos iskola felvette a F. B. Gimn. nevet. \u2013 <strong>F. m.:<\/strong> Planul ora\u015fului Bucure\u015fti (1915); Harta rom\u00e2nilor de pretutindeni (Buc., 1940). <br \/><strong>Irod.:<\/strong> B\u00edr\u00f3 Don\u00e1t; Chiorean 2008; F\u0103r\u0103g\u0103u; Id\u0151t\u00e1r 3; GOJM ( 30. apr. 1926. 30.); Gazeta Reghinului ( 4, 1993, nr. 6\u20137; 5, 1994, nr. 12; 6, 1995, nr. 11; 7, 1996, nr. 3); Id\u0151t\u00e1r 4.; inf. L\u00e1szl\u00f3 M\u00e1rtont\u00f3l; Profiluri reghinene; Regh. cult. 2.; Reghin- ghid; Reghin, militari; Reghin \u015fi \u00eemprejurimi; Todea\u2013F\u00fcl\u00f6p\u2013Avram; Valori mure\u015fene de patrimoniu<\/br><\/p>\n","protected":false},"excerpt":{"rendered":"<p>Farag\u00f3, 1876. m\u00e1rc. 19., \u2020 Sz\u00e1szr\u00e9gen, 1965. nov. 9.: m\u00e9rn\u00f6k, politikus, prefektus. \u2013 Elemi iskol\u00e1t sz\u00f6l\u0151fal\u00faj\u00e1ban, gimn.-ot Mv.-en a r. k. (1887\u201392), Bal\u00e1zsfalv\u00e1n a g. kat. iskol\u00e1ban (1892\u201394) \u00e9s Nasz\u00f3don (1894\u201395) v\u00e9gzett. Az egyetemet a bp-i politechnik\u00e1n v\u00e9gezte (1899), m\u00e9rn\u00f6ki diplom\u00e1t nyert matematika, geod\u00e9zia, g\u00e9ptan, \u00e9p\u00edt\u00e9szet, \u00e9s topogr\u00e1fia szakokb\u00f3l. Dolgozott Debrecenben a v\u00edz\u00fcgyi hivataln\u00e1l, a [&hellip;]<\/p>\n","protected":false},"featured_media":0,"comment_status":"open","ping_status":"closed","template":"","meta":[],"product_brand":[],"product_cat":[137],"product_tag":[],"class_list":{"0":"post-5053","1":"product","2":"type-product","3":"status-publish","5":"product_cat-maros-megyei-eletrajzi-lexikon","7":"first","8":"instock","9":"shipping-taxable","10":"product-type-simple"},"_links":{"self":[{"href":"https:\/\/uj.adatbank.ro\/lexikon\/wp-json\/wp\/v2\/product\/5053","targetHints":{"allow":["GET"]}}],"collection":[{"href":"https:\/\/uj.adatbank.ro\/lexikon\/wp-json\/wp\/v2\/product"}],"about":[{"href":"https:\/\/uj.adatbank.ro\/lexikon\/wp-json\/wp\/v2\/types\/product"}],"replies":[{"embeddable":true,"href":"https:\/\/uj.adatbank.ro\/lexikon\/wp-json\/wp\/v2\/comments?post=5053"}],"wp:attachment":[{"href":"https:\/\/uj.adatbank.ro\/lexikon\/wp-json\/wp\/v2\/media?parent=5053"}],"wp:term":[{"taxonomy":"product_brand","embeddable":true,"href":"https:\/\/uj.adatbank.ro\/lexikon\/wp-json\/wp\/v2\/product_brand?post=5053"},{"taxonomy":"product_cat","embeddable":true,"href":"https:\/\/uj.adatbank.ro\/lexikon\/wp-json\/wp\/v2\/product_cat?post=5053"},{"taxonomy":"product_tag","embeddable":true,"href":"https:\/\/uj.adatbank.ro\/lexikon\/wp-json\/wp\/v2\/product_tag?post=5053"}],"curies":[{"name":"wp","href":"https:\/\/api.w.org\/{rel}","templated":true}]}}

BOGDAN Florea, § Florian Bogdan, Flóris Bogdan, Florea Bogdan

<p>Faragó, 1876. márc. 19., † Szászrégen, 1965. nov. 9.: mérnök, politikus, prefektus. – Elemi iskolát szölőfalújában, gimn.-ot Mv.-en a r. k. (1887–92), Balázsfalván a g. kat. iskolában (1892–94) és Naszódon (1894–95) végzett. Az egyetemet a bp-i politechnikán végezte (1899), mérnöki diplomát nyert matematika, geodézia, géptan, építészet, és topográfia szakokból. Dolgozott Debrecenben a vízügyi hivatalnál, a Balaton tó rendezésénél, a Sajó szabályozásánál. Katonai szolgálatot útászként Prágában teljesített. Gyulafehérváron kadétként a 12. útászosztagba került (1902–). A katonai szolgálat után irodát nyitott Szászrégenben, ahol le is telepedik (1902–). Teke képviselője (1906). Tagja volt a színház alapításra létrejött társaságnak, a Societatea pentru crearea unui fond de teatru român-nak (1910); megalapította a Cerbul-bankot (1912); az Astra örökös tagja (1912–), alapítótagja a Román Tanítók Egyesületének (Reuniunea Învăţătorilor Români, 1912), tevékenykedett az Osztrák-M. Monarchiába menekült Románok Nemzeti Tanácsában (Comitetul Naţional al Românilor Emigranţi din Austro-Ungaria, 1912). Az I. vh. kitörésekor alhadnagy a mv.-i 22. honvédezredben, majd hadnagy (1914. aug. 25. –). Galciában harcolt, ahol Lembergnél megsebesült. Felgyógyulása után a román vezérkar fordítóirodájába került, és a román hadsereg hadnagya lett (1915. jún. 30. –). Románia hadba lépése után szinte elsőnák állt át a román hadsereg oldalára, Borszéken kémirodát vezetett. A háború után bekapcsolódott a politikai életbe: Buk.-ben az erdélyi menekültek bizottságában tevékenykedett; részt vett a Határon túli románok kongresszusán (1915); beállt önkéntesként a román hadseregbe (1915). Tanulmányt közöl Desnaţionlizarea românilor ardeleni, sau politica agrară ungurească c. (1916); külön missziókat hajtott végre és harcolt Erdély felszabadításáért, a román nép egyesítéséért. Moldvába kényszerült menekülni, majd Szászrégen parlamenti képviselője lett az első egyesített román parlamentben (1919-ben). Létrehozta a Néppártot (Partidul poporului) (1920) Nevéhez fűződik Szászrégenben az első román líc. megindítása (1920), az első román könyvesbolt megnyitása, és román nyomda létesítése, itt nyomták a Glasul poporului (1923–31) c. lapot is, amelynek igazgató tulajdonosa volt. Maros megye prefektusa (1926. ápr. 16. – 1927. jan. 27.). Cikkeki a Glasul poporului-ban jelennek meg. Újból Buk.-ben volt (1940–). A szászrégeni temetőben lévő síremléke (1965) „B” kategóriájú műemlék. Emlékére a szászrégeni 6. sz. általános iskola felvette a F. B. Gimn. nevet. – <strong>F. m.:</strong> Planul oraşului Bucureşti (1915); Harta românilor de pretutindeni (Buc., 1940). <br /><strong>Irod.:</strong> Bíró Donát; Chiorean 2008; Fărăgău; Időtár 3; GOJM ( 30. apr. 1926. 30.); Gazeta Reghinului ( 4, 1993, nr. 6–7; 5, 1994, nr. 12; 6, 1995, nr. 11; 7, 1996, nr. 3); Időtár 4.; inf. László Mártontól; Profiluri reghinene; Regh. cult. 2.; Reghin- ghid; Reghin, militari; Reghin şi împrejurimi; Todea–Fülöp–Avram; Valori mureşene de patrimoniu</br></p>

<p>Faragó, 1876. márc. 19., † Szászrégen, 1965. nov. 9.: mérnök, politikus, prefektus. – Elemi iskolát szölőfalújában, gimn.-ot Mv.-en a r. k. (1887–92), Balázsfalván a g. kat. iskolában (1892–94) és Naszódon (1894–95) végzett. Az egyetemet a bp-i politechnikán végezte (1899), mérnöki diplomát nyert matematika, geodézia, géptan, építészet, és topográfia szakokból. Dolgozott Debrecenben a vízügyi hivatalnál, a [&hellip;]</p>
