{"id":5054,"date":"2025-06-28T17:01:39","date_gmt":"2025-06-28T15:01:39","guid":{"rendered":"https:\/\/uj.adatbank.ro\/lexikon\/termek\/bogdan-gyula\/"},"modified":"2025-06-28T17:01:39","modified_gmt":"2025-06-28T15:01:39","slug":"bogdan-gyula","status":"publish","type":"product","link":"https:\/\/uj.adatbank.ro\/lexikon\/termek\/bogdan-gyula\/","title":{"rendered":"BOGD\u00c1N Gyula"},"content":{"rendered":"<p>Mv., 1889. nov. 16., \u2020 Bp., 1953. m\u00e1rc.: ref. lelk\u00e9sz. \u2013 Mv.-en tanult, a teol\u00f3gi\u00e1t Bp.-en v\u00e9gezte, majd Edinburghban gyarap\u00edtotta tud\u00e1s\u00e1t (1913\u201314). Hazat\u00e9rve Mv.-en k\u00e1pl\u00e1n, majd Mez\u0151cs\u00e1v\u00e1son lelk\u00e9sz (1915\u201317); Bp.-en a Beth\u00e1nia Egylet orsz. titk\u00e1ra (1917\u201319), majd a Wekerle telep lelk\u00e9sze lett (1919\u2013). Itt \u00faj templomot \u00e9p\u00edttetett. <strong>Cikkei:<\/strong> Prot. Egyh. \u00e9s Iskola Lap, -ban. Megalap\u00edtotta \u00e9s 10 \u00e9ven \u00e1t szerkesztette az \u0150r\u00e1ll\u00f3 c. hetilapot. \u2013 <strong>F. m.:<\/strong> Keresztel\u00e9si eml\u00e9kk\u00f6nyv (Bp., 1913); A kereszty\u00e9n csal\u00e1d (Bp., 1918); Spencer\u00a0ut\u00e1n: A haldokl\u00f3 hitetlen (Bp., 1918, 1919); Az arat\u00e1s elm\u00falt. (Bp., 1919.); Egy napnak a csod\u00e1i a kommunizmus alatt (Bp., 1919, 1920); Kereszt\u00e9ny sz\u00f3zat a zsid\u00f3s\u00e1ghoz (Bp., 1919, 1920); T\u00f6rt\u00e9netek egy sz\u00fcks\u00e9ges dologr\u00f3l (Bp., 1919, 1923); Konfirm\u00e1ci\u00f3i eml\u00e9kk\u00f6nyv (Bp., 1923); T\u00f6rt\u00e9netek az egy sz\u00fcks\u00e9ges dologr\u00f3l. (Bp., 1923.); Leg\u00e1tus pr\u00e9dik\u00e1ci\u00f3k (Bp., 1924); A k\u00e1lvinista politika alapvonala (Bp., 1925.) Az adakoz\u00e1s lelk\u00e9nek nevel\u00e9se (Tahit\u00f3tfalu, 1926); Mit tehet a ref. egyh\u00e1z a munk\u00e1sok\u00e9rt\u00a0? (Bp., 1929); Gyapj\u00fasz\u00e1lak (Mez\u0151t\u00far, 1931); Hov\u00e1 visz utad\u00a0? (Bp., \u00e9. n.), el\u0151sz\u00f3: D\u00f6m\u00f6t\u00f6r Mih\u00e1ly: K\u00f6z\u00e9poszt\u00e1lyunk megment\u00e9se tan\u00fcgyi reformokkal (Cegl\u00e9d, 1938). <br \/><strong>Irod.:<\/strong> Guly\u00e1s; Szab\u00f3\u2013Simon\u2013Sz\u00f6gi; Zov\u00e1nyi<\/br><\/p>\n","protected":false},"excerpt":{"rendered":"<p>Mv., 1889. nov. 16., \u2020 Bp., 1953. m\u00e1rc.: ref. lelk\u00e9sz. \u2013 Mv.-en tanult, a teol\u00f3gi\u00e1t Bp.-en v\u00e9gezte, majd Edinburghban gyarap\u00edtotta tud\u00e1s\u00e1t (1913\u201314). Hazat\u00e9rve Mv.-en k\u00e1pl\u00e1n, majd Mez\u0151cs\u00e1v\u00e1son lelk\u00e9sz (1915\u201317); Bp.-en a Beth\u00e1nia Egylet orsz. titk\u00e1ra (1917\u201319), majd a Wekerle telep lelk\u00e9sze lett (1919\u2013). Itt \u00faj templomot \u00e9p\u00edttetett. Cikkei: Prot. Egyh. \u00e9s Iskola Lap, -ban. Megalap\u00edtotta [&hellip;]<\/p>\n","protected":false},"featured_media":0,"comment_status":"open","ping_status":"closed","template":"","meta":[],"product_brand":[],"product_cat":[137],"product_tag":[],"class_list":{"0":"post-5054","1":"product","2":"type-product","3":"status-publish","5":"product_cat-maros-megyei-eletrajzi-lexikon","7":"first","8":"instock","9":"shipping-taxable","10":"product-type-simple"},"_links":{"self":[{"href":"https:\/\/uj.adatbank.ro\/lexikon\/wp-json\/wp\/v2\/product\/5054","targetHints":{"allow":["GET"]}}],"collection":[{"href":"https:\/\/uj.adatbank.ro\/lexikon\/wp-json\/wp\/v2\/product"}],"about":[{"href":"https:\/\/uj.adatbank.ro\/lexikon\/wp-json\/wp\/v2\/types\/product"}],"replies":[{"embeddable":true,"href":"https:\/\/uj.adatbank.ro\/lexikon\/wp-json\/wp\/v2\/comments?post=5054"}],"wp:attachment":[{"href":"https:\/\/uj.adatbank.ro\/lexikon\/wp-json\/wp\/v2\/media?parent=5054"}],"wp:term":[{"taxonomy":"product_brand","embeddable":true,"href":"https:\/\/uj.adatbank.ro\/lexikon\/wp-json\/wp\/v2\/product_brand?post=5054"},{"taxonomy":"product_cat","embeddable":true,"href":"https:\/\/uj.adatbank.ro\/lexikon\/wp-json\/wp\/v2\/product_cat?post=5054"},{"taxonomy":"product_tag","embeddable":true,"href":"https:\/\/uj.adatbank.ro\/lexikon\/wp-json\/wp\/v2\/product_tag?post=5054"}],"curies":[{"name":"wp","href":"https:\/\/api.w.org\/{rel}","templated":true}]}}

BOGDÁN Gyula

<p>Mv., 1889. nov. 16., † Bp., 1953. márc.: ref. lelkész. – Mv.-en tanult, a teológiát Bp.-en végezte, majd Edinburghban gyarapította tudását (1913–14). Hazatérve Mv.-en káplán, majd Mezőcsáváson lelkész (1915–17); Bp.-en a Bethánia Egylet orsz. titkára (1917–19), majd a Wekerle telep lelkésze lett (1919–). Itt új templomot építtetett. <strong>Cikkei:</strong> Prot. Egyh. és Iskola Lap, -ban. Megalapította és 10 éven át szerkesztette az Őrálló c. hetilapot. – <strong>F. m.:</strong> Keresztelési emlékkönyv (Bp., 1913); A keresztyén család (Bp., 1918); Spencer után: A haldokló hitetlen (Bp., 1918, 1919); Az aratás elmúlt. (Bp., 1919.); Egy napnak a csodái a kommunizmus alatt (Bp., 1919, 1920); Keresztény szózat a zsidósághoz (Bp., 1919, 1920); Történetek egy szükséges dologról (Bp., 1919, 1923); Konfirmációi emlékkönyv (Bp., 1923); Történetek az egy szükséges dologról. (Bp., 1923.); Legátus prédikációk (Bp., 1924); A kálvinista politika alapvonala (Bp., 1925.) Az adakozás lelkének nevelése (Tahitótfalu, 1926); Mit tehet a ref. egyház a munkásokért ? (Bp., 1929); Gyapjúszálak (Mezőtúr, 1931); Hová visz utad ? (Bp., é. n.), előszó: Dömötör Mihály: Középosztályunk megmentése tanügyi reformokkal (Cegléd, 1938). <br /><strong>Irod.:</strong> Gulyás; Szabó–Simon–Szögi; Zoványi</br></p>

<p>Mv., 1889. nov. 16., † Bp., 1953. márc.: ref. lelkész. – Mv.-en tanult, a teológiát Bp.-en végezte, majd Edinburghban gyarapította tudását (1913–14). Hazatérve Mv.-en káplán, majd Mezőcsáváson lelkész (1915–17); Bp.-en a Bethánia Egylet orsz. titkára (1917–19), majd a Wekerle telep lelkésze lett (1919–). Itt új templomot építtetett. Cikkei: Prot. Egyh. és Iskola Lap, -ban. Megalapította [&hellip;]</p>
