{"id":5055,"date":"2025-06-28T17:01:41","date_gmt":"2025-06-28T15:01:41","guid":{"rendered":"https:\/\/uj.adatbank.ro\/lexikon\/termek\/bogdan-istvan-%c2%a7\/"},"modified":"2025-06-28T17:01:41","modified_gmt":"2025-06-28T15:01:41","slug":"bogdan-istvan-%c2%a7","status":"publish","type":"product","link":"https:\/\/uj.adatbank.ro\/lexikon\/termek\/bogdan-istvan-%c2%a7\/","title":{"rendered":"BOGD\u00c1N Istv\u00e1n, \u00a7"},"content":{"rendered":"<p>? \u2020\u00a0? : \u00fcgyv\u00e9d, k\u00e9pvisel\u0151. \u2013 R\u00e9szt vett az I. vh.-ban, mint t. f\u0151hadnagy, ez\u00fcst- \u00e9s bronz vit\u00e9zs\u00e9gi \u00e9s K\u00e1roly csapatkereszt kit\u00fcntetettje. \u00dcgyv\u00e9d Mv.-en. A MP int\u00e9z\u0151bizotts\u00e1g\u00e1nak tagja \u00e9s a N\u00e9pk\u00f6z\u00f6ss\u00e9g jogi tan\u00e1csad\u00f3ja. A Park Egylet \u00e9s a r. k. egyh\u00e1z jogtan\u00e1csosa, a sportegyes\u00fclet, a kasz\u00edn\u00f3 v\u00e1lasztm\u00e1nyi tagja (1932). A Kiz\u00e1r\u00f3lagoss\u00e1gi mozgalom idej\u00e9n (1937) az \u00f6sszes kamarai kisebbs\u00e9gi kart\u00e1rsak tejhatalm\u00fa megb\u00edzottja, a kart\u00e1rsak l\u00e9t\u00e9rdekeinek \u00e9s m\u0171k\u00f6d\u00e9si lehet\u0151s\u00e9geinek v\u00e9delm\u00e9re. A Nemzeti Munka K\u00f6zpont mv.-i szervezet\u00e9nek eln\u00f6ke (1940- ). K\u00f6zrem\u0171k\u0151d\u00e9s\u00e9vel kezdtek a mv.-i Cukorgy\u00e1r el\u00e9gedetlen munk\u00e1sai t\u00e1rgyal\u00e1sokat a gy\u00e1r vezet\u0151s\u00e9g\u00e9vel (1941. m\u00e1rc.). 17 pontb\u00f3l \u00e1ll\u00f3 szerz\u0151d\u00e9s-tervezetet ny\u00fajtottak be, amelyek munka- \u00e9s \u00e9letk\u00f6r\u00fclm\u00e9nyeik jav\u00edt\u00e1s\u00e1t szolg\u00e1lt\u00e1k volna. A t\u00e1rgyal\u00e1sok nem hoztak az alkalmazottaknak sok javul\u00e1st. Parlamenti k\u00e9pvisel\u0151 (1942). <br \/><strong>Irod.:<\/strong> Bi\u00e1s Istv\u00e1n; Ferenczi; Id\u0151t\u00e1r 3; Visnai<\/br><\/p>\n","protected":false},"excerpt":{"rendered":"<p>? \u2020\u00a0? : \u00fcgyv\u00e9d, k\u00e9pvisel\u0151. \u2013 R\u00e9szt vett az I. vh.-ban, mint t. f\u0151hadnagy, ez\u00fcst- \u00e9s bronz vit\u00e9zs\u00e9gi \u00e9s K\u00e1roly csapatkereszt kit\u00fcntetettje. \u00dcgyv\u00e9d Mv.-en. A MP int\u00e9z\u0151bizotts\u00e1g\u00e1nak tagja \u00e9s a N\u00e9pk\u00f6z\u00f6ss\u00e9g jogi tan\u00e1csad\u00f3ja. A Park Egylet \u00e9s a r. k. egyh\u00e1z jogtan\u00e1csosa, a sportegyes\u00fclet, a kasz\u00edn\u00f3 v\u00e1lasztm\u00e1nyi tagja (1932). A Kiz\u00e1r\u00f3lagoss\u00e1gi mozgalom idej\u00e9n (1937) az [&hellip;]<\/p>\n","protected":false},"featured_media":0,"comment_status":"open","ping_status":"closed","template":"","meta":[],"product_brand":[],"product_cat":[137],"product_tag":[],"class_list":{"0":"post-5055","1":"product","2":"type-product","3":"status-publish","5":"product_cat-maros-megyei-eletrajzi-lexikon","7":"first","8":"instock","9":"shipping-taxable","10":"product-type-simple"},"_links":{"self":[{"href":"https:\/\/uj.adatbank.ro\/lexikon\/wp-json\/wp\/v2\/product\/5055","targetHints":{"allow":["GET"]}}],"collection":[{"href":"https:\/\/uj.adatbank.ro\/lexikon\/wp-json\/wp\/v2\/product"}],"about":[{"href":"https:\/\/uj.adatbank.ro\/lexikon\/wp-json\/wp\/v2\/types\/product"}],"replies":[{"embeddable":true,"href":"https:\/\/uj.adatbank.ro\/lexikon\/wp-json\/wp\/v2\/comments?post=5055"}],"wp:attachment":[{"href":"https:\/\/uj.adatbank.ro\/lexikon\/wp-json\/wp\/v2\/media?parent=5055"}],"wp:term":[{"taxonomy":"product_brand","embeddable":true,"href":"https:\/\/uj.adatbank.ro\/lexikon\/wp-json\/wp\/v2\/product_brand?post=5055"},{"taxonomy":"product_cat","embeddable":true,"href":"https:\/\/uj.adatbank.ro\/lexikon\/wp-json\/wp\/v2\/product_cat?post=5055"},{"taxonomy":"product_tag","embeddable":true,"href":"https:\/\/uj.adatbank.ro\/lexikon\/wp-json\/wp\/v2\/product_tag?post=5055"}],"curies":[{"name":"wp","href":"https:\/\/api.w.org\/{rel}","templated":true}]}}

BOGDÁN István, §

<p>? † ? : ügyvéd, képviselő. – Részt vett az I. vh.-ban, mint t. főhadnagy, ezüst- és bronz vitézségi és Károly csapatkereszt kitüntetettje. Ügyvéd Mv.-en. A MP intézőbizottságának tagja és a Népközösség jogi tanácsadója. A Park Egylet és a r. k. egyház jogtanácsosa, a sportegyesület, a kaszínó választmányi tagja (1932). A Kizárólagossági mozgalom idején (1937) az összes kamarai kisebbségi kartársak tejhatalmú megbízottja, a kartársak létérdekeinek és működési lehetőségeinek védelmére. A Nemzeti Munka Központ mv.-i szervezetének elnöke (1940- ). Közreműkődésével kezdtek a mv.-i Cukorgyár elégedetlen munkásai tárgyalásokat a gyár vezetőségével (1941. márc.). 17 pontból álló szerződés-tervezetet nyújtottak be, amelyek munka- és életkörülményeik javítását szolgálták volna. A tárgyalások nem hoztak az alkalmazottaknak sok javulást. Parlamenti képviselő (1942). <br /><strong>Irod.:</strong> Biás István; Ferenczi; Időtár 3; Visnai</br></p>

<p>? † ? : ügyvéd, képviselő. – Részt vett az I. vh.-ban, mint t. főhadnagy, ezüst- és bronz vitézségi és Károly csapatkereszt kitüntetettje. Ügyvéd Mv.-en. A MP intézőbizottságának tagja és a Népközösség jogi tanácsadója. A Park Egylet és a r. k. egyház jogtanácsosa, a sportegyesület, a kaszínó választmányi tagja (1932). A Kizárólagossági mozgalom idején (1937) az [&hellip;]</p>
